{"id":98,"date":"2019-05-11T14:11:18","date_gmt":"2019-05-11T14:11:18","guid":{"rendered":"https:\/\/outsiderland.com\/philo\/?page_id=98"},"modified":"2019-05-11T14:12:09","modified_gmt":"2019-05-11T14:12:09","slug":"penser-le-contemporain-zoopolis-imaginer-une-cite-commune-pour-les-animaux-et-les-humains","status":"publish","type":"page","link":"https:\/\/outsiderland.com\/philo\/ateliers-penser-le-contemporain\/penser-le-contemporain-zoopolis-imaginer-une-cite-commune-pour-les-animaux-et-les-humains\/","title":{"rendered":"Penser le contemporain : Zoopolis, imaginer une cit\u00e9 commune pour les animaux et les humains"},"content":{"rendered":"<p style=\"text-align: center;\"><strong><em>Zoopolis<\/em> ou \u00ab Des animaux et des hommes : imaginer une cit\u00e9 commune \u00bb ou encore : \u00ab Comment vivre (mieux) avec les animaux ? \u00bb<\/strong><\/p>\n<p>&nbsp;<\/p>\n<p>Depuis les premiers hominid\u00e9s, la pr\u00e9sence des animaux dans l\u2019environnement est une constante de l\u2019existence humaine. Les soci\u00e9t\u00e9s humaines et de nombreuses esp\u00e8ces animales vivent en co-d\u00e9pendance, souvent vitale, pour le meilleur et pour le pire. Et, depuis l\u2019art pari\u00e9tal jusqu\u2019aux tous premiers syst\u00e8mes religieux et mythologiques, la figure animale est omnipr\u00e9sente dans les productions culturelles.<\/p>\n<p>Dans le monde occidental contemporain, cette co-existence est toutefois devenue probl\u00e9matique \u00e0 plus d\u2019un titre : on conna\u00eet les revendications concernant le bien-\u00eatre animal et celles, plus radicales, d\u00e9non\u00e7ant toute forme d\u2019exploitation des animaux. Le retour des grands pr\u00e9dateurs sur le territoire fran\u00e7ais suscite des d\u00e9bats sans fin, et certains en appellent sans sourciller \u00e0 l\u2019\u00e9radication du loup. Le fait le plus pr\u00e9occupant, cependant, reste sans conteste la diminution extraordinaire de la biodiversit\u00e9, qui menace de disparition un nombre consid\u00e9rable d\u2019esp\u00e8ces vivantes (sans lesquelles l\u2019humanit\u00e9 d\u2019ailleurs ne saurait survivre).<\/p>\n<p>Dans ce contexte sinistre, je vous propose de d\u00e9couvrir et commenter un texte paru au d\u00e9but de la d\u00e9cennie, r\u00e9dig\u00e9 par les philosophes canadiens Will Kymlicka et Sue Donaldson : <em>Zoopolis, Une th\u00e9orie politique des droits des animaux<\/em> (r\u00e9cemment traduit en fran\u00e7ais). Il s\u2019agit l\u00e0 d\u2019un ouvrage tr\u00e8s important qui permet de repenser \u00e0 nouveaux frais et de mani\u00e8re tr\u00e8s originale nos relations aux animaux. Comment pourrions-nous faire entrer les animaux en politique, c\u2019est-\u00e0-dire leur accorder une place dans nos d\u00e9bats sur l\u2019am\u00e9nagement des territoires, au sein de la vie civile et citoyenne ? Comment imaginer les fondations d\u2019une future \u00ab zoopolitis \u00bb, incluant humains et non-humains ?<\/p>\n<p>\u00c0 lire sur ce sujet quelques r\u00e9flexions publi\u00e9es sur mon blog \u00ab dehors \u00bb :<\/p>\n<p>En quel sens la perspective (anthropo-)zoopolitique est-elle novatrice ? https:\/\/outsiderland.com\/dehors\/?p=1595<\/p>\n<p>Le droit d\u2019habiter quelque part pour les animaux https:\/\/outsiderland.com\/dehors\/?p=1603<\/p>\n<p>\u00c9cologie-fiction : rendre le sauvage invisible https:\/\/outsiderland.com\/dehors\/?p=1197<\/p>\n","protected":false},"excerpt":{"rendered":"<p>Zoopolis ou \u00ab Des animaux et des hommes : imaginer une cit\u00e9 commune \u00bb ou encore : \u00ab Comment vivre (mieux) avec les animaux ? \u00bb &nbsp; Depuis les premiers hominid\u00e9s, la pr\u00e9sence des animaux dans l\u2019environnement est une constante de l\u2019existence humaine. Les soci\u00e9t\u00e9s humaines et de nombreuses esp\u00e8ces animales vivent en co-d\u00e9pendance, souvent [&hellip;]<\/p>\n","protected":false},"author":2,"featured_media":0,"parent":17,"menu_order":0,"comment_status":"closed","ping_status":"closed","template":"","meta":[],"_links":{"self":[{"href":"https:\/\/outsiderland.com\/philo\/wp-json\/wp\/v2\/pages\/98"}],"collection":[{"href":"https:\/\/outsiderland.com\/philo\/wp-json\/wp\/v2\/pages"}],"about":[{"href":"https:\/\/outsiderland.com\/philo\/wp-json\/wp\/v2\/types\/page"}],"author":[{"embeddable":true,"href":"https:\/\/outsiderland.com\/philo\/wp-json\/wp\/v2\/users\/2"}],"replies":[{"embeddable":true,"href":"https:\/\/outsiderland.com\/philo\/wp-json\/wp\/v2\/comments?post=98"}],"version-history":[{"count":1,"href":"https:\/\/outsiderland.com\/philo\/wp-json\/wp\/v2\/pages\/98\/revisions"}],"predecessor-version":[{"id":99,"href":"https:\/\/outsiderland.com\/philo\/wp-json\/wp\/v2\/pages\/98\/revisions\/99"}],"up":[{"embeddable":true,"href":"https:\/\/outsiderland.com\/philo\/wp-json\/wp\/v2\/pages\/17"}],"wp:attachment":[{"href":"https:\/\/outsiderland.com\/philo\/wp-json\/wp\/v2\/media?parent=98"}],"curies":[{"name":"wp","href":"https:\/\/api.w.org\/{rel}","templated":true}]}}