{"id":13,"date":"2019-04-25T13:07:45","date_gmt":"2019-04-25T13:07:45","guid":{"rendered":"https:\/\/outsiderland.com\/philo\/?page_id=13"},"modified":"2019-05-01T18:32:29","modified_gmt":"2019-05-01T18:32:29","slug":"evenements-passes-2015-2018","status":"publish","type":"page","link":"https:\/\/outsiderland.com\/philo\/evenements-passes-2015-2018\/","title":{"rendered":"ANIMATIONS ET CONF\u00c9RENCES PASS\u00c9ES (2015-2018)"},"content":{"rendered":"<p>Dans le Cantal, o\u00f9 j&#8217;ai eu plaisir \u00e0 vivre durant une quinzaine d&#8217;ann\u00e9es, il m&#8217;est arriv\u00e9 \u00e0 plusieurs reprises de donner des conf\u00e9rences sur le territoire. Entre 2015 et 2019, j&#8217;animais un foyer nordique (le Ch\u00e9) sur la commune de Valu\u00e9jols.<\/p>\n<p>&nbsp;<\/p>\n<p class=\"western\">2018\u00a0: <em>La Tourmente<\/em>, lecture musicale et performance improvis\u00e9e<\/p>\n<p class=\"western\">2018 : \u00ab Repeupler les paysages \u00bb (conf\u00e9rence dans le cadre du \u00ab Plan Paysage \u00bb, Pays de Saint Flour)<\/p>\n<p class=\"western\">2017\u00a0: Cin\u00e9-philo\u00a0: <i>L\u2019Arbre, le Maire et la M\u00e9diath\u00e8que<\/i>, de \u00c9ric Rohmer (Cine-Club Saint-Flour)<\/p>\n<p class=\"western\">2016\u00a0: Cin\u00e9philo\u00a0: <i>Frozen River<\/i>, de Courtney Hunt (Cine-Club Saint-Flour)<\/p>\n<p class=\"western\">2016 : \u00ab Des animaux et des hommes : imaginer une cit\u00e9 commune \u00bb ou : \u00ab Comment vivre (mieux) avec les animaux ? \u00bb (Aurillac puis Valu\u00e9jols)<\/p>\n<p class=\"western\">2016 : \u00ab Le droit aux paysages : Une question de justice environnementale \u00bb (Saint-Flour)<\/p>\n<p>2016 : Animation de tables rondes autour de l&#8217;alimentation et l&#8217;agriculture paysanne (Aurillac)<\/p>\n<p class=\"western\">2015 : \u00ab L\u2019avenir des Ruralit\u00e9s \u00bb (Valu\u00e9jols)<\/p>\n<p>2015 : \u00ab Une approche psychanalytique de l&#8217;amour \u00bb (Lyc\u00e9e de la Haute-Auvergne, Saint Flour)<\/p>\n<p>&nbsp;<\/p>\n<p class=\"western\">Sans oublier tous les invit\u00e9s\u00a0: l\u2019historienne de l\u2019art Pascale Moulier, l\u2019anthropologue Martin de la Soudi\u00e8re, le m\u00e9t\u00e9r\u00e9ologue Alexandre Letort, l\u2019historien Pierre-Jean Alric, le naturaliste Matthias Daub, des gens du pays, Michel Decroix et Roger Delcros, le m\u00e9decin Pierre Delort, Et les concerts et expositions organis\u00e9es chaque ann\u00e9e.<\/p>\n","protected":false},"excerpt":{"rendered":"<p>Dans le Cantal, o\u00f9 j&#8217;ai eu plaisir \u00e0 vivre durant une quinzaine d&#8217;ann\u00e9es, il m&#8217;est arriv\u00e9 \u00e0 plusieurs reprises de donner des conf\u00e9rences sur le territoire. Entre 2015 et 2019, j&#8217;animais un foyer nordique (le Ch\u00e9) sur la commune de Valu\u00e9jols. &nbsp; 2018\u00a0: La Tourmente, lecture musicale et performance improvis\u00e9e 2018 : \u00ab Repeupler les [&hellip;]<\/p>\n","protected":false},"author":1,"featured_media":0,"parent":0,"menu_order":0,"comment_status":"closed","ping_status":"closed","template":"","meta":[],"_links":{"self":[{"href":"https:\/\/outsiderland.com\/philo\/wp-json\/wp\/v2\/pages\/13"}],"collection":[{"href":"https:\/\/outsiderland.com\/philo\/wp-json\/wp\/v2\/pages"}],"about":[{"href":"https:\/\/outsiderland.com\/philo\/wp-json\/wp\/v2\/types\/page"}],"author":[{"embeddable":true,"href":"https:\/\/outsiderland.com\/philo\/wp-json\/wp\/v2\/users\/1"}],"replies":[{"embeddable":true,"href":"https:\/\/outsiderland.com\/philo\/wp-json\/wp\/v2\/comments?post=13"}],"version-history":[{"count":2,"href":"https:\/\/outsiderland.com\/philo\/wp-json\/wp\/v2\/pages\/13\/revisions"}],"predecessor-version":[{"id":44,"href":"https:\/\/outsiderland.com\/philo\/wp-json\/wp\/v2\/pages\/13\/revisions\/44"}],"wp:attachment":[{"href":"https:\/\/outsiderland.com\/philo\/wp-json\/wp\/v2\/media?parent=13"}],"curies":[{"name":"wp","href":"https:\/\/api.w.org\/{rel}","templated":true}]}}