{"id":9,"date":"2014-01-28T16:58:05","date_gmt":"2014-01-28T16:58:05","guid":{"rendered":"https:\/\/outsiderland.com\/modele-mairie\/?page_id=7"},"modified":"2019-05-14T17:27:30","modified_gmt":"2019-05-14T17:27:30","slug":"la-mairie","status":"publish","type":"page","link":"https:\/\/outsiderland.com\/paulhac\/?page_id=9","title":{"rendered":"La Mairie"},"content":{"rendered":"<p>La mairie<\/p>\n<p>La mairie est ouverte au public du lundi au vendredi de 10h00 \u00e0 12h00, t\u00e9l\u00e9phone : 04 71 73 32 35<\/p>\n<p>E-mail : <a title=\"envoyer un message \u00e9lectronique\" href=\"mailto:communepaulhac@orange.fr\">communepaulhac@orange.fr<\/a><\/p>\n","protected":false},"excerpt":{"rendered":"<p>La mairie La mairie est ouverte au public du lundi au vendredi de 10h00 \u00e0 12h00, t\u00e9l\u00e9phone : 04 71 73 32 35 E-mail : communepaulhac@orange.fr<\/p>\n","protected":false},"author":1,"featured_media":0,"parent":0,"menu_order":0,"comment_status":"closed","ping_status":"closed","template":"template-onecolumn.php","meta":[],"_links":{"self":[{"href":"https:\/\/outsiderland.com\/paulhac\/index.php?rest_route=\/wp\/v2\/pages\/9"}],"collection":[{"href":"https:\/\/outsiderland.com\/paulhac\/index.php?rest_route=\/wp\/v2\/pages"}],"about":[{"href":"https:\/\/outsiderland.com\/paulhac\/index.php?rest_route=\/wp\/v2\/types\/page"}],"author":[{"embeddable":true,"href":"https:\/\/outsiderland.com\/paulhac\/index.php?rest_route=\/wp\/v2\/users\/1"}],"replies":[{"embeddable":true,"href":"https:\/\/outsiderland.com\/paulhac\/index.php?rest_route=%2Fwp%2Fv2%2Fcomments&post=9"}],"version-history":[{"count":1,"href":"https:\/\/outsiderland.com\/paulhac\/index.php?rest_route=\/wp\/v2\/pages\/9\/revisions"}],"predecessor-version":[{"id":1384,"href":"https:\/\/outsiderland.com\/paulhac\/index.php?rest_route=\/wp\/v2\/pages\/9\/revisions\/1384"}],"wp:attachment":[{"href":"https:\/\/outsiderland.com\/paulhac\/index.php?rest_route=%2Fwp%2Fv2%2Fmedia&parent=9"}],"curies":[{"name":"wp","href":"https:\/\/api.w.org\/{rel}","templated":true}]}}