{"id":843,"date":"2014-11-02T17:01:04","date_gmt":"2014-11-02T17:01:04","guid":{"rendered":"https:\/\/outsiderland.com\/albepierre-bredons\/?page_id=843"},"modified":"2020-08-04T18:57:12","modified_gmt":"2020-08-04T18:57:12","slug":"les-parcours-de-randonnee","status":"publish","type":"page","link":"https:\/\/outsiderland.com\/paulhac\/?page_id=843","title":{"rendered":"Les parcours de randonn\u00e9e"},"content":{"rendered":"<h2>GR de Pays de Saint-Flour<\/h2>\n<p>L&rsquo;itin\u00e9raire de Grande Randonn\u00e9e des Pays de Saint-Flour permet de parcourir plusieurs boucles autour de la capitale de la Plan\u00e8ze et de la Margeride et traverse la commune de Paulhac. La grande boucle traverse du sud au nord&nbsp; la narse de Lascols depuis Cussac, le Puy de Mercou et remonte en direction du bois des Fraux par les estives. Notez qu&rsquo;une variante arrive de Tanavelle depuis Saint-Flour.<\/p>\n<div id=\"attachment_1027\" style=\"width: 510px\" class=\"wp-caption alignnone\"><a href=\"https:\/\/outsiderland.com\/paulhac\/wp-content\/uploads\/2015\/05\/Rando-sauvages.jpg\"><img aria-describedby=\"caption-attachment-1027\" decoding=\"async\" loading=\"lazy\" class=\"wp-image-1027 size-medium\" src=\"https:\/\/outsiderland.com\/paulhac\/wp-content\/uploads\/2015\/05\/Rando-sauvages-500x375.jpg\" alt=\"Rando-sauvages\" width=\"500\" height=\"375\" srcset=\"https:\/\/outsiderland.com\/paulhac\/wp-content\/uploads\/2015\/05\/Rando-sauvages-500x375.jpg 500w, https:\/\/outsiderland.com\/paulhac\/wp-content\/uploads\/2015\/05\/Rando-sauvages-1024x768.jpg 1024w, https:\/\/outsiderland.com\/paulhac\/wp-content\/uploads\/2015\/05\/Rando-sauvages-200x150.jpg 200w, https:\/\/outsiderland.com\/paulhac\/wp-content\/uploads\/2015\/05\/Rando-sauvages-150x113.jpg 150w\" sizes=\"(max-width: 500px) 100vw, 500px\" \/><\/a><p id=\"caption-attachment-1027\" class=\"wp-caption-text\">Le GR des Pays de Saint-Flour \u00e0 Sauvages<\/p><\/div>\n<p><\/p>\n<p>Cet itin\u00e9raire important est li\u00e9 au GR4 qui traverse la France de la M\u00e9diterran\u00e9e \u00e0 l&rsquo;Atlantique et au GR400 qui permet d&rsquo;explorer le massif cantalien. Un Topoguide offre un panorama complet des parcours possibles :<\/p>\n<p><a href=\"http:\/\/rando.cantal.fr\/index.php?Theme=402&amp;Publi=2180\" target=\"_blank\" rel=\"noopener noreferrer\"><img decoding=\"async\" loading=\"lazy\" class=\"alignnone size-medium wp-image-1199\" src=\"https:\/\/outsiderland.com\/paulhac\/wp-content\/uploads\/2014\/11\/Capture-d\u00e9cran-10092015-153957-500x248.png\" alt=\"Capture d'\u00e9cran - 10092015 - 15:39:57\" width=\"500\" height=\"248\" srcset=\"https:\/\/outsiderland.com\/paulhac\/wp-content\/uploads\/2014\/11\/Capture-d\u00e9cran-10092015-153957-500x248.png 500w, https:\/\/outsiderland.com\/paulhac\/wp-content\/uploads\/2014\/11\/Capture-d\u00e9cran-10092015-153957-250x124.png 250w, https:\/\/outsiderland.com\/paulhac\/wp-content\/uploads\/2014\/11\/Capture-d\u00e9cran-10092015-153957-150x74.png 150w, https:\/\/outsiderland.com\/paulhac\/wp-content\/uploads\/2014\/11\/Capture-d\u00e9cran-10092015-153957.png 852w\" sizes=\"(max-width: 500px) 100vw, 500px\" \/><\/a><\/p>\n<hr>\n<h2>Les Sentiers de Randonn\u00e9e p\u00e9destres et VTT sur la commune<\/h2>\n<p>La Municipalit\u00e9 de Paulhac am\u00e9nager et entretient de nombreux sentiers et chemins sur la commune. N&rsquo;h\u00e9sitez pas \u00e0 prendre contact avec la Mairie (04 71 73 32 35) pour plus d&rsquo;informations.<\/p>\n<p><a href=\"https:\/\/outsiderland.com\/paulhac\/wp-content\/uploads\/2015\/05\/rando-narsedelascols.jpg\"><img decoding=\"async\" class=\"alignnone size-large wp-image-1026\" src=\"https:\/\/outsiderland.com\/paulhac\/wp-content\/uploads\/2015\/05\/rando-narsedelascols-1024x768.jpg\" alt=\"rando-narsedelascols\" width=\"600\" srcset=\"https:\/\/outsiderland.com\/paulhac\/wp-content\/uploads\/2015\/05\/rando-narsedelascols-1024x768.jpg 1024w, https:\/\/outsiderland.com\/paulhac\/wp-content\/uploads\/2015\/05\/rando-narsedelascols-500x375.jpg 500w, https:\/\/outsiderland.com\/paulhac\/wp-content\/uploads\/2015\/05\/rando-narsedelascols-200x150.jpg 200w, https:\/\/outsiderland.com\/paulhac\/wp-content\/uploads\/2015\/05\/rando-narsedelascols-150x113.jpg 150w\" sizes=\"(max-width: 1024px) 100vw, 1024px\" \/><\/a><\/p>\n<h2>Circuits VTT<\/h2>\n<p>Les adeptes du V\u00e9lo Tout Terrain pourront s&rsquo;adonner aux joies de la randonn\u00e9e sur les chemins de la Plan\u00e8ze gr\u00e2ce aux circuits&nbsp;propos\u00e9s par le<a href=\"http:\/\/www.veloclubdelaplaneze.fr\/-Le-Club-.html\" target=\"_blank\" rel=\"noopener noreferrer\"> V\u00e9lo Club de la Plan\u00e8ze<\/a> dont le si\u00e8ge social se trouve \u00e0 Ussel. On trouvera \u00e9galement de nombreux itin\u00e9raires accessibles en VTT sur le site de l&rsquo;association <a href=\"https:\/\/outsiderland.com\/loisirs-nature-paulhac\/?page_id=8\" target=\"_blank\" rel=\"noopener noreferrer\">Loisirs Nature Paulhac<\/a>.<\/p>\n\n\n<div class=\"wp-block-image\"><figure class=\"aligncenter\"><img decoding=\"async\" loading=\"lazy\" width=\"551\" height=\"766\" src=\"https:\/\/outsiderland.com\/paulhac\/wp-content\/uploads\/2020\/08\/topoguide2020.png\" alt=\"\" class=\"wp-image-2915\" srcset=\"https:\/\/outsiderland.com\/paulhac\/wp-content\/uploads\/2020\/08\/topoguide2020.png 551w, https:\/\/outsiderland.com\/paulhac\/wp-content\/uploads\/2020\/08\/topoguide2020-360x500.png 360w\" sizes=\"(max-width: 551px) 100vw, 551px\" \/><figcaption>Topo-guide 2020<\/figcaption><\/figure><\/div>\n\n\n\n<div class=\"wp-block-file aligncenter\"><a href=\"https:\/\/outsiderland.com\/paulhac\/wp-content\/uploads\/2020\/08\/Topo-guide-Paulhac-2020.pdf\" class=\"wp-block-file__button\" download>T\u00e9l\u00e9charger<\/a><\/div>\n","protected":false},"excerpt":{"rendered":"<p>GR de Pays de Saint-Flour L&rsquo;itin\u00e9raire de Grande Randonn\u00e9e des Pays de Saint-Flour permet de parcourir plusieurs boucles autour de la capitale de la Plan\u00e8ze et de la Margeride et traverse la commune de Paulhac. La grande boucle traverse du sud au nord&nbsp; la narse de Lascols depuis Cussac, le Puy de Mercou et remonte &hellip; <\/p>\n<p><a class=\"more-link block-button\" href=\"https:\/\/outsiderland.com\/paulhac\/?page_id=843\">Continuer \u00e0 lire &raquo;<\/a><\/p>\n","protected":false},"author":1,"featured_media":0,"parent":375,"menu_order":0,"comment_status":"open","ping_status":"closed","template":"template-onecolumn.php","meta":[],"_links":{"self":[{"href":"https:\/\/outsiderland.com\/paulhac\/index.php?rest_route=\/wp\/v2\/pages\/843"}],"collection":[{"href":"https:\/\/outsiderland.com\/paulhac\/index.php?rest_route=\/wp\/v2\/pages"}],"about":[{"href":"https:\/\/outsiderland.com\/paulhac\/index.php?rest_route=\/wp\/v2\/types\/page"}],"author":[{"embeddable":true,"href":"https:\/\/outsiderland.com\/paulhac\/index.php?rest_route=\/wp\/v2\/users\/1"}],"replies":[{"embeddable":true,"href":"https:\/\/outsiderland.com\/paulhac\/index.php?rest_route=%2Fwp%2Fv2%2Fcomments&post=843"}],"version-history":[{"count":9,"href":"https:\/\/outsiderland.com\/paulhac\/index.php?rest_route=\/wp\/v2\/pages\/843\/revisions"}],"predecessor-version":[{"id":2918,"href":"https:\/\/outsiderland.com\/paulhac\/index.php?rest_route=\/wp\/v2\/pages\/843\/revisions\/2918"}],"up":[{"embeddable":true,"href":"https:\/\/outsiderland.com\/paulhac\/index.php?rest_route=\/wp\/v2\/pages\/375"}],"wp:attachment":[{"href":"https:\/\/outsiderland.com\/paulhac\/index.php?rest_route=%2Fwp%2Fv2%2Fmedia&parent=843"}],"curies":[{"name":"wp","href":"https:\/\/api.w.org\/{rel}","templated":true}]}}