{"id":8,"date":"2014-01-28T16:56:29","date_gmt":"2014-01-28T16:56:29","guid":{"rendered":"https:\/\/outsiderland.com\/modele-mairie\/?page_id=5"},"modified":"2019-05-14T17:31:26","modified_gmt":"2019-05-14T17:31:26","slug":"decouvrir-valuejols","status":"publish","type":"page","link":"https:\/\/outsiderland.com\/paulhac\/?page_id=8","title":{"rendered":"D\u00e9couvrir Paulhac"},"content":{"rendered":"<p>Paulhac b\u00e9n\u00e9ficie d\u2019un site exceptionnel au c\u0153ur du massif des monts du Cantal, \u00e0 plus de 1000 m d\u2019altitude.<\/p>\n<p>La commune en quelques chiffres :<\/p>\n<p>&#8211; 464 habitants<br \/>\n&#8211; 4692 hectares<br \/>\n&#8211; 29 villages situ\u00e9s entre 991 et 1485 m d\u2019altitude<br \/>\n&#8211; 1 bourg avec les principaux services et commerces<br \/>\n&#8211; des infrastructures pour vos vacances : g\u00eetes,<br \/>\nbar-restaurant, h\u00f4tel-restaurant, centre d\u2019accueil-g\u00eete d\u2019\u00e9tape<\/p>\n<p>La commune fait partie de la Communaut\u00e9 de communes des pays de Saint-Flour.<\/p>\n","protected":false},"excerpt":{"rendered":"<p>Paulhac b\u00e9n\u00e9ficie d\u2019un site exceptionnel au c\u0153ur du massif des monts du Cantal, \u00e0 plus de 1000 m d\u2019altitude. La commune en quelques chiffres : &#8211; 464 habitants &#8211; 4692 hectares &#8211; 29 villages situ\u00e9s entre 991 et 1485 m d\u2019altitude &#8211; 1 bourg avec les principaux services et commerces &#8211; des infrastructures pour vos &hellip; <\/p>\n<p><a class=\"more-link block-button\" href=\"https:\/\/outsiderland.com\/paulhac\/?page_id=8\">Continuer \u00e0 lire &raquo;<\/a><\/p>\n","protected":false},"author":1,"featured_media":0,"parent":0,"menu_order":0,"comment_status":"closed","ping_status":"closed","template":"template-onecolumn.php","meta":[],"_links":{"self":[{"href":"https:\/\/outsiderland.com\/paulhac\/index.php?rest_route=\/wp\/v2\/pages\/8"}],"collection":[{"href":"https:\/\/outsiderland.com\/paulhac\/index.php?rest_route=\/wp\/v2\/pages"}],"about":[{"href":"https:\/\/outsiderland.com\/paulhac\/index.php?rest_route=\/wp\/v2\/types\/page"}],"author":[{"embeddable":true,"href":"https:\/\/outsiderland.com\/paulhac\/index.php?rest_route=\/wp\/v2\/users\/1"}],"replies":[{"embeddable":true,"href":"https:\/\/outsiderland.com\/paulhac\/index.php?rest_route=%2Fwp%2Fv2%2Fcomments&post=8"}],"version-history":[{"count":3,"href":"https:\/\/outsiderland.com\/paulhac\/index.php?rest_route=\/wp\/v2\/pages\/8\/revisions"}],"predecessor-version":[{"id":1387,"href":"https:\/\/outsiderland.com\/paulhac\/index.php?rest_route=\/wp\/v2\/pages\/8\/revisions\/1387"}],"wp:attachment":[{"href":"https:\/\/outsiderland.com\/paulhac\/index.php?rest_route=%2Fwp%2Fv2%2Fmedia&parent=8"}],"curies":[{"name":"wp","href":"https:\/\/api.w.org\/{rel}","templated":true}]}}