{"id":1257,"date":"2015-09-25T07:46:18","date_gmt":"2015-09-25T07:46:18","guid":{"rendered":"https:\/\/outsiderland.com\/paulhac\/?page_id=1257"},"modified":"2019-05-14T17:32:13","modified_gmt":"2019-05-14T17:32:13","slug":"quelques-personnalites-de-la-commune","status":"publish","type":"page","link":"https:\/\/outsiderland.com\/paulhac\/?page_id=1257","title":{"rendered":"Quelques personnalit\u00e9s de la commune"},"content":{"rendered":"<div>\n<h2>L&rsquo;ORCHESTRE CLAPIER<\/h2>\n<p>Durant pr\u00e8s de trente ans, l&rsquo;orchestre Clapier, qui a d\u00e9but\u00e9 sa carri\u00e8re \u00e0 Paulhac, a fait danser les cantaliens. Pierre Bonte, leur a consacr\u00e9 un reportage de sa fameuse s\u00e9quence consacr\u00e9e au terroir, diffus\u00e9e dans l&rsquo;\u00e9mission mythique de Jacques Martin,<em> La Lorgnette<\/em> en 1976<em>.<\/em><\/p>\n<p>Le journal <em>La Montagne<\/em> a cr\u00e9\u00e9 en hommage \u00e0 cette famille de musiciens remarquable un webdoc qu&rsquo;on pourra explorer sur le net :<\/p>\n<p><a href=\"https:\/\/social.shorthand.com\/lamontagne_fr\/3gCLzyEJWY\/1968-2000-les-annees-clapier\" target=\"_blank\" rel=\"noopener noreferrer\"><img decoding=\"async\" loading=\"lazy\" class=\"size-medium wp-image-1492 aligncenter\" src=\"https:\/\/outsiderland.com\/paulhac\/wp-content\/uploads\/2015\/09\/Capture-d\u2019\u00e9cran_2016-02-06_20-56-01-500x228.png\" alt=\"Capture d\u2019\u00e9cran_2016-02-06_20-56-01\" width=\"500\" height=\"228\" srcset=\"https:\/\/outsiderland.com\/paulhac\/wp-content\/uploads\/2015\/09\/Capture-d\u2019\u00e9cran_2016-02-06_20-56-01-500x228.png 500w, https:\/\/outsiderland.com\/paulhac\/wp-content\/uploads\/2015\/09\/Capture-d\u2019\u00e9cran_2016-02-06_20-56-01-768x350.png 768w, https:\/\/outsiderland.com\/paulhac\/wp-content\/uploads\/2015\/09\/Capture-d\u2019\u00e9cran_2016-02-06_20-56-01-1024x466.png 1024w, https:\/\/outsiderland.com\/paulhac\/wp-content\/uploads\/2015\/09\/Capture-d\u2019\u00e9cran_2016-02-06_20-56-01.png 1309w\" sizes=\"(max-width: 500px) 100vw, 500px\" \/><\/a><\/p>\n<p>&nbsp;<\/p>\n<h2>ODILE FIX<\/h2>\n<p>Artiste, po\u00e8te, \u00e9ditrice et cr\u00e9atrice d&rsquo;ouvrages \u00e9tonnants, laissant une large place aux mati\u00e8res et aux ressources naturelles, Odile Fix vit \u00e0 B\u00e9linay dans la vall\u00e9e de l&rsquo;\u00c9pie.<\/p>\n<p><a href=\"http:\/\/editionslefrau.blogspot.fr\/\" target=\"_blank\" rel=\"noopener noreferrer\"><img decoding=\"async\" loading=\"lazy\" class=\"alignnone size-medium wp-image-1260\" src=\"https:\/\/outsiderland.com\/paulhac\/wp-content\/uploads\/2015\/09\/Capture-d\u00e9cran-25092015-094841-500x377.png\" alt=\"Les \u00c9DITIONS DU FRAU\" width=\"500\" height=\"377\" srcset=\"https:\/\/outsiderland.com\/paulhac\/wp-content\/uploads\/2015\/09\/Capture-d\u00e9cran-25092015-094841-500x377.png 500w, https:\/\/outsiderland.com\/paulhac\/wp-content\/uploads\/2015\/09\/Capture-d\u00e9cran-25092015-094841-199x150.png 199w, https:\/\/outsiderland.com\/paulhac\/wp-content\/uploads\/2015\/09\/Capture-d\u00e9cran-25092015-094841-150x113.png 150w, https:\/\/outsiderland.com\/paulhac\/wp-content\/uploads\/2015\/09\/Capture-d\u00e9cran-25092015-094841.png 685w\" sizes=\"(max-width: 500px) 100vw, 500px\" \/><\/a><\/p>\n<p><a href=\"http:\/\/odilefix.blogspot.fr\/\" target=\"_blank\" rel=\"noopener noreferrer\"><img decoding=\"async\" loading=\"lazy\" class=\"alignnone size-medium wp-image-1261\" src=\"https:\/\/outsiderland.com\/paulhac\/wp-content\/uploads\/2015\/09\/Capture-d\u00e9cran-25092015-094652-500x220.png\" alt=\"PIERRE D'INCERTITUDE \" width=\"500\" height=\"220\" srcset=\"https:\/\/outsiderland.com\/paulhac\/wp-content\/uploads\/2015\/09\/Capture-d\u00e9cran-25092015-094652-500x220.png 500w, https:\/\/outsiderland.com\/paulhac\/wp-content\/uploads\/2015\/09\/Capture-d\u00e9cran-25092015-094652-250x110.png 250w, https:\/\/outsiderland.com\/paulhac\/wp-content\/uploads\/2015\/09\/Capture-d\u00e9cran-25092015-094652-150x66.png 150w, https:\/\/outsiderland.com\/paulhac\/wp-content\/uploads\/2015\/09\/Capture-d\u00e9cran-25092015-094652.png 1007w\" sizes=\"(max-width: 500px) 100vw, 500px\" \/><\/a><\/p>\n<h2><\/h2>\n<h2>JEAN-LOUIS CHARBONNEL<\/h2>\n<p>Peintre n\u00e9 \u00e0 B\u00e9linay de Paulhac en 1848 dans le Cantal, il passe son enfance au pied Plomb du Cantal. Auteur \u00e0 treize ans d&rsquo;un extraordinaire portait \u00e0 l&rsquo;huile de sa grand-m\u00e8re, il est envoy\u00e9 en 1862 \u00e0 Paris suivre la formation de l\u2019\u00c9cole des beaux-arts o\u00f9 il fr\u00e9quente les ateliers de L\u00e9on Cogniet (1794-1880), de G\u00e9r\u00f4me (1824-1904), de Carolus-Duran (1837-1917), de Jean-Baptiste Farochon (1812-1871) et Oliva. Il fut membre des ateliers d\u2019Antoine-Jean Gros, de Merry-Joseph Blondel, et de David d\u2019Angers. Il expose au Salon de 1848.<\/p>\n<p><a href=\"https:\/\/outsiderland.com\/paulhac\/wp-content\/uploads\/2015\/09\/charbonnel.jpg\"><img decoding=\"async\" loading=\"lazy\" class=\"alignnone size-medium wp-image-1262\" src=\"https:\/\/outsiderland.com\/paulhac\/wp-content\/uploads\/2015\/09\/charbonnel-349x500.jpg\" alt=\"monogrpahie de P. Moulier sur le peintre J.L. Charbonnel\" width=\"349\" height=\"500\" srcset=\"https:\/\/outsiderland.com\/paulhac\/wp-content\/uploads\/2015\/09\/charbonnel-349x500.jpg 349w, https:\/\/outsiderland.com\/paulhac\/wp-content\/uploads\/2015\/09\/charbonnel-105x150.jpg 105w, https:\/\/outsiderland.com\/paulhac\/wp-content\/uploads\/2015\/09\/charbonnel.jpg 450w\" sizes=\"(max-width: 349px) 100vw, 349px\" \/><\/a><\/p>\n<p>Atteint de troubles de la vue, il meurt d\u00e9pressif \u00e0 l&rsquo;\u00e2ge de 36 ans.<br \/>\nPascale Moulier lui a consacr\u00e9 une monographie : Pascale Moulier, <i>Jean-Louis Charbonnel (1848-1885) Un peintre cantalien \u00e0 Paris<\/i>, pr\u00e9face de <a title=\"Bruno Foucart\" href=\"https:\/\/fr.wikipedia.org\/wiki\/Bruno_Foucart\">Bruno Foucart<\/a>, 100 p. (r\u00e9\u00e9dition 2008, Saint-Flour, Cantal-Patrimoine)<\/p>\n<p>&nbsp;<\/p>\n<h2>JEAN-MARIE CHAUVET<\/h2>\n<p>Sp\u00e9l\u00e9ologue et l&rsquo;un des d\u00e9couvreurx de la fameuse Grotte Chauvet, mondialement connue, Jean-Marie Chauvet est n\u00e9 \u00e0 Paulhac.<\/p>\n<p><a href=\"https:\/\/outsiderland.com\/paulhac\/wp-content\/uploads\/2015\/09\/Chauvethorses.jpg\"><img decoding=\"async\" loading=\"lazy\" class=\"alignnone size-full wp-image-1264\" src=\"https:\/\/outsiderland.com\/paulhac\/wp-content\/uploads\/2015\/09\/Chauvethorses.jpg\" alt=\"Chauvet : horses\" width=\"400\" height=\"300\" srcset=\"https:\/\/outsiderland.com\/paulhac\/wp-content\/uploads\/2015\/09\/Chauvethorses.jpg 400w, https:\/\/outsiderland.com\/paulhac\/wp-content\/uploads\/2015\/09\/Chauvethorses-200x150.jpg 200w, https:\/\/outsiderland.com\/paulhac\/wp-content\/uploads\/2015\/09\/Chauvethorses-150x113.jpg 150w\" sizes=\"(max-width: 400px) 100vw, 400px\" \/><\/a><\/p>\n<p>&nbsp;<\/p>\n<\/div>\n","protected":false},"excerpt":{"rendered":"<p>L&rsquo;ORCHESTRE CLAPIER Durant pr\u00e8s de trente ans, l&rsquo;orchestre Clapier, qui a d\u00e9but\u00e9 sa carri\u00e8re \u00e0 Paulhac, a fait danser les cantaliens. Pierre Bonte, leur a consacr\u00e9 un reportage de sa fameuse s\u00e9quence consacr\u00e9e au terroir, diffus\u00e9e dans l&rsquo;\u00e9mission mythique de Jacques Martin, La Lorgnette en 1976. Le journal La Montagne a cr\u00e9\u00e9 en hommage \u00e0 &hellip; <\/p>\n<p><a class=\"more-link block-button\" href=\"https:\/\/outsiderland.com\/paulhac\/?page_id=1257\">Continuer \u00e0 lire &raquo;<\/a><\/p>\n","protected":false},"author":6,"featured_media":0,"parent":8,"menu_order":0,"comment_status":"closed","ping_status":"closed","template":"template-onecolumn.php","meta":[],"_links":{"self":[{"href":"https:\/\/outsiderland.com\/paulhac\/index.php?rest_route=\/wp\/v2\/pages\/1257"}],"collection":[{"href":"https:\/\/outsiderland.com\/paulhac\/index.php?rest_route=\/wp\/v2\/pages"}],"about":[{"href":"https:\/\/outsiderland.com\/paulhac\/index.php?rest_route=\/wp\/v2\/types\/page"}],"author":[{"embeddable":true,"href":"https:\/\/outsiderland.com\/paulhac\/index.php?rest_route=\/wp\/v2\/users\/6"}],"replies":[{"embeddable":true,"href":"https:\/\/outsiderland.com\/paulhac\/index.php?rest_route=%2Fwp%2Fv2%2Fcomments&post=1257"}],"version-history":[{"count":8,"href":"https:\/\/outsiderland.com\/paulhac\/index.php?rest_route=\/wp\/v2\/pages\/1257\/revisions"}],"predecessor-version":[{"id":2321,"href":"https:\/\/outsiderland.com\/paulhac\/index.php?rest_route=\/wp\/v2\/pages\/1257\/revisions\/2321"}],"up":[{"embeddable":true,"href":"https:\/\/outsiderland.com\/paulhac\/index.php?rest_route=\/wp\/v2\/pages\/8"}],"wp:attachment":[{"href":"https:\/\/outsiderland.com\/paulhac\/index.php?rest_route=%2Fwp%2Fv2%2Fmedia&parent=1257"}],"curies":[{"name":"wp","href":"https:\/\/api.w.org\/{rel}","templated":true}]}}

Quelques personnalités de la commune

<div>
<h2>L&rsquo;ORCHESTRE CLAPIER</h2>
<p>Durant près de trente ans, l&rsquo;orchestre Clapier, qui a débuté sa carrière à Paulhac, a fait danser les cantaliens. Pierre Bonte, leur a consacré un reportage de sa fameuse séquence consacrée au terroir, diffusée dans l&rsquo;émission mythique de Jacques Martin,<em> La Lorgnette</em> en 1976<em>.</em></p>
<p>Le journal <em>La Montagne</em> a créé en hommage à cette famille de musiciens remarquable un webdoc qu&rsquo;on pourra explorer sur le net :</p>
<p><a href="https://social.shorthand.com/lamontagne_fr/3gCLzyEJWY/1968-2000-les-annees-clapier" target="_blank" rel="noopener noreferrer"><img decoding="async" loading="lazy" class="size-medium wp-image-1492 aligncenter" src="https://outsiderland.com/paulhac/wp-content/uploads/2015/09/Capture-d’écran_2016-02-06_20-56-01-500x228.png" alt="Capture d’écran_2016-02-06_20-56-01" width="500" height="228" srcset="https://outsiderland.com/paulhac/wp-content/uploads/2015/09/Capture-d’écran_2016-02-06_20-56-01-500x228.png 500w, https://outsiderland.com/paulhac/wp-content/uploads/2015/09/Capture-d’écran_2016-02-06_20-56-01-768x350.png 768w, https://outsiderland.com/paulhac/wp-content/uploads/2015/09/Capture-d’écran_2016-02-06_20-56-01-1024x466.png 1024w, https://outsiderland.com/paulhac/wp-content/uploads/2015/09/Capture-d’écran_2016-02-06_20-56-01.png 1309w" sizes="(max-width: 500px) 100vw, 500px" /></a></p>
<p>&nbsp;</p>
<h2>ODILE FIX</h2>
<p>Artiste, poète, éditrice et créatrice d&rsquo;ouvrages étonnants, laissant une large place aux matières et aux ressources naturelles, Odile Fix vit à Bélinay dans la vallée de l&rsquo;Épie.</p>
<p><a href="http://editionslefrau.blogspot.fr/" target="_blank" rel="noopener noreferrer"><img decoding="async" loading="lazy" class="alignnone size-medium wp-image-1260" src="https://outsiderland.com/paulhac/wp-content/uploads/2015/09/Capture-décran-25092015-094841-500x377.png" alt="Les ÉDITIONS DU FRAU" width="500" height="377" srcset="https://outsiderland.com/paulhac/wp-content/uploads/2015/09/Capture-décran-25092015-094841-500x377.png 500w, https://outsiderland.com/paulhac/wp-content/uploads/2015/09/Capture-décran-25092015-094841-199x150.png 199w, https://outsiderland.com/paulhac/wp-content/uploads/2015/09/Capture-décran-25092015-094841-150x113.png 150w, https://outsiderland.com/paulhac/wp-content/uploads/2015/09/Capture-décran-25092015-094841.png 685w" sizes="(max-width: 500px) 100vw, 500px" /></a></p>
<p><a href="http://odilefix.blogspot.fr/" target="_blank" rel="noopener noreferrer"><img decoding="async" loading="lazy" class="alignnone size-medium wp-image-1261" src="https://outsiderland.com/paulhac/wp-content/uploads/2015/09/Capture-décran-25092015-094652-500x220.png" alt="PIERRE D'INCERTITUDE " width="500" height="220" srcset="https://outsiderland.com/paulhac/wp-content/uploads/2015/09/Capture-décran-25092015-094652-500x220.png 500w, https://outsiderland.com/paulhac/wp-content/uploads/2015/09/Capture-décran-25092015-094652-250x110.png 250w, https://outsiderland.com/paulhac/wp-content/uploads/2015/09/Capture-décran-25092015-094652-150x66.png 150w, https://outsiderland.com/paulhac/wp-content/uploads/2015/09/Capture-décran-25092015-094652.png 1007w" sizes="(max-width: 500px) 100vw, 500px" /></a></p>
<h2></h2>
<h2>JEAN-LOUIS CHARBONNEL</h2>
<p>Peintre né à Bélinay de Paulhac en 1848 dans le Cantal, il passe son enfance au pied Plomb du Cantal. Auteur à treize ans d&rsquo;un extraordinaire portait à l&rsquo;huile de sa grand-mère, il est envoyé en 1862 à Paris suivre la formation de l’École des beaux-arts où il fréquente les ateliers de Léon Cogniet (1794-1880), de Gérôme (1824-1904), de Carolus-Duran (1837-1917), de Jean-Baptiste Farochon (1812-1871) et Oliva. Il fut membre des ateliers d’Antoine-Jean Gros, de Merry-Joseph Blondel, et de David d’Angers. Il expose au Salon de 1848.</p>
<p><a href="https://outsiderland.com/paulhac/wp-content/uploads/2015/09/charbonnel.jpg"><img decoding="async" loading="lazy" class="alignnone size-medium wp-image-1262" src="https://outsiderland.com/paulhac/wp-content/uploads/2015/09/charbonnel-349x500.jpg" alt="monogrpahie de P. Moulier sur le peintre J.L. Charbonnel" width="349" height="500" srcset="https://outsiderland.com/paulhac/wp-content/uploads/2015/09/charbonnel-349x500.jpg 349w, https://outsiderland.com/paulhac/wp-content/uploads/2015/09/charbonnel-105x150.jpg 105w, https://outsiderland.com/paulhac/wp-content/uploads/2015/09/charbonnel.jpg 450w" sizes="(max-width: 349px) 100vw, 349px" /></a></p>
<p>Atteint de troubles de la vue, il meurt dépressif à l&rsquo;âge de 36 ans.<br />
Pascale Moulier lui a consacré une monographie : Pascale Moulier, <i>Jean-Louis Charbonnel (1848-1885) Un peintre cantalien à Paris</i>, préface de <a title="Bruno Foucart" href="https://fr.wikipedia.org/wiki/Bruno_Foucart">Bruno Foucart</a>, 100 p. (réédition 2008, Saint-Flour, Cantal-Patrimoine)</p>
<p>&nbsp;</p>
<h2>JEAN-MARIE CHAUVET</h2>
<p>Spéléologue et l&rsquo;un des découvreurx de la fameuse Grotte Chauvet, mondialement connue, Jean-Marie Chauvet est né à Paulhac.</p>
<p><a href="https://outsiderland.com/paulhac/wp-content/uploads/2015/09/Chauvethorses.jpg"><img decoding="async" loading="lazy" class="alignnone size-full wp-image-1264" src="https://outsiderland.com/paulhac/wp-content/uploads/2015/09/Chauvethorses.jpg" alt="Chauvet : horses" width="400" height="300" srcset="https://outsiderland.com/paulhac/wp-content/uploads/2015/09/Chauvethorses.jpg 400w, https://outsiderland.com/paulhac/wp-content/uploads/2015/09/Chauvethorses-200x150.jpg 200w, https://outsiderland.com/paulhac/wp-content/uploads/2015/09/Chauvethorses-150x113.jpg 150w" sizes="(max-width: 400px) 100vw, 400px" /></a></p>
<p>&nbsp;</p>
</div>

<p>L&rsquo;ORCHESTRE CLAPIER Durant près de trente ans, l&rsquo;orchestre Clapier, qui a débuté sa carrière à Paulhac, a fait danser les cantaliens. Pierre Bonte, leur a consacré un reportage de sa fameuse séquence consacrée au terroir, diffusée dans l&rsquo;émission mythique de Jacques Martin, La Lorgnette en 1976. Le journal La Montagne a créé en hommage à &hellip; </p>
<p><a class="more-link block-button" href="https://outsiderland.com/paulhac/?page_id=1257">Continuer à lire &raquo;</a></p>
