{"id":11,"date":"2014-01-28T16:59:32","date_gmt":"2014-01-28T16:59:32","guid":{"rendered":"https:\/\/outsiderland.com\/modele-mairie\/?page_id=11"},"modified":"2019-05-14T17:36:47","modified_gmt":"2019-05-14T17:36:47","slug":"les-associations","status":"publish","type":"page","link":"https:\/\/outsiderland.com\/paulhac\/?page_id=11","title":{"rendered":"Les Associations"},"content":{"rendered":"\n<h3 class=\"wp-block-heading\"><strong>LOISIRS NATURE PAUHAC<\/strong><\/h3>\n\n\n\n<p>Vous accueillant d\u00e9sormais dans un foyer nordique flambant neuf, les b\u00e9n\u00e9voles de l&rsquo;association vous proposent des randonn\u00e9es, en toutes saisons, ainsi que du mat\u00e9riel \u00e0 louer : skis de fond, raquettes \u00e0 neige, skis de randonn\u00e9e etc. Ils ouvrent \u00e9galement de nombreuses pistes de promenades accessibles en hiver comme en \u00e9t\u00e9. Toutes les infos sur <a rel=\"noreferrer noopener\" href=\"https:\/\/outsiderland.com\/loisirs-nature-paulhac\/\" target=\"_blank\">le blog de l&rsquo;association<\/a>.<br>Pr\u00e9sident: COMBES Emmanuel<br>T\u00e9l: 06.87.33.02.86<br><br><\/p>\n\n\n\n<hr class=\"wp-block-separator is-style-default\"\/>\n\n\n\n<h3 class=\"wp-block-heading\"><strong>CLUB 3\u00e8me AGE<\/strong><\/h3>\n\n\n\n<pre class=\"wp-block-preformatted\">Pr\u00e9sident: GINHAC Robert<br>T\u00e9l: <br><br><\/pre>\n\n\n\n<hr class=\"wp-block-separator is-style-default\"\/>\n\n\n\n<h3 class=\"wp-block-heading\"><strong>ASSOCIATION COMMUNALE DE CHASSE AGREE<\/strong><\/h3>\n\n\n\n<pre class=\"wp-block-preformatted\">Pr\u00e9sident: DINI Alain<br>T\u00e9l: <br><br><\/pre>\n\n\n\n<hr class=\"wp-block-separator is-style-default\"\/>\n\n\n\n<h3 class=\"wp-block-heading\"><strong>AMICALE DES POMPIERS<\/strong><\/h3>\n\n\n\n<pre class=\"wp-block-preformatted\">Pr\u00e9sidente: ANDRIEUX Marie<br>T\u00e9l:<br><br><\/pre>\n\n\n\n<hr class=\"wp-block-separator is-style-default\"\/>\n\n\n\n<h3 class=\"wp-block-heading\"><strong>LES PETITS DANSEURS<\/strong><\/h3>\n\n\n\n<pre class=\"wp-block-preformatted\">Pr\u00e9sident: GINHAC Robert<br>T\u00e9l:<br><br><\/pre>\n\n\n\n<hr class=\"wp-block-separator is-style-default\"\/>\n\n\n\n<h3 class=\"wp-block-heading\"><strong>FNACA Comit\u00e9 de Valu\u00e9jols<\/strong><\/h3>\n\n\n\n<pre class=\"wp-block-preformatted\">Pr\u00e9sident: CHARBONNEL Roger<br>T\u00e9l:<br><br><\/pre>\n\n\n\n<hr class=\"wp-block-separator is-style-default\"\/>\n\n\n\n<h3 class=\"wp-block-heading\"><strong>ANICROCHE (Chorale)<\/strong><\/h3>\n\n\n\n<pre class=\"wp-block-preformatted\">Pr\u00e9sident: MARLY Pierre<br>T\u00e9l:<br><br><\/pre>\n\n\n\n<hr class=\"wp-block-separator is-style-default\"\/>\n\n\n\n<h3 class=\"wp-block-heading\"><strong>ASSOCIATION DES PARENTS D&rsquo;ELEVES (APE)<\/strong><\/h3>\n\n\n\n<pre class=\"wp-block-preformatted\">Pr\u00e9sidente: CIRIE G\u00e9raldine<br>T\u00e9l: 06.05.98.76.14<br><br><\/pre>\n\n\n\n<hr class=\"wp-block-separator is-style-default\"\/>\n\n\n\n<h3 class=\"wp-block-heading\"><strong>COMITE DES F\u00caTES<\/strong><\/h3>\n\n\n\n<pre class=\"wp-block-preformatted\">Pr\u00e9sident: LEVET Pierre<br>T\u00e9l: 06.74.50.93.12<br><br><\/pre>\n\n\n\n<hr class=\"wp-block-separator is-style-default\"\/>\n\n\n\n<h3 class=\"wp-block-heading\"><strong>L&rsquo;ART DES MOTS (Th\u00e9\u00e2tre)<\/strong><\/h3>\n\n\n\n<pre class=\"wp-block-preformatted\">Pr\u00e9sident: BARRIOL Jacky<br>T\u00e9l: 06.30.48.86.91<br><br><\/pre>\n\n\n\n<hr class=\"wp-block-separator is-style-default\"\/>\n\n\n\n<h3 class=\"wp-block-heading\"><strong>AMIS DE LA CHAPELLE DE BELINAY<\/strong><\/h3>\n\n\n\n<pre class=\"wp-block-preformatted\">Pr\u00e9sident: GINHAC Robert<br>T\u00e9l:<br><br><\/pre>\n","protected":false},"excerpt":{"rendered":"<p>LOISIRS NATURE PAUHAC Vous accueillant d\u00e9sormais dans un foyer nordique flambant neuf, les b\u00e9n\u00e9voles de l&rsquo;association vous proposent des randonn\u00e9es, en toutes saisons, ainsi que du mat\u00e9riel \u00e0 louer : skis de fond, raquettes \u00e0 neige, skis de randonn\u00e9e etc. Ils ouvrent \u00e9galement de nombreuses pistes de promenades accessibles en hiver comme en \u00e9t\u00e9. Toutes &hellip; <\/p>\n<p><a class=\"more-link block-button\" href=\"https:\/\/outsiderland.com\/paulhac\/?page_id=11\">Continuer \u00e0 lire &raquo;<\/a><\/p>\n","protected":false},"author":1,"featured_media":0,"parent":10,"menu_order":0,"comment_status":"closed","ping_status":"closed","template":"template-onecolumn.php","meta":[],"_links":{"self":[{"href":"https:\/\/outsiderland.com\/paulhac\/index.php?rest_route=\/wp\/v2\/pages\/11"}],"collection":[{"href":"https:\/\/outsiderland.com\/paulhac\/index.php?rest_route=\/wp\/v2\/pages"}],"about":[{"href":"https:\/\/outsiderland.com\/paulhac\/index.php?rest_route=\/wp\/v2\/types\/page"}],"author":[{"embeddable":true,"href":"https:\/\/outsiderland.com\/paulhac\/index.php?rest_route=\/wp\/v2\/users\/1"}],"replies":[{"embeddable":true,"href":"https:\/\/outsiderland.com\/paulhac\/index.php?rest_route=%2Fwp%2Fv2%2Fcomments&post=11"}],"version-history":[{"count":19,"href":"https:\/\/outsiderland.com\/paulhac\/index.php?rest_route=\/wp\/v2\/pages\/11\/revisions"}],"predecessor-version":[{"id":2183,"href":"https:\/\/outsiderland.com\/paulhac\/index.php?rest_route=\/wp\/v2\/pages\/11\/revisions\/2183"}],"up":[{"embeddable":true,"href":"https:\/\/outsiderland.com\/paulhac\/index.php?rest_route=\/wp\/v2\/pages\/10"}],"wp:attachment":[{"href":"https:\/\/outsiderland.com\/paulhac\/index.php?rest_route=%2Fwp%2Fv2%2Fmedia&parent=11"}],"curies":[{"name":"wp","href":"https:\/\/api.w.org\/{rel}","templated":true}]}}