{"id":6120,"date":"2025-10-08T21:52:02","date_gmt":"2025-10-08T21:52:02","guid":{"rendered":"https:\/\/outsiderland.com\/danahilliot\/?page_id=6120"},"modified":"2025-10-12T09:46:08","modified_gmt":"2025-10-12T09:46:08","slug":"de-la-delinquance","status":"publish","type":"page","link":"https:\/\/outsiderland.com\/danahilliot\/de-la-delinquance\/","title":{"rendered":"De la d\u00e9linquance"},"content":{"rendered":"<p>En discutant avec mon plus jeune fr\u00e8re, B., au t\u00e9l\u00e9phone, au fil d\u2019associations d\u2019id\u00e9es diverses, alternant plaisanteries l\u00e9g\u00e8res, r\u00e9flexions existentielles et souvenirs incertains, nous voil\u00e0 \u00e9voquant un jeune homme qu\u2019on avait connu dans les ann\u00e9es 80 \u00e0 Poitiers, dont il croit savoir qu\u2019il est d\u00e9c\u00e9d\u00e9 r\u00e9cemment, m\u2019apprend-il, et je me suis rappel\u00e9 cette soir\u00e9e o\u00f9, en sa compagnie, nous avions entrepris, avec mon autre fr\u00e8re, F., et un ami, de cambrioler un dealer de cannabis qui \u00e9tait le fournisseur de mon fr\u00e8re, F., lequel \u00e9tait \u00e0 l\u2019\u00e9poque revendeur au lyc\u00e9e du centre-ville o\u00f9 il \u00e9tait, sinon \u00e9tudiant, du moins inscrit.<\/p>\n<p>J\u2019avais \u00e0 l\u2019\u00e9poque 19\u00a0ans, et lui 17. Nous avions \u00e9t\u00e9 \u00e9mancip\u00e9s, comme on disait alors, assez pr\u00e9cocement, par la force des choses, mais aussi par choix, et habitions un chouette appartement dans une cit\u00e9 non loin du centre-ville et du parc de Blossac. Tr\u00e8s vite, l\u2019endroit \u00e9tait devenu un des rep\u00e8res des jeunes punks de Poitiers. Nous avions mont\u00e9 un groupe, A Very Sad Experiment, mon fr\u00e8re devait \u00eatre en premi\u00e8re, moi j\u2019essayais de suivre quelques cours de philosophie \u00e0 la facult\u00e9, tout en occupant divers emplois mal pay\u00e9s, des piges pour le quotidien local, la distribution de prospectus publicitaires dans les bo\u00eetes aux lettres, j\u2019avais m\u00eame pass\u00e9 l\u2019\u00e9t\u00e9 pr\u00e9c\u00e9dent \u00e0 l\u2019usine o\u00f9 travaillait mon p\u00e8re, qui nous aidait pour le loyer.<\/p>\n<p>Le trafic de drogue entrait pour une part que je suis incapable d\u2019\u00e9valuer dans notre petit bricolage \u00e9conomique. Avec aussi les repas pris chez les uns ou les autres, ou dans les soir\u00e9es priv\u00e9es qui ne manquaient pas \u00e0 l\u2019\u00e9poque, ou encore les vernissages d\u2019exposition, que nous ne manquions jamais. Nous volions bien entendu dans les supermarch\u00e9s ou les librairies\u00a0: il n\u2019y avait pas encore de syst\u00e8mes de surveillance sophistiqu\u00e9s comme aujourd\u2019hui.<\/p>\n<p>Un soir, donc, mon fr\u00e8re, qui en voulait manifestement \u00e0 son fournisseur, pour un motif que j\u2019ignore, s\u2019\u00e9tait mis en t\u00eate lors d\u2019un repas pris dans la maison bourgeoise d\u2019un de nos amis anarchiste dont le p\u00e8re \u00e9tait dentiste, repas bien arros\u00e9 comme toujours, d\u2019organiser une exp\u00e9dition punitive et lucrative, au domicile de ce type, plus \u00e2g\u00e9 que nous, un certain Emmanuel, qui habitait une vaste demeure assez d\u00e9labr\u00e9e entour\u00e9e d\u2019un vaste jardin laiss\u00e9 en friche dans la banlieue nord.<\/p>\n<p>Je n\u2019allais sans doute pas tr\u00e8s fort ce soir-l\u00e0 \u2013 et l\u00e0 aussi, j\u2019en ai oubli\u00e9 la raison \u2013, au point que, non content de boire du whisky appartenant au p\u00e8re dentiste de notre ami, j\u2019avais aussi, de mani\u00e8re irr\u00e9fl\u00e9chie, sans plan particulier, aval\u00e9 des cachets pris au hasard dans l\u2019armoire de la salle de bains. Le p\u00e8re dentiste en rangeait l\u00e0 une quantit\u00e9 invraisemblable, et j\u2019en avais ingurgit\u00e9 une quantit\u00e9 invraisemblable.<\/p>\n<p>J\u2019\u00e9tais le seul de notre bande \u00e0 l\u2019\u00e9poque \u00e0 poss\u00e9der une automobile, une 4L qui m\u2019avait co\u00fbt\u00e9 800 francs, et le permis de conduire. Durant le trajet qu\u2019on avait entrepris d\u00e8s la fin du repas, je conduisais dans un \u00e9tat second, pour ne pas dire pire. Je me souviens fort bien m\u2019\u00eatre arr\u00eat\u00e9 \u00e0 un feu rouge, sauf que, confiais-je \u00e0 mes passagers, je voyais trois feux rouges au lieu d\u2019un seul, et que, par cons\u00e9quent, lesdits passagers seraient bien avis\u00e9s de m\u2019aider \u00e0 distinguer la chauss\u00e9e s\u2019ils souhaitaient atteindre notre destination en vie.<\/p>\n<p>Arriv\u00e9s, miraculeusement, dans la rue qui bordait l\u2019arri\u00e8re de la maison du futur cambriol\u00e9, lequel \u00e9tait heureusement absent ce soir-l\u00e0, je me garais tant bien que mal, et abandonnais mes trois passagers \u00e0 leur basse besogne, et tandis qu\u2019ils gravissaient le mur de la propri\u00e9t\u00e9, je demeurais dans l\u2019automobile pour soi-disant faire le guet, alors qu\u2019en r\u00e9alit\u00e9 j\u2019\u00e9tais juste incapable de faire autre chose que dormir.<\/p>\n<p>Apr\u00e8s quoi\u00a0: trou noir.<\/p>\n<p>Nous \u00e9tions le vendredi soir. Quand je m\u2019\u00e9veillais, je me trouvais dans mon lit. Je regardai par la fen\u00eatre, il faisait encore nuit. Je me sentais passablement p\u00e2teux, ce qui me d\u00e9plaisait dans la mesure o\u00f9 j\u2019avais rendez-vous avec une amoureuse le samedi apr\u00e8s-midi. Mon fr\u00e8re est apparu au pied du lit, avec un air anxieux. Tu sais quel jour on est\u00a0?, me demande-t-il. On est lundi, lundi soir. Tu as dormi trois jours et trois nuits.<\/p>\n<p>J\u2019ai fait\u00a0: non, je n\u2019ai pas dormi. J\u2019ai fait un coma \u00e9thylique. Et pourquoi n\u2019avez-vous pas appel\u00e9 le SAMU bordel\u00a0?<\/p>\n<p>Je savais bien pourquoi. Il aurait fallu expliquer, mentir, nous \u00e9tions jeunes, et m\u00eame si nous avions d\u00e9j\u00e0 vu des overdoses, il \u00e9tait difficile d\u2019appeler \u00e0 l\u2019aide apr\u00e8s avoir cambriol\u00e9 un dealer.<\/p>\n<p>Je racontais cet \u00e9pisode 38 ans plus tard \u00e0 mon petit fr\u00e8re, B. Et j\u2019ajoutai\u00a0: c\u2019est bizarre, je dis souvent que j\u2019aurais pu verser dans la d\u00e9linquance, et que, dieu merci, j\u2019y ai \u00e9chapp\u00e9 de justesse, mais, en r\u00e9alit\u00e9, c\u2019est juste une histoire que je me raconte, d\u2019autant plus que des \u00e9pisodes comme celui-ci, j\u2019en ai une collection. Je lui dis aussi que j\u2019ai en t\u00eate un livre o\u00f9 je raconterai toutes les fois o\u00f9 j\u2019ai fr\u00f4l\u00e9 la mort. Un livre qui devrait \u00eatre assez \u00e9pais.<\/p>\n<p>&nbsp;<\/p>\n","protected":false},"excerpt":{"rendered":"<p>En discutant avec mon plus jeune fr\u00e8re, B., au t\u00e9l\u00e9phone, au fil d\u2019associations d\u2019id\u00e9es diverses, alternant plaisanteries l\u00e9g\u00e8res, r\u00e9flexions existentielles et souvenirs incertains, nous voil\u00e0 \u00e9voquant un jeune homme qu\u2019on avait connu dans les ann\u00e9es 80 \u00e0 Poitiers, dont il croit savoir qu\u2019il est d\u00e9c\u00e9d\u00e9 r\u00e9cemment, m\u2019apprend-il, et je me suis rappel\u00e9 cette soir\u00e9e o\u00f9,&hellip;<\/p>\n <a href=\"https:\/\/outsiderland.com\/danahilliot\/de-la-delinquance\/\" title=\"De la d\u00e9linquance\" class=\"entry-more-link\"><span>Read More<\/span> <span class=\"screen-reader-text\">De la d\u00e9linquance<\/span><\/a>","protected":false},"author":1,"featured_media":0,"parent":0,"menu_order":0,"comment_status":"closed","ping_status":"closed","template":"","meta":{"Layout":"","footnotes":""},"categories":[120],"tags":[126],"class_list":["entry","author-danah","post-6120","page","type-page","status-publish","category-observation","tag-observation"],"yoast_head":"<!-- This site is optimized with the Yoast SEO plugin v27.0 - https:\/\/yoast.com\/product\/yoast-seo-wordpress\/ -->\n<title>De la d\u00e9linquance - Outside Dana Hilliot<\/title>\n<meta name=\"robots\" content=\"index, follow, max-snippet:-1, max-image-preview:large, max-video-preview:-1\" \/>\n<link rel=\"canonical\" href=\"https:\/\/outsiderland.com\/danahilliot\/de-la-delinquance\/\" \/>\n<meta property=\"og:locale\" content=\"fr_FR\" \/>\n<meta property=\"og:type\" content=\"article\" \/>\n<meta property=\"og:title\" content=\"De la d\u00e9linquance - Outside Dana Hilliot\" \/>\n<meta property=\"og:description\" content=\"En discutant avec mon plus jeune fr\u00e8re, B., au t\u00e9l\u00e9phone, au fil d\u2019associations d\u2019id\u00e9es diverses, alternant plaisanteries l\u00e9g\u00e8res, r\u00e9flexions existentielles et souvenirs incertains, nous voil\u00e0 \u00e9voquant un jeune homme qu\u2019on avait connu dans les ann\u00e9es 80 \u00e0 Poitiers, dont il croit savoir qu\u2019il est d\u00e9c\u00e9d\u00e9 r\u00e9cemment, m\u2019apprend-il, et je me suis rappel\u00e9 cette soir\u00e9e o\u00f9,&hellip;\" \/>\n<meta property=\"og:url\" content=\"https:\/\/outsiderland.com\/danahilliot\/de-la-delinquance\/\" \/>\n<meta property=\"og:site_name\" content=\"Outside Dana Hilliot\" \/>\n<meta property=\"article:modified_time\" content=\"2025-10-12T09:46:08+00:00\" \/>\n<meta name=\"twitter:card\" content=\"summary_large_image\" \/>\n<meta name=\"twitter:label1\" content=\"Dur\u00e9e de lecture estim\u00e9e\" \/>\n\t<meta name=\"twitter:data1\" content=\"5 minutes\" \/>\n<script type=\"application\/ld+json\" class=\"yoast-schema-graph\">{\"@context\":\"https:\/\/schema.org\",\"@graph\":[{\"@type\":\"WebPage\",\"@id\":\"https:\/\/outsiderland.com\/danahilliot\/de-la-delinquance\/\",\"url\":\"https:\/\/outsiderland.com\/danahilliot\/de-la-delinquance\/\",\"name\":\"De la d\u00e9linquance - Outside Dana Hilliot\",\"isPartOf\":{\"@id\":\"https:\/\/outsiderland.com\/danahilliot\/#website\"},\"datePublished\":\"2025-10-08T21:52:02+00:00\",\"dateModified\":\"2025-10-12T09:46:08+00:00\",\"breadcrumb\":{\"@id\":\"https:\/\/outsiderland.com\/danahilliot\/de-la-delinquance\/#breadcrumb\"},\"inLanguage\":\"fr-FR\",\"potentialAction\":[{\"@type\":\"ReadAction\",\"target\":[\"https:\/\/outsiderland.com\/danahilliot\/de-la-delinquance\/\"]}]},{\"@type\":\"BreadcrumbList\",\"@id\":\"https:\/\/outsiderland.com\/danahilliot\/de-la-delinquance\/#breadcrumb\",\"itemListElement\":[{\"@type\":\"ListItem\",\"position\":1,\"name\":\"Accueil\",\"item\":\"https:\/\/outsiderland.com\/danahilliot\/\"},{\"@type\":\"ListItem\",\"position\":2,\"name\":\"De la d\u00e9linquance\"}]},{\"@type\":\"WebSite\",\"@id\":\"https:\/\/outsiderland.com\/danahilliot\/#website\",\"url\":\"https:\/\/outsiderland.com\/danahilliot\/\",\"name\":\"Outside Dana Hilliot\",\"description\":\". Archives . Activit\u00e9s . Projets .\",\"publisher\":{\"@id\":\"https:\/\/outsiderland.com\/danahilliot\/#\/schema\/person\/201a1fef0f5c2897bd65e98bcf6b1179\"},\"potentialAction\":[{\"@type\":\"SearchAction\",\"target\":{\"@type\":\"EntryPoint\",\"urlTemplate\":\"https:\/\/outsiderland.com\/danahilliot\/?s={search_term_string}\"},\"query-input\":{\"@type\":\"PropertyValueSpecification\",\"valueRequired\":true,\"valueName\":\"search_term_string\"}}],\"inLanguage\":\"fr-FR\"},{\"@type\":[\"Person\",\"Organization\"],\"@id\":\"https:\/\/outsiderland.com\/danahilliot\/#\/schema\/person\/201a1fef0f5c2897bd65e98bcf6b1179\",\"name\":\"danahilliot\",\"image\":{\"@type\":\"ImageObject\",\"inLanguage\":\"fr-FR\",\"@id\":\"https:\/\/outsiderland.com\/danahilliot\/#\/schema\/person\/image\/\",\"url\":\"https:\/\/outsiderland.com\/danahilliot\/wp-content\/uploads\/2026\/02\/50801449407_a909f2c1ad_k.jpg\",\"contentUrl\":\"https:\/\/outsiderland.com\/danahilliot\/wp-content\/uploads\/2026\/02\/50801449407_a909f2c1ad_k.jpg\",\"width\":2048,\"height\":1536,\"caption\":\"danahilliot\"},\"logo\":{\"@id\":\"https:\/\/outsiderland.com\/danahilliot\/#\/schema\/person\/image\/\"}}]}<\/script>\n<!-- \/ Yoast SEO plugin. -->","yoast_head_json":{"title":"De la d\u00e9linquance - Outside Dana Hilliot","robots":{"index":"index","follow":"follow","max-snippet":"max-snippet:-1","max-image-preview":"max-image-preview:large","max-video-preview":"max-video-preview:-1"},"canonical":"https:\/\/outsiderland.com\/danahilliot\/de-la-delinquance\/","og_locale":"fr_FR","og_type":"article","og_title":"De la d\u00e9linquance - Outside Dana Hilliot","og_description":"En discutant avec mon plus jeune fr\u00e8re, B., au t\u00e9l\u00e9phone, au fil d\u2019associations d\u2019id\u00e9es diverses, alternant plaisanteries l\u00e9g\u00e8res, r\u00e9flexions existentielles et souvenirs incertains, nous voil\u00e0 \u00e9voquant un jeune homme qu\u2019on avait connu dans les ann\u00e9es 80 \u00e0 Poitiers, dont il croit savoir qu\u2019il est d\u00e9c\u00e9d\u00e9 r\u00e9cemment, m\u2019apprend-il, et je me suis rappel\u00e9 cette soir\u00e9e o\u00f9,&hellip;","og_url":"https:\/\/outsiderland.com\/danahilliot\/de-la-delinquance\/","og_site_name":"Outside Dana Hilliot","article_modified_time":"2025-10-12T09:46:08+00:00","twitter_card":"summary_large_image","twitter_misc":{"Dur\u00e9e de lecture estim\u00e9e":"5 minutes"},"schema":{"@context":"https:\/\/schema.org","@graph":[{"@type":"WebPage","@id":"https:\/\/outsiderland.com\/danahilliot\/de-la-delinquance\/","url":"https:\/\/outsiderland.com\/danahilliot\/de-la-delinquance\/","name":"De la d\u00e9linquance - Outside Dana Hilliot","isPartOf":{"@id":"https:\/\/outsiderland.com\/danahilliot\/#website"},"datePublished":"2025-10-08T21:52:02+00:00","dateModified":"2025-10-12T09:46:08+00:00","breadcrumb":{"@id":"https:\/\/outsiderland.com\/danahilliot\/de-la-delinquance\/#breadcrumb"},"inLanguage":"fr-FR","potentialAction":[{"@type":"ReadAction","target":["https:\/\/outsiderland.com\/danahilliot\/de-la-delinquance\/"]}]},{"@type":"BreadcrumbList","@id":"https:\/\/outsiderland.com\/danahilliot\/de-la-delinquance\/#breadcrumb","itemListElement":[{"@type":"ListItem","position":1,"name":"Accueil","item":"https:\/\/outsiderland.com\/danahilliot\/"},{"@type":"ListItem","position":2,"name":"De la d\u00e9linquance"}]},{"@type":"WebSite","@id":"https:\/\/outsiderland.com\/danahilliot\/#website","url":"https:\/\/outsiderland.com\/danahilliot\/","name":"Outside Dana Hilliot","description":". Archives . Activit\u00e9s . Projets .","publisher":{"@id":"https:\/\/outsiderland.com\/danahilliot\/#\/schema\/person\/201a1fef0f5c2897bd65e98bcf6b1179"},"potentialAction":[{"@type":"SearchAction","target":{"@type":"EntryPoint","urlTemplate":"https:\/\/outsiderland.com\/danahilliot\/?s={search_term_string}"},"query-input":{"@type":"PropertyValueSpecification","valueRequired":true,"valueName":"search_term_string"}}],"inLanguage":"fr-FR"},{"@type":["Person","Organization"],"@id":"https:\/\/outsiderland.com\/danahilliot\/#\/schema\/person\/201a1fef0f5c2897bd65e98bcf6b1179","name":"danahilliot","image":{"@type":"ImageObject","inLanguage":"fr-FR","@id":"https:\/\/outsiderland.com\/danahilliot\/#\/schema\/person\/image\/","url":"https:\/\/outsiderland.com\/danahilliot\/wp-content\/uploads\/2026\/02\/50801449407_a909f2c1ad_k.jpg","contentUrl":"https:\/\/outsiderland.com\/danahilliot\/wp-content\/uploads\/2026\/02\/50801449407_a909f2c1ad_k.jpg","width":2048,"height":1536,"caption":"danahilliot"},"logo":{"@id":"https:\/\/outsiderland.com\/danahilliot\/#\/schema\/person\/image\/"}}]}},"_links":{"self":[{"href":"https:\/\/outsiderland.com\/danahilliot\/wp-json\/wp\/v2\/pages\/6120","targetHints":{"allow":["GET"]}}],"collection":[{"href":"https:\/\/outsiderland.com\/danahilliot\/wp-json\/wp\/v2\/pages"}],"about":[{"href":"https:\/\/outsiderland.com\/danahilliot\/wp-json\/wp\/v2\/types\/page"}],"author":[{"embeddable":true,"href":"https:\/\/outsiderland.com\/danahilliot\/wp-json\/wp\/v2\/users\/1"}],"replies":[{"embeddable":true,"href":"https:\/\/outsiderland.com\/danahilliot\/wp-json\/wp\/v2\/comments?post=6120"}],"version-history":[{"count":1,"href":"https:\/\/outsiderland.com\/danahilliot\/wp-json\/wp\/v2\/pages\/6120\/revisions"}],"predecessor-version":[{"id":6121,"href":"https:\/\/outsiderland.com\/danahilliot\/wp-json\/wp\/v2\/pages\/6120\/revisions\/6121"}],"wp:attachment":[{"href":"https:\/\/outsiderland.com\/danahilliot\/wp-json\/wp\/v2\/media?parent=6120"}],"wp:term":[{"taxonomy":"category","embeddable":true,"href":"https:\/\/outsiderland.com\/danahilliot\/wp-json\/wp\/v2\/categories?post=6120"},{"taxonomy":"post_tag","embeddable":true,"href":"https:\/\/outsiderland.com\/danahilliot\/wp-json\/wp\/v2\/tags?post=6120"}],"curies":[{"name":"wp","href":"https:\/\/api.w.org\/{rel}","templated":true}]}}