{"id":4623,"date":"2023-08-28T18:51:33","date_gmt":"2023-08-28T18:51:33","guid":{"rendered":"https:\/\/outsiderland.com\/danahilliot\/?page_id=4623"},"modified":"2025-10-12T09:46:08","modified_gmt":"2025-10-12T09:46:08","slug":"jusqua-la-lie","status":"publish","type":"page","link":"https:\/\/outsiderland.com\/danahilliot\/jusqua-la-lie\/","title":{"rendered":"Jusqu\u2019\u00e0 la lie"},"content":{"rendered":"<p class=\"western\" style=\"text-align: right;\">\u00ab\u00a0Le cours des \u00ab\u00a0\u00e9v\u00e9nements objectifs\u00a0\u00bb est bien trop rapide pour que l\u2019on puisse r\u00e9agir et l\u2019assimiler, au niveau de l\u2019action ou de l\u2019exp\u00e9rience v\u00e9cue.\u00a0\u00bb<\/p>\n<p class=\"western\" style=\"text-align: right;\">H. Rosa, <em>Acc\u00e9l\u00e9ration\u00a0: Une critique sociale du temps<\/em> (2004)<\/p>\n<p class=\"western\"><span lang=\"fr-FR\">On estime que, suite \u00e0 l\u2019explosion, des millions de litres auraient \u00e9t\u00e9 d\u00e9vers\u00e9s dans les eaux du lac, privant pour des d\u00e9cennies toutes les populations c\u00f4ti\u00e8res, soit plus d\u2019une centaine de milliers d\u2019habitants, d\u2019une ressource vitale. \u2013 \u00c0 l\u2019occasion des fouilles men\u00e9es ce week-end autour des b\u00e2timents de l\u2019ancien orphelinat catholique, les arch\u00e9ologues ont <\/span>d\u00e9terr\u00e9<span lang=\"fr-FR\">, par inadvertance, trois cadavres d\u2019enfants. Ils auraient \u00e9t\u00e9 jet\u00e9s l\u00e0 au milieu des ann\u00e9es 50, dans ce qui ressemble \u00e0 une fosse commune, sans s\u00e9pulture. Les premiers \u00e9l\u00e9ments de l\u2019autopsie pratiqu\u00e9e par les m\u00e9decins l\u00e9gistes font \u00e9tat de blessures au cr\u00e2ne et de membres bris\u00e9s. \u2013 La vague de d\u00e9missions qui touchent depuis deux mois le pays ne cesse de s\u2019amplifier. Le Ministre du Travail a parl\u00e9 d\u2019\u00e9pid\u00e9mie, ajoutant, d\u2019un ton constern\u00e9\u00a0: \u00ab\u00a0mais que vont devenir tous ces gens, d\u00e9sormais priv\u00e9s de salaires\u00a0?\u00a0\u00bb Certains analystes consid\u00e8rent que si le mouvement continue de s\u2019aggraver, l\u2019\u00e9conomie sera menac\u00e9e d\u2019effondrement. Les pays voisins observent la situation avec une perplexit\u00e9 m\u00eal\u00e9e d\u2019inqui\u00e9tude. \u2013 Le gourou sexag\u00e9naire exigea<\/span> des adeptes qu\u2019ils aient chacun un enfant pour \u00ab\u00a0l\u2019argent et pour la race\u00a0\u00bb, enfants dont les m\u00e8res accouch\u00e8rent sans assistance m\u00e9dicale. Durant les rituels, les novices auraient subi<span lang=\"fr-FR\"> un v\u00e9ritable calvaire\u00a0: tatouages impos\u00e9s, coup de fouets, scarifications, etc. Les victimes ne port\u00e8rent plainte qu\u2019apr\u00e8s avoir \u00e9t\u00e9 totalement ruin\u00e9es. \u2013 On <\/span>ignore encore quel \u00e9tait le sujet exact de leur dispute, toujours est-il qu\u2019elle s\u2019est achev\u00e9e dans le garage du pavillon qu\u2019ils habitaient depuis le d\u00e9part de la m\u00e8re, et que le fils l\u2019a conclue en fendant le cr\u00e2ne de son p\u00e8re \u00e0 coup de hache. Trois coups, r\u00e9duisant la t\u00eate de sa victime en bouillie, aux dires du premier gendarme arriv\u00e9 sur les lieux apr\u00e8s que le fils ait appel\u00e9 lui-m\u00eame au t\u00e9l\u00e9phone la police. Le fils \u00e9tait couvert du sang de son p\u00e8re. \u00ab\u00a0Je ne vois plus rien\u00a0\u00bb, disait-il. \u2013 Nous venons d\u2019apprendre qu\u2019un homme, se pr\u00e9tendant \u00e9crivain, a menac\u00e9 avec un pistolet l\u2019assembl\u00e9e des auteurs et des \u00e9diteurs r\u00e9unis \u00e0 l\u2019occasion de la remise du Prix de l\u2019Acad\u00e9mie. Apr\u00e8s qu\u2019il eut \u00e9t\u00e9 promptement ma\u00eetris\u00e9 par les policiers en faction \u00e0 l\u2019entr\u00e9e, il s\u2019est av\u00e9r\u00e9 que son arme n\u2019\u00e9tait qu\u2019un simple jouet, et on l\u2019a transf\u00e9r\u00e9 apr\u00e8s seulement deux heures de garde \u00e0 vue dans un centre psychiatrique en attendant d\u2019\u00eatre jug\u00e9. Les auteurs et les \u00e9diteurs pr\u00e9sents en furent quittes pour une grande frayeur. Ils assurent n\u2019avoir jamais entendu parler de cet homme auparavant. \u2013 Les temp\u00e9ratures ont atteint 32\u00a0\u00b0C dans les r\u00e9gions septentrionales cet apr\u00e8s-midi, ce qui constitue un nouveau record de chaleur \u00e0 cet endroit pour un mois d\u2019avril. \u2013 La lutte contre les logements insalubres et l\u2019immigration irr\u00e9guli\u00e8re se poursuivra, a indiqu\u00e9 le Ministre de l\u2019Int\u00e9rieur, jusqu\u2019\u00e0 l\u2019\u00e9t\u00e9 prochain. Les partis de gauche d\u00e9noncent une op\u00e9ration de grand nettoyage visant \u00e0 donner une image positive du pays en vue des Jeux Olympiques. \u2013 La tornade ayant d\u00e9vast\u00e9 le quartier de la Tourelle est la troisi\u00e8me cette ann\u00e9e \u00e0 frapper le littoral, laissant derri\u00e8re elle un paysage apocalyptique. Arbres d\u00e9racin\u00e9s, grue de chantier effondr\u00e9e, toitures totalement arrach\u00e9es, des pans de murs gisant sur les trottoirs, des automobiles transport\u00e9es dans les airs sur des centaines de m\u00e8tres, et des kilom\u00e8tres de c\u00e2bles entrem\u00eal\u00e9s sur la chauss\u00e9e. \u2013 Nous ne sommes pas en mesure de divulguer des informations qui mettraient en cause le pr\u00e9lat, mais si les faits \u00e9taient av\u00e9r\u00e9s, cette affaire ne manquerait pas d\u2019entacher une nouvelle fois cette institution d\u00e9j\u00e0 mal en point.<em> \u2013 <\/em>53 morts au moins, des femmes et des enfants principalement, dans le naufrage d\u2019une embarcation au nord de la Sardaigne. Des \u00c9rythr\u00e9ens pour la plupart, ayant embarqu\u00e9 probablement en Lybie. \u2013 Rebondissement dans l\u2019enqu\u00eate sur le tueur en s\u00e9rie. Selon nos informations, il s\u2019agirait en r\u00e9alit\u00e9 d\u2019une femme, laquelle s\u2019en prendrait syst\u00e9matiquement aux m\u00e2les ayant \u00e9t\u00e9 par le pass\u00e9 soup\u00e7onn\u00e9s ou condamn\u00e9s dans des affaires d\u2019agression sexuelle, victimes qu\u2019elle s\u00e9duirait avant de les droguer, leur trancher le p\u00e9nis et les poignarder \u00e0 mort. De nombreux hommes quittent la ville depuis quelques jours en attendant la fin de ce cauchemar. \u2013 D\u00e9sormais, \u00e0 la suite des multiples canicules de l\u2019\u00e9t\u00e9, pas moins de 38 r\u00e9acteurs sont \u00e0 l\u2019arr\u00eat sur un total de 56. Le gouvernement se pr\u00e9pare \u00e0 devoir annoncer des coupures d\u2019\u00e9lectricit\u00e9 durant les semaines \u00e0 venir, dans un contexte social tendu compte-tenu des restrictions de l\u2019usage de l\u2019eau dans la plupart des r\u00e9gions depuis deux mois et demi. \u2013 Le bilan des inondations dans la plaine alluviale centrale du pays se chiffre probablement au-del\u00e0 de 20\u00a0000 morts, sans compter des milliers de disparus. \u2013 \u00ab\u00a0On est bien forc\u00e9 d\u2019admettre que les rues sont aujourd\u2019hui plus tranquilles\u00a0\u00bb, dit cette commer\u00e7ante quand on l\u2019interroge sur la pr\u00e9sence polici\u00e8re accrue dans le centre-ville. \u2013 Les temp\u00e9ratures extr\u00eames plombent la r\u00e9gion depuis cinq jours et devraient perdurer jusqu\u2019au week-end. La capitale r\u00e9gionale a battu durant huit jours cons\u00e9cutifs son record de chaleur, d\u00e9passant 45\u00a0\u00b0C dimanche. \u2013 Au Mexique, les ventes d\u2019eau en bouteille et de sodas sont sans \u00e9quivalent dans le monde, en partie \u00e0 cause des pollutions r\u00e9guli\u00e8res occasionn\u00e9es par l\u2019industrie extractiviste. \u2013 Les plaintes s\u2019accumulent autour du c\u00e9l\u00e8bre r\u00e9alisateur qualifi\u00e9 par ses victimes de pr\u00e9dateur sexuel. L\u2019avocate qui les repr\u00e9sente d\u00e9nonce l\u2019omerta qui r\u00e9gnait sur les plateaux de tournage. \u00ab\u00a0Tout le monde savait. Du silence \u00e0 la complicit\u00e9, il n\u2019y qu\u2019un pas.\u00a0\u00bb, ajoute-t-elle. \u2013 Douze ann\u00e9es de guerre ont conduit les habitants de cette r\u00e9gion d\u00e9vast\u00e9e \u00e0 adapter leur mode de vie. Quand les bombardements surviennent, ils gagnent les souterrains dont certains ont \u00e9t\u00e9 creus\u00e9s dans l\u2019antiquit\u00e9, et ne remontent dans les villages qu\u2019apr\u00e8s le d\u00e9part des avions. S\u2019ils sont, au moment de l\u2019assaut, \u00e0 leur travail dans les champs, ils se cachent dans des trous et attendent. \u00ab\u00a0La vie continue\u00a0\u00bb, nous confie, sur le seuil de sa maison \u00e0 moiti\u00e9 d\u00e9truite, une jeune femme avec un sourire \u00e9nigmatique. \u2013 L\u2019ONG qui vient d\u2019alerter au sujet cette embarcation <span lang=\"fr-FR\">affirme qu\u2019il se trouve beaucoup d\u2019enfants \u00e0 bord. \u2013 En fin de semaine derni\u00e8re, le Parc naturel r\u00e9gional a annonc\u00e9 la mort de deux personnes parties randonner alors qu\u2019il faisait 48\u00a0\u00b0C. Une adolescente de 16 ans a perdu conscience et est d\u00e9c\u00e9d\u00e9, ainsi que son p\u00e8re, victime d\u2019un accident de voiture alors qu\u2019il \u00e9tait parti chercher de l\u2019aide. \u2013 <\/span>Les mangues pourrissent \u00e0 m\u00eame le sol. Ce n\u2019est pas que les fruits soient de mauvaise qualit\u00e9, mais qu\u2019il devient tout \u00e0 fait impossible d\u2019en faire la r\u00e9colte \u00e0 cause des raids men\u00e9s par des milices arm\u00e9es. Des milliers d\u2019hectares de culture sont ainsi laiss\u00e9s \u00e0 l\u2019abandon. \u2013 Le groupe th\u00e9rapeutique cens\u00e9 combattre l\u2019\u00e9co-anxi\u00e9t\u00e9 n\u2019\u00e9tait en r\u00e9alit\u00e9 qu\u2019une secte fond\u00e9e par un ancien repr\u00e9sentant de commerce qui ne poss\u00e9dait aucune formation dans les mati\u00e8res m\u00e9dicales. \u2013 Les cadavres remontent \u00e0 la surface. Le pays r\u00e9clame ses morts, dont les ossements sont entrepos\u00e9s dans les caves de l\u2019Universit\u00e9 depuis plus d\u2019un si\u00e8cle. Le massacre perp\u00e9tr\u00e9 par l\u2019empire colonial a pu \u00eatre qualifi\u00e9 de g\u00e9nocide\u00a0: il aura ray\u00e9 de la carte et de l\u2019histoire une ethnie enti\u00e8re, une culture et une langue. Se pose toutefois le probl\u00e8me de la r\u00e9collection des restes (quel f\u00e9mur appartient \u00e0 tel cr\u00e2ne, etc) et, plus largement, l\u2019illusoire identification des corps, lesquels n\u2019ont pas de nom. Mais aussi de nombreuses questions d\u2019ordre juridique. \u2013 \u00c0 ce stade de l\u2019enqu\u00eate il n\u2019existe aucune preuve d\u00e9signant la police. \u2013 La situation ne fait qu\u2019empirer\u00a0: des citoyens lambda se retrouvent d\u2019un jour \u00e0 l\u2019autre sous les verrous, sous l\u2019accusation de terrorisme, pour avoir comment\u00e9, sur les r\u00e9seaux sociaux, l\u2019augmentation du prix du pain. Tout un chacun vit dans l\u2019angoisse d\u2019\u00eatre arr\u00eat\u00e9 dans la nuit, puis d\u00e9tenu pour une dur\u00e9e ind\u00e9finie. \u2013 Un crime abominable. Le pr\u00e9sident de la chambre d\u2019agriculture dont on \u00e9tait sans nouvelles depuis deux semaines a \u00e9t\u00e9 retrouv\u00e9 mort dans un buron abandonn\u00e9 en pleine montagne. Ses ravisseurs, le caract\u00e8re criminel de sa disparition ne faisant d\u00e9sormais plus aucun doute, l\u2019avaient, selon l\u2019avis du m\u00e9decin l\u00e9giste, gav\u00e9 de pesticides jusqu\u2019\u00e0 ce mort s\u2019ensuive. La piste d\u2019un groupuscule \u00e9colo-terroriste est naturellement privil\u00e9gi\u00e9e par les enqu\u00eateurs. \u2013 \u00ab\u00a0Les Indig\u00e8nes sont tr\u00e8s bons pour porter des pierres\u00a0\u00bb a d\u00e9clar\u00e9 sans sourciller le PDG de la compagnie d\u2019extraction mini\u00e8re. \u2013 Neuf millions d\u2019hectares d\u00e9j\u00e0 partis en fum\u00e9e, 677 incendies actifs ce vendredi, dont 13 nouveaux foyers d\u00e9couverts au cours de la journ\u00e9e. Plus de 100 millions de personnes affect\u00e9s par les fum\u00e9es depuis plusieurs semaines. Un habitant t\u00e9moigne\u00a0:\u00ab\u00a0Il devient tout bonnement difficile de respirer\u00a0\u00bb.<\/p>\n","protected":false},"excerpt":{"rendered":"<p>\u00ab\u00a0Le cours des \u00ab\u00a0\u00e9v\u00e9nements objectifs\u00a0\u00bb est bien trop rapide pour que l\u2019on puisse r\u00e9agir et l\u2019assimiler, au niveau de l\u2019action ou de l\u2019exp\u00e9rience v\u00e9cue.\u00a0\u00bb H. Rosa, Acc\u00e9l\u00e9ration\u00a0: Une critique sociale du temps (2004) On estime que, suite \u00e0 l\u2019explosion, des millions de litres auraient \u00e9t\u00e9 d\u00e9vers\u00e9s dans les eaux du lac, privant pour des d\u00e9cennies&hellip;<\/p>\n <a href=\"https:\/\/outsiderland.com\/danahilliot\/jusqua-la-lie\/\" title=\"Jusqu\u2019\u00e0 la lie\" class=\"entry-more-link\"><span>Read More<\/span> <span class=\"screen-reader-text\">Jusqu\u2019\u00e0 la lie<\/span><\/a>","protected":false},"author":1,"featured_media":0,"parent":0,"menu_order":0,"comment_status":"closed","ping_status":"closed","template":"","meta":{"Layout":"","footnotes":""},"categories":[120],"tags":[126],"class_list":["entry","author-danah","post-4623","page","type-page","status-publish","category-observation","tag-observation"],"yoast_head":"<!-- This site is optimized with the Yoast SEO plugin v27.0 - https:\/\/yoast.com\/product\/yoast-seo-wordpress\/ -->\n<title>Jusqu\u2019\u00e0 la lie - Outside Dana Hilliot<\/title>\n<meta name=\"robots\" content=\"index, follow, max-snippet:-1, max-image-preview:large, max-video-preview:-1\" \/>\n<link rel=\"canonical\" href=\"https:\/\/outsiderland.com\/danahilliot\/jusqua-la-lie\/\" \/>\n<meta property=\"og:locale\" content=\"fr_FR\" \/>\n<meta property=\"og:type\" content=\"article\" \/>\n<meta property=\"og:title\" content=\"Jusqu\u2019\u00e0 la lie - Outside Dana Hilliot\" \/>\n<meta property=\"og:description\" content=\"\u00ab\u00a0Le cours des \u00ab\u00a0\u00e9v\u00e9nements objectifs\u00a0\u00bb est bien trop rapide pour que l\u2019on puisse r\u00e9agir et l\u2019assimiler, au niveau de l\u2019action ou de l\u2019exp\u00e9rience v\u00e9cue.\u00a0\u00bb H. Rosa, Acc\u00e9l\u00e9ration\u00a0: Une critique sociale du temps (2004) On estime que, suite \u00e0 l\u2019explosion, des millions de litres auraient \u00e9t\u00e9 d\u00e9vers\u00e9s dans les eaux du lac, privant pour des d\u00e9cennies&hellip;\" \/>\n<meta property=\"og:url\" content=\"https:\/\/outsiderland.com\/danahilliot\/jusqua-la-lie\/\" \/>\n<meta property=\"og:site_name\" content=\"Outside Dana Hilliot\" \/>\n<meta property=\"article:modified_time\" content=\"2025-10-12T09:46:08+00:00\" \/>\n<meta name=\"twitter:card\" content=\"summary_large_image\" \/>\n<meta name=\"twitter:label1\" content=\"Dur\u00e9e de lecture estim\u00e9e\" \/>\n\t<meta name=\"twitter:data1\" content=\"8 minutes\" \/>\n<script type=\"application\/ld+json\" class=\"yoast-schema-graph\">{\"@context\":\"https:\/\/schema.org\",\"@graph\":[{\"@type\":\"WebPage\",\"@id\":\"https:\/\/outsiderland.com\/danahilliot\/jusqua-la-lie\/\",\"url\":\"https:\/\/outsiderland.com\/danahilliot\/jusqua-la-lie\/\",\"name\":\"Jusqu\u2019\u00e0 la lie - Outside Dana Hilliot\",\"isPartOf\":{\"@id\":\"https:\/\/outsiderland.com\/danahilliot\/#website\"},\"datePublished\":\"2023-08-28T18:51:33+00:00\",\"dateModified\":\"2025-10-12T09:46:08+00:00\",\"breadcrumb\":{\"@id\":\"https:\/\/outsiderland.com\/danahilliot\/jusqua-la-lie\/#breadcrumb\"},\"inLanguage\":\"fr-FR\",\"potentialAction\":[{\"@type\":\"ReadAction\",\"target\":[\"https:\/\/outsiderland.com\/danahilliot\/jusqua-la-lie\/\"]}]},{\"@type\":\"BreadcrumbList\",\"@id\":\"https:\/\/outsiderland.com\/danahilliot\/jusqua-la-lie\/#breadcrumb\",\"itemListElement\":[{\"@type\":\"ListItem\",\"position\":1,\"name\":\"Accueil\",\"item\":\"https:\/\/outsiderland.com\/danahilliot\/\"},{\"@type\":\"ListItem\",\"position\":2,\"name\":\"Jusqu\u2019\u00e0 la lie\"}]},{\"@type\":\"WebSite\",\"@id\":\"https:\/\/outsiderland.com\/danahilliot\/#website\",\"url\":\"https:\/\/outsiderland.com\/danahilliot\/\",\"name\":\"Outside Dana Hilliot\",\"description\":\". Archives . Activit\u00e9s . Projets .\",\"publisher\":{\"@id\":\"https:\/\/outsiderland.com\/danahilliot\/#\/schema\/person\/201a1fef0f5c2897bd65e98bcf6b1179\"},\"potentialAction\":[{\"@type\":\"SearchAction\",\"target\":{\"@type\":\"EntryPoint\",\"urlTemplate\":\"https:\/\/outsiderland.com\/danahilliot\/?s={search_term_string}\"},\"query-input\":{\"@type\":\"PropertyValueSpecification\",\"valueRequired\":true,\"valueName\":\"search_term_string\"}}],\"inLanguage\":\"fr-FR\"},{\"@type\":[\"Person\",\"Organization\"],\"@id\":\"https:\/\/outsiderland.com\/danahilliot\/#\/schema\/person\/201a1fef0f5c2897bd65e98bcf6b1179\",\"name\":\"danahilliot\",\"image\":{\"@type\":\"ImageObject\",\"inLanguage\":\"fr-FR\",\"@id\":\"https:\/\/outsiderland.com\/danahilliot\/#\/schema\/person\/image\/\",\"url\":\"https:\/\/outsiderland.com\/danahilliot\/wp-content\/uploads\/2026\/02\/50801449407_a909f2c1ad_k.jpg\",\"contentUrl\":\"https:\/\/outsiderland.com\/danahilliot\/wp-content\/uploads\/2026\/02\/50801449407_a909f2c1ad_k.jpg\",\"width\":2048,\"height\":1536,\"caption\":\"danahilliot\"},\"logo\":{\"@id\":\"https:\/\/outsiderland.com\/danahilliot\/#\/schema\/person\/image\/\"}}]}<\/script>\n<!-- \/ Yoast SEO plugin. -->","yoast_head_json":{"title":"Jusqu\u2019\u00e0 la lie - Outside Dana Hilliot","robots":{"index":"index","follow":"follow","max-snippet":"max-snippet:-1","max-image-preview":"max-image-preview:large","max-video-preview":"max-video-preview:-1"},"canonical":"https:\/\/outsiderland.com\/danahilliot\/jusqua-la-lie\/","og_locale":"fr_FR","og_type":"article","og_title":"Jusqu\u2019\u00e0 la lie - Outside Dana Hilliot","og_description":"\u00ab\u00a0Le cours des \u00ab\u00a0\u00e9v\u00e9nements objectifs\u00a0\u00bb est bien trop rapide pour que l\u2019on puisse r\u00e9agir et l\u2019assimiler, au niveau de l\u2019action ou de l\u2019exp\u00e9rience v\u00e9cue.\u00a0\u00bb H. Rosa, Acc\u00e9l\u00e9ration\u00a0: Une critique sociale du temps (2004) On estime que, suite \u00e0 l\u2019explosion, des millions de litres auraient \u00e9t\u00e9 d\u00e9vers\u00e9s dans les eaux du lac, privant pour des d\u00e9cennies&hellip;","og_url":"https:\/\/outsiderland.com\/danahilliot\/jusqua-la-lie\/","og_site_name":"Outside Dana Hilliot","article_modified_time":"2025-10-12T09:46:08+00:00","twitter_card":"summary_large_image","twitter_misc":{"Dur\u00e9e de lecture estim\u00e9e":"8 minutes"},"schema":{"@context":"https:\/\/schema.org","@graph":[{"@type":"WebPage","@id":"https:\/\/outsiderland.com\/danahilliot\/jusqua-la-lie\/","url":"https:\/\/outsiderland.com\/danahilliot\/jusqua-la-lie\/","name":"Jusqu\u2019\u00e0 la lie - Outside Dana Hilliot","isPartOf":{"@id":"https:\/\/outsiderland.com\/danahilliot\/#website"},"datePublished":"2023-08-28T18:51:33+00:00","dateModified":"2025-10-12T09:46:08+00:00","breadcrumb":{"@id":"https:\/\/outsiderland.com\/danahilliot\/jusqua-la-lie\/#breadcrumb"},"inLanguage":"fr-FR","potentialAction":[{"@type":"ReadAction","target":["https:\/\/outsiderland.com\/danahilliot\/jusqua-la-lie\/"]}]},{"@type":"BreadcrumbList","@id":"https:\/\/outsiderland.com\/danahilliot\/jusqua-la-lie\/#breadcrumb","itemListElement":[{"@type":"ListItem","position":1,"name":"Accueil","item":"https:\/\/outsiderland.com\/danahilliot\/"},{"@type":"ListItem","position":2,"name":"Jusqu\u2019\u00e0 la lie"}]},{"@type":"WebSite","@id":"https:\/\/outsiderland.com\/danahilliot\/#website","url":"https:\/\/outsiderland.com\/danahilliot\/","name":"Outside Dana Hilliot","description":". Archives . Activit\u00e9s . Projets .","publisher":{"@id":"https:\/\/outsiderland.com\/danahilliot\/#\/schema\/person\/201a1fef0f5c2897bd65e98bcf6b1179"},"potentialAction":[{"@type":"SearchAction","target":{"@type":"EntryPoint","urlTemplate":"https:\/\/outsiderland.com\/danahilliot\/?s={search_term_string}"},"query-input":{"@type":"PropertyValueSpecification","valueRequired":true,"valueName":"search_term_string"}}],"inLanguage":"fr-FR"},{"@type":["Person","Organization"],"@id":"https:\/\/outsiderland.com\/danahilliot\/#\/schema\/person\/201a1fef0f5c2897bd65e98bcf6b1179","name":"danahilliot","image":{"@type":"ImageObject","inLanguage":"fr-FR","@id":"https:\/\/outsiderland.com\/danahilliot\/#\/schema\/person\/image\/","url":"https:\/\/outsiderland.com\/danahilliot\/wp-content\/uploads\/2026\/02\/50801449407_a909f2c1ad_k.jpg","contentUrl":"https:\/\/outsiderland.com\/danahilliot\/wp-content\/uploads\/2026\/02\/50801449407_a909f2c1ad_k.jpg","width":2048,"height":1536,"caption":"danahilliot"},"logo":{"@id":"https:\/\/outsiderland.com\/danahilliot\/#\/schema\/person\/image\/"}}]}},"_links":{"self":[{"href":"https:\/\/outsiderland.com\/danahilliot\/wp-json\/wp\/v2\/pages\/4623","targetHints":{"allow":["GET"]}}],"collection":[{"href":"https:\/\/outsiderland.com\/danahilliot\/wp-json\/wp\/v2\/pages"}],"about":[{"href":"https:\/\/outsiderland.com\/danahilliot\/wp-json\/wp\/v2\/types\/page"}],"author":[{"embeddable":true,"href":"https:\/\/outsiderland.com\/danahilliot\/wp-json\/wp\/v2\/users\/1"}],"replies":[{"embeddable":true,"href":"https:\/\/outsiderland.com\/danahilliot\/wp-json\/wp\/v2\/comments?post=4623"}],"version-history":[{"count":1,"href":"https:\/\/outsiderland.com\/danahilliot\/wp-json\/wp\/v2\/pages\/4623\/revisions"}],"predecessor-version":[{"id":4624,"href":"https:\/\/outsiderland.com\/danahilliot\/wp-json\/wp\/v2\/pages\/4623\/revisions\/4624"}],"wp:attachment":[{"href":"https:\/\/outsiderland.com\/danahilliot\/wp-json\/wp\/v2\/media?parent=4623"}],"wp:term":[{"taxonomy":"category","embeddable":true,"href":"https:\/\/outsiderland.com\/danahilliot\/wp-json\/wp\/v2\/categories?post=4623"},{"taxonomy":"post_tag","embeddable":true,"href":"https:\/\/outsiderland.com\/danahilliot\/wp-json\/wp\/v2\/tags?post=4623"}],"curies":[{"name":"wp","href":"https:\/\/api.w.org\/{rel}","templated":true}]}}