{"id":4499,"date":"2022-07-05T17:05:51","date_gmt":"2022-07-05T17:05:51","guid":{"rendered":"https:\/\/outsiderland.com\/danahilliot\/?page_id=4499"},"modified":"2025-10-12T09:46:08","modified_gmt":"2025-10-12T09:46:08","slug":"faire-la-manche","status":"publish","type":"page","link":"https:\/\/outsiderland.com\/danahilliot\/faire-la-manche\/","title":{"rendered":"Faire la manche"},"content":{"rendered":"<p class=\"western\"><span style=\"font-size: medium;\">Durant les ann\u00e9es les plus incertaines de ma vie tumultueuse, j\u2019ai \u00e9t\u00e9 amen\u00e9, par n\u00e9cessit\u00e9, \u00e0 faire la manche. Ces situations m\u2019ont toujours plong\u00e9 dans l\u2019inconfort le plus extr\u00eame\u00a0: c\u2019est toujours apr\u00e8s de longs et p\u00e9nibles entretiens avec moi-m\u00eame, h\u00e9sitant, satur\u00e9 d\u2019inqui\u00e9tudes, jusqu\u2019\u00e0 tr\u00e9bucher, tandis que, d\u2019un air apparemment d\u00e9tach\u00e9, je parcourais lentement les rues \u00e0 la recherche d\u2019un endroit ad\u00e9quat o\u00f9 prendre place \u2013 \u00e9vitant les lieux trop pris\u00e9s par les mendiants habituels, m\u2019effor\u00e7ant de deviner si cette place vacante n\u2019\u00e9tait pas la propri\u00e9t\u00e9, pour ainsi dire, d\u2019un autre, encore absent \u00e0 cette heure mais qui, \u00e0 son retour, m\u2019en aurait d\u00e9log\u00e9 avec violence \u2013 balan\u00e7ant entre l\u2019imp\u00e9ratif de m\u2019exposer publiquement sur une sc\u00e8ne suffisamment fr\u00e9quent\u00e9e par les passants, une voie commerciale, les abords d\u2019une \u00e9glise pris\u00e9e des touristes ou, plus prosa\u00efquement, d\u2019une banque, et ma tendance spontan\u00e9e \u00e0 me terrer dans le recoin d\u2019une ruelle obscure ou bien aux marges d\u2019un sentier oubli\u00e9 dissimul\u00e9 par les frondaisons denses d\u2019un parc municipal, c\u2019est donc apr\u00e8s de nombreux atermoiements que je finissais \u00e9ventuellement par me laisser tomber, dans tous les sens du terme, sur un bout de trottoir, et, le dos reposant contre un mur de pierre ou un grillage en fer forg\u00e9, tellement \u00e9puis\u00e9 par mes tergiversations qu\u2019endosser le r\u00f4le de mendiant ne me demandait quasiment aucun effort de composition\u00a0: je m\u2019asseyais, disposant ma casquette de randonn\u00e9e \u00e0 mes pieds, adoptant imm\u00e9diatement l\u2019air le plus malheureux qu\u2019on puisse imaginer, le regard absent, flottant au niveau des genoux des passants \u2013 tout en surveillant du coin de l\u2019\u0153il si quelque ennui n\u2019allait pas surgir du bout de la rue, un gendarme ou un autre mendiant par exemple.<\/span><\/p>\n<p class=\"western\"><span style=\"font-size: medium;\">La mendicit\u00e9 n\u2019est pas un art si facile qu\u2019il y para\u00eet, et, avec le peu d\u2019exp\u00e9rience dont je dispose, il me semble qu\u2019il faut pour l\u2019exercer avec efficacit\u00e9 un ensemble de comp\u00e9tences sans doute mais surtout une disposition de corps et d\u2019esprit particuli\u00e8re qui n\u2019est pas donn\u00e9e \u00e0 tout un chacun. Bien qu\u2019ayant fr\u00e9quent\u00e9, durant mes ann\u00e9es \u00e9tudiantes nombre de mendiants, r\u00e9guliers ou d\u2019occasion, je n\u2019ai jamais su briller dans cet art, si j\u2019en crois le maigre p\u00e9cule que m\u2019ont rapport\u00e9 mes diff\u00e9rentes exp\u00e9riences dans ce domaine.<\/span><\/p>\n<p class=\"western\"><span style=\"font-size: medium;\">(Je me souviens soudain d\u2019un certain S., que j\u2019avais h\u00e9berg\u00e9 une fois durant quelques nuits dans l\u2019appartement assez sordide que je louais en p\u00e9riph\u00e9rie de la ville, un mendiant plein de verve quand il ne cuvait pas son vin et qui, install\u00e9 sous le porche de l\u2019\u00e9glise Saint-Porchaire, au beau milieu de la voie commerciale la plus fr\u00e9quent\u00e9e de Poitiers, beuglait au passage des bourgeois \u00ab\u00a0Anarchie\u00a0\u00bb, au point qu\u2019on avait fini par l\u2019appeler ainsi, \u00ab\u00a0Anarchie\u00a0\u00bb, bien que, si l\u2019on avait pris la peine d\u2019en discuter avec lui, il s\u2019av\u00e9rait qu\u2019il n\u2019avait jamais lu la moindre ligne de Bakounine ou Malatesta, et, apr\u00e8s qu\u2019une assistante sociale persuasive l\u2019eut aid\u00e9 \u00e0 trouver un logement et un emploi, il s\u2019en trouva para\u00eet-il fort bien et mena une vie d\u2019un conformisme assez remarquable \u00e9tant donn\u00e9 son pass\u00e9)<\/span><\/p>\n<p class=\"western\"><span style=\"font-size: medium;\">Alors que j\u2019entrais juste \u00e0 la facult\u00e9, l\u2019ann\u00e9e de mes dix-huit ans, il m\u2019est arriv\u00e9 par deux fois qu\u2019on me donne la pi\u00e8ce alors que j\u2019\u00e9tais juste assis sur un plot \u00e0 l\u2019entr\u00e9e d\u2019une rue pi\u00e9tonne, attendant je ne sais quoi. J\u2019avais, il faut l\u2019admettre, la prestance d\u2019un mendiant ou d\u2019un vagabond, toujours habill\u00e9 de vieilles fripes achet\u00e9es au kilogramme dans les entrep\u00f4ts d\u2019Emma\u00fcs. Une dame \u00e2g\u00e9e avait ponctu\u00e9 son aum\u00f4ne d\u2019un \u00ab\u00a0mon pauvre gar\u00e7on\u00a0\u00bb, et, trente-cinq ans plus tard, je peux encore entendre encore sa voix bris\u00e9e tandis que j\u2019acceptais, pris par surprise alors que je ne demandais rien, les francs et les centimes qu\u2019elle me tendait.<\/span><\/p>\n<p class=\"western\"><span style=\"font-size: medium;\">Quelques ann\u00e9es plus tard, \u00e0 Cahors \u00e0 la fin de l\u2019\u00e9t\u00e9, alors que je commen\u00e7ais \u00e0 \u00e9prouver le d\u00e9sir de rentrer chez moi apr\u00e8s une longue randonn\u00e9e de pr\u00e8s de deux mois \u00e0 travers les Alpes, le Languedoc et les Causses, et qu\u2019il me manquait une dizaine de francs pour acheter un billet de train, je r\u00e9solus, apr\u00e8s avoir bu une bi\u00e8re et un caf\u00e9 \u00e0 la terrasse d\u2019un bar situ\u00e9 en face de la cath\u00e9drale, d\u00e9pensant de mani\u00e8re irrationnelle l\u2019argent qui allait me manquer, de quitter mes habits de randonneur pour rev\u00eatir ceux d\u2019un mendiant, formulation ironique puisque, dans l\u2019\u00e9tat o\u00f9 je me trouvais apr\u00e8s cette randonn\u00e9e interminable, laquelle, au fil des jours, avait pris l\u2019allure d\u2019une errance sans finalit\u00e9, je ressemblais tout \u00e0 fait \u00e0 un vagabond.<\/span><\/p>\n<p class=\"western\"><span style=\"font-size: medium;\">Je m\u2019installais sur le parvis de la cath\u00e9drale Saint-\u00c9tienne de Cahors, sorte de forteresse aust\u00e8re et peu engageante, et, captant sans trop de peine l\u2019attention des touristes qui d\u00e9filaient dans l\u2019apr\u00e8s-midi, hagards sous le soleil de plomb, j\u2019obtins la somme qui me faisait d\u00e9faut et, apr\u00e8s une nuit pass\u00e9e allong\u00e9 dans l\u2019herbe sur les berges du Lot, achetais un billet de train pour quitter cet endroit au plus vite. C\u2019\u00e9tait l\u2019ann\u00e9e de ma licence\u00a0: ayant fil\u00e9 sans crier gare avant m\u00eame le d\u00e9but des \u00e9preuves orales au d\u00e9but de l\u2019\u00e9t\u00e9, j\u2019imaginais que c\u2019en \u00e9tait termin\u00e9 de ces \u00e9tudes, qu\u2019on m\u2019avait consid\u00e9r\u00e9 comme perdu pour la philosophie (et pour tout le reste, car je n\u2019avais donn\u00e9 qu\u2019une seule fois des nouvelles durant tout mon p\u00e9riple, et cette communication remontait \u00e0 la mi-juillet. Un mois et demi s\u2019\u00e9tait \u00e9coul\u00e9 depuis, sans que personne, manifestement, ni mes proches, ni mes amis, ne se soit inqui\u00e9t\u00e9 de mon sort). Cependant, \u00e0 ma grande surprise, je re\u00e7us au d\u00e9but de septembre un courrier de la facult\u00e9, par lequel j\u2019\u00e9tais invit\u00e9 \u00e0 passer mes \u00e9preuves orales \u00e0 la fin du mois, si tel \u00e9tait mon souhait. J\u2019ignorais quel \u00e9tait mon souhait, mais, par d\u00e9s\u0153uvrement, je me penchais durant quelques semaines sur les auteurs au programme que je d\u00e9couvrais \u00e0 vrai dire n\u2019ayant gu\u00e8re fr\u00e9quent\u00e9 l\u2019universit\u00e9 durant l\u2019ann\u00e9e scolaire.<\/span><\/p>\n<p class=\"western\"><span style=\"font-size: medium;\">Plus tard encore, je me suis trouv\u00e9 dans d\u2019autres situations o\u00f9 la n\u00e9cessit\u00e9 m\u2019obligeait \u00e0 faire la manche, mais nulle part je n\u2019ai pouss\u00e9 l\u2019exp\u00e9rience \u00e0 un point tel que lors de mon second s\u00e9jour \u00e0 Santander, au d\u00e9but de ce mill\u00e9naire. J\u2019avais d\u00e9barqu\u00e9 ici dans des conditions difficiles, avec, comme trop souvent, une faible somme d\u2019argent, toutes mes \u00e9conomies \u00e0 vrai dire, et, au bout de deux semaines, un distributeur de billets de banque avait aval\u00e9 sans scrupule et d\u00e9finitivement ma carte bancaire \u2013 l\u2019employ\u00e9 de la Banco Santander m\u2019expliqua dans un anglais relativement intelligible que j\u2019\u00e9tais depuis la veille sur une liste europ\u00e9enne de mauvais payeurs, une sorte de d\u00e9linquant international donc, et qu\u2019il m\u2019\u00e9tait par cons\u00e9quent d\u00e9sormais impossible de retirer de l\u2019argent o\u00f9 que ce soit \u2013 \u00ab <i>You mean all over the world\u00a0?<\/i>\u00a0\u00bb, \u00ab\u00a0<i>Yes, I\u2019m afraid.<\/i>\u00a0\u00bb.<\/span><\/p>\n<p class=\"western\"><span style=\"font-size: medium;\">Comme je n\u2019avais nullement l\u2019intention de repartir de sit\u00f4t, et surtout pas de rentrer en France o\u00f9 m\u2019attendait une vie d\u00e9sastreuse qui partait en lambeaux, j\u2019\u00e9tais contraint de gagner ma pitance (et surtout, dois-je admettre, de satisfaire mon addiction \u00e0 l\u2019alcool et au tabac) autrement, c\u2019est-\u00e0-dire, en faisant la manche. Certes, Aparecida, pour l\u2019amour de laquelle j\u2019\u00e9tais venu faire naufrage ici plut\u00f4t qu\u2019ailleurs, me d\u00e9pannerait plus d\u2019une fois, mais il me faudrait tout de m\u00eame me m\u00e9tamorphoser en mendiant, \u00e9tranger qui plus est, alors que, les jours pr\u00e9c\u00e9dents, je menais l\u2019existence insouciante d\u2019un rentier vaguement m\u00e9lancolique, \u00e9cumant les bars de la ville, parcourant sans but particulier les ruelles color\u00e9es de la vieille cit\u00e9 et m\u00e9ditant au soleil sur les grandes plages qui bordent l\u2019anse d\u2019El Sardinero, en attendant le soir venu de retrouver ma belle amoureuse.<\/span><\/p>\n<p class=\"western\"><span style=\"font-size: medium;\">La mendicit\u00e9 \u00e0 Santander ob\u00e9issait \u00e0 des r\u00e8gles strictes, bien que nul n\u2019ait jug\u00e9 utile de les porter \u00e0 l\u2019\u00e9crit, comme me l\u2019expliqua, avec force geste et dans un anglais douteux, un clochard professionnel pr\u00e9nomm\u00e9 Jos\u00e9, qui, manifestement, faisait office \u00e0 la fois de guide et de conseiller pour les nouveaux aspirants \u00e0 la pratique de cet art fort couru dans les rues de la ville. J\u2019avais, de mani\u00e8re instinctive, choisi de d\u00e9buter mon activit\u00e9 sur l\u2019embarcad\u00e8re des bateaux pour Plymouth, parce que j\u2019esp\u00e9rais accueillir \u00e0 cet endroit les touristes anglais que j\u2019imaginais plus fortun\u00e9s que les autochtones. Comme j\u2019avais apport\u00e9 avec moi ma guitare, je jouais et chantais les \u00e9bauches des chansons que j\u2019enregistrerai quelques ann\u00e9es plus tard, dans ce qui, d\u00e9j\u00e0, s\u2019apparenterait \u00e0 une autre vie (une de plus). Au bout de quelques heures, force \u00e9tait de constater qu\u2019au rythme o\u00f9 se remplissait ma casquette, je n\u2019allais pas pouvoir manger de sit\u00f4t : il y avait \u00e0 peine de quoi se payer une demi-baguette. Le lendemain, apr\u00e8s une autre nuit sur le si\u00e8ge arri\u00e8re de mon automobile gar\u00e9e pr\u00e8s du port de commerce je d\u00e9cidais de migrer vers le centre-ville, et, avisant un espace libre sur une art\u00e8re pi\u00e9tonne bien fr\u00e9quent\u00e9e, m\u2019installai \u00e0 l\u2019abri du soleil, bien d\u00e9cid\u00e9 sinon \u00e0 faire fortune sinon du moins \u00e0 gagner de quoi me payer un repas correct le soir venu : Aparecida m\u2019avait offert celui de la veille, mais j\u2019esp\u00e9rais, de mani\u00e8re absurde, lui rendre la pareille, par orgueil, un peu comme le jeune Knut Hamsun errant dans les rues de Christiania, qui, passant outre tout calcul rationnel, bien qu\u2019il soit tenaill\u00e9 par la faim, trouve encore le moyen de se montrer g\u00e9n\u00e9reux.<\/span><\/p>\n<p class=\"western\"><span style=\"font-size: medium;\">J\u2019avais \u00e0 peine sorti ma guitare de son \u00e9tui que Jos\u00e9, comme s\u2019il avait \u00e9t\u00e9 pr\u00e9pos\u00e9 \u00e0 cette t\u00e2che particuli\u00e8re, surgit tout \u00e0 coup devant moi l\u2019air pr\u00e9occup\u00e9, et, tournant la t\u00eate de droite et de gauche, manifestement d\u00e9sol\u00e9 et inquiet pour mon sort, entreprit de m\u2019exposer le r\u00e8glement de la mendicit\u00e9 \u00e0 Santander. \u00ab\u00a0Tu vois mon ami, cette rue, il faut absolument la quitter avant 16 heures, car c\u2019est \u00e0 ce moment-l\u00e0 que d\u00e9barque la <i>Polic\u00eda Local<\/i>, laquelle ne plaisante pas avec les mendiants. \u00bb Je le remerciai, mais il avait bien d\u2019autres choses \u00e0 me dire. Avisant ma guitare, il me dit de bien la garder \u00e0 l\u2019\u0153il, qu\u2019elle pouvait susciter la convoitise de mes concurrents dans les affaires. Et : \u00ab O\u00f9 dors-tu ? \u00bb, je peux t\u2019indiquer une maison dans laquelle logent des gens comme nous, il faudra faire attention, mais tant que tu es avec moi, tu ne risques rien, toutefois, n\u2019apporte surtout pas ta guitare ! \u00bb. Voyant comment il la reluquait, ma guitare, je le remerciais et d\u00e9clinais son invitation, pr\u00e9f\u00e9rant dormir dehors, lui dis-je, sans \u00e9voquer mon automobile gar\u00e9e sur le parking du port de commerce, un peu \u00e0 l\u2019\u00e9cart de la ville.<\/span><\/p>\n<p class=\"western\"><span style=\"font-size: medium;\">Les jours suivants, fort des conseils prodigu\u00e9s par mon tuteur, je trouvais place dans une rue parall\u00e8le, \u00e0 distance respectable d\u2019autres mendiants, dont certains jouaient de la fl\u00fbte, d\u2019autres, des percussions ou du violon, et, ayant dissimul\u00e9 ma guitare dans le coffre de la voiture, sous une pile de couvertures, je pris mes aises en quelque sorte, plongeant dans une inaction absolue ponctu\u00e9e de \u00ab\u00a0<\/span><em><span style=\"font-size: medium;\">gracias, se\u00f1or\u00a0! gracias, se\u00f1ora\u00a0!<\/span><\/em><span style=\"font-size: medium;\">\u00a0\u00bb, sympathisant m\u00eame avec d\u2019autres clochards, dont certains venaient de fort loin, notamment un quinquag\u00e9naire polonais qui, disait-il, ne s\u2019\u00e9tait jamais vraiment remis de son divorce, avait commenc\u00e9 \u00e0 marcher depuis \u0141\u00f3d\u017a il y avait dix ans de cela sans but v\u00e9ritable, traversant sans y penser vraiment la totalit\u00e9 de l\u2019Europe jusqu\u2019\u00e0 s\u2019\u00e9tablir \u00e0 Santander l\u2019ann\u00e9e derni\u00e8re, o\u00f9 il se sentait bien, et envisageait d\u2019y rester encore quelque temps avant de reprendre la route peut-\u00eatre, pour aller o\u00f9, il n\u2019en savait fichtre rien ajoutait-il en souriant tristement.<\/span><\/p>\n","protected":false},"excerpt":{"rendered":"<p>Durant les ann\u00e9es les plus incertaines de ma vie tumultueuse, j\u2019ai \u00e9t\u00e9 amen\u00e9, par n\u00e9cessit\u00e9, \u00e0 faire la manche. Ces situations m\u2019ont toujours plong\u00e9 dans l\u2019inconfort le plus extr\u00eame\u00a0: c\u2019est toujours apr\u00e8s de longs et p\u00e9nibles entretiens avec moi-m\u00eame, h\u00e9sitant, satur\u00e9 d\u2019inqui\u00e9tudes, jusqu\u2019\u00e0 tr\u00e9bucher, tandis que, d\u2019un air apparemment d\u00e9tach\u00e9, je parcourais lentement les rues&hellip;<\/p>\n <a href=\"https:\/\/outsiderland.com\/danahilliot\/faire-la-manche\/\" title=\"Faire la manche\" class=\"entry-more-link\"><span>Read More<\/span> <span class=\"screen-reader-text\">Faire la manche<\/span><\/a>","protected":false},"author":1,"featured_media":4501,"parent":0,"menu_order":0,"comment_status":"closed","ping_status":"closed","template":"","meta":{"Layout":"","footnotes":""},"categories":[120],"tags":[126],"class_list":["entry","author-danah","post-4499","page","type-page","status-publish","has-post-thumbnail","category-observation","tag-observation"],"yoast_head":"<!-- This site is optimized with the Yoast SEO plugin v27.0 - https:\/\/yoast.com\/product\/yoast-seo-wordpress\/ -->\n<title>Faire la manche - Outside Dana Hilliot<\/title>\n<meta name=\"robots\" content=\"index, follow, max-snippet:-1, max-image-preview:large, max-video-preview:-1\" \/>\n<link rel=\"canonical\" href=\"https:\/\/outsiderland.com\/danahilliot\/faire-la-manche\/\" \/>\n<meta property=\"og:locale\" content=\"fr_FR\" \/>\n<meta property=\"og:type\" content=\"article\" \/>\n<meta property=\"og:title\" content=\"Faire la manche - Outside Dana Hilliot\" \/>\n<meta property=\"og:description\" content=\"Durant les ann\u00e9es les plus incertaines de ma vie tumultueuse, j\u2019ai \u00e9t\u00e9 amen\u00e9, par n\u00e9cessit\u00e9, \u00e0 faire la manche. Ces situations m\u2019ont toujours plong\u00e9 dans l\u2019inconfort le plus extr\u00eame\u00a0: c\u2019est toujours apr\u00e8s de longs et p\u00e9nibles entretiens avec moi-m\u00eame, h\u00e9sitant, satur\u00e9 d\u2019inqui\u00e9tudes, jusqu\u2019\u00e0 tr\u00e9bucher, tandis que, d\u2019un air apparemment d\u00e9tach\u00e9, je parcourais lentement les rues&hellip;\" \/>\n<meta property=\"og:url\" content=\"https:\/\/outsiderland.com\/danahilliot\/faire-la-manche\/\" \/>\n<meta property=\"og:site_name\" content=\"Outside Dana Hilliot\" \/>\n<meta property=\"article:modified_time\" content=\"2025-10-12T09:46:08+00:00\" \/>\n<meta property=\"og:image\" content=\"https:\/\/outsiderland.com\/danahilliot\/wp-content\/uploads\/2022\/07\/Capture-decran_2022-07-05_18-51-42.png\" \/>\n\t<meta property=\"og:image:width\" content=\"1102\" \/>\n\t<meta property=\"og:image:height\" content=\"842\" \/>\n\t<meta property=\"og:image:type\" content=\"image\/png\" \/>\n<meta name=\"twitter:card\" content=\"summary_large_image\" \/>\n<meta name=\"twitter:label1\" content=\"Dur\u00e9e de lecture estim\u00e9e\" \/>\n\t<meta name=\"twitter:data1\" content=\"11 minutes\" \/>\n<script type=\"application\/ld+json\" class=\"yoast-schema-graph\">{\"@context\":\"https:\/\/schema.org\",\"@graph\":[{\"@type\":\"WebPage\",\"@id\":\"https:\/\/outsiderland.com\/danahilliot\/faire-la-manche\/\",\"url\":\"https:\/\/outsiderland.com\/danahilliot\/faire-la-manche\/\",\"name\":\"Faire la manche - Outside Dana Hilliot\",\"isPartOf\":{\"@id\":\"https:\/\/outsiderland.com\/danahilliot\/#website\"},\"primaryImageOfPage\":{\"@id\":\"https:\/\/outsiderland.com\/danahilliot\/faire-la-manche\/#primaryimage\"},\"image\":{\"@id\":\"https:\/\/outsiderland.com\/danahilliot\/faire-la-manche\/#primaryimage\"},\"thumbnailUrl\":\"https:\/\/outsiderland.com\/danahilliot\/wp-content\/uploads\/2022\/07\/Capture-decran_2022-07-05_18-51-42.png\",\"datePublished\":\"2022-07-05T17:05:51+00:00\",\"dateModified\":\"2025-10-12T09:46:08+00:00\",\"breadcrumb\":{\"@id\":\"https:\/\/outsiderland.com\/danahilliot\/faire-la-manche\/#breadcrumb\"},\"inLanguage\":\"fr-FR\",\"potentialAction\":[{\"@type\":\"ReadAction\",\"target\":[\"https:\/\/outsiderland.com\/danahilliot\/faire-la-manche\/\"]}]},{\"@type\":\"ImageObject\",\"inLanguage\":\"fr-FR\",\"@id\":\"https:\/\/outsiderland.com\/danahilliot\/faire-la-manche\/#primaryimage\",\"url\":\"https:\/\/outsiderland.com\/danahilliot\/wp-content\/uploads\/2022\/07\/Capture-decran_2022-07-05_18-51-42.png\",\"contentUrl\":\"https:\/\/outsiderland.com\/danahilliot\/wp-content\/uploads\/2022\/07\/Capture-decran_2022-07-05_18-51-42.png\",\"width\":1102,\"height\":842},{\"@type\":\"BreadcrumbList\",\"@id\":\"https:\/\/outsiderland.com\/danahilliot\/faire-la-manche\/#breadcrumb\",\"itemListElement\":[{\"@type\":\"ListItem\",\"position\":1,\"name\":\"Accueil\",\"item\":\"https:\/\/outsiderland.com\/danahilliot\/\"},{\"@type\":\"ListItem\",\"position\":2,\"name\":\"Faire la manche\"}]},{\"@type\":\"WebSite\",\"@id\":\"https:\/\/outsiderland.com\/danahilliot\/#website\",\"url\":\"https:\/\/outsiderland.com\/danahilliot\/\",\"name\":\"Outside Dana Hilliot\",\"description\":\". Archives . Activit\u00e9s . Projets .\",\"publisher\":{\"@id\":\"https:\/\/outsiderland.com\/danahilliot\/#\/schema\/person\/201a1fef0f5c2897bd65e98bcf6b1179\"},\"potentialAction\":[{\"@type\":\"SearchAction\",\"target\":{\"@type\":\"EntryPoint\",\"urlTemplate\":\"https:\/\/outsiderland.com\/danahilliot\/?s={search_term_string}\"},\"query-input\":{\"@type\":\"PropertyValueSpecification\",\"valueRequired\":true,\"valueName\":\"search_term_string\"}}],\"inLanguage\":\"fr-FR\"},{\"@type\":[\"Person\",\"Organization\"],\"@id\":\"https:\/\/outsiderland.com\/danahilliot\/#\/schema\/person\/201a1fef0f5c2897bd65e98bcf6b1179\",\"name\":\"danahilliot\",\"image\":{\"@type\":\"ImageObject\",\"inLanguage\":\"fr-FR\",\"@id\":\"https:\/\/outsiderland.com\/danahilliot\/#\/schema\/person\/image\/\",\"url\":\"https:\/\/outsiderland.com\/danahilliot\/wp-content\/uploads\/2026\/02\/50801449407_a909f2c1ad_k.jpg\",\"contentUrl\":\"https:\/\/outsiderland.com\/danahilliot\/wp-content\/uploads\/2026\/02\/50801449407_a909f2c1ad_k.jpg\",\"width\":2048,\"height\":1536,\"caption\":\"danahilliot\"},\"logo\":{\"@id\":\"https:\/\/outsiderland.com\/danahilliot\/#\/schema\/person\/image\/\"}}]}<\/script>\n<!-- \/ Yoast SEO plugin. -->","yoast_head_json":{"title":"Faire la manche - Outside Dana Hilliot","robots":{"index":"index","follow":"follow","max-snippet":"max-snippet:-1","max-image-preview":"max-image-preview:large","max-video-preview":"max-video-preview:-1"},"canonical":"https:\/\/outsiderland.com\/danahilliot\/faire-la-manche\/","og_locale":"fr_FR","og_type":"article","og_title":"Faire la manche - Outside Dana Hilliot","og_description":"Durant les ann\u00e9es les plus incertaines de ma vie tumultueuse, j\u2019ai \u00e9t\u00e9 amen\u00e9, par n\u00e9cessit\u00e9, \u00e0 faire la manche. Ces situations m\u2019ont toujours plong\u00e9 dans l\u2019inconfort le plus extr\u00eame\u00a0: c\u2019est toujours apr\u00e8s de longs et p\u00e9nibles entretiens avec moi-m\u00eame, h\u00e9sitant, satur\u00e9 d\u2019inqui\u00e9tudes, jusqu\u2019\u00e0 tr\u00e9bucher, tandis que, d\u2019un air apparemment d\u00e9tach\u00e9, je parcourais lentement les rues&hellip;","og_url":"https:\/\/outsiderland.com\/danahilliot\/faire-la-manche\/","og_site_name":"Outside Dana Hilliot","article_modified_time":"2025-10-12T09:46:08+00:00","og_image":[{"width":1102,"height":842,"url":"https:\/\/outsiderland.com\/danahilliot\/wp-content\/uploads\/2022\/07\/Capture-decran_2022-07-05_18-51-42.png","type":"image\/png"}],"twitter_card":"summary_large_image","twitter_misc":{"Dur\u00e9e de lecture estim\u00e9e":"11 minutes"},"schema":{"@context":"https:\/\/schema.org","@graph":[{"@type":"WebPage","@id":"https:\/\/outsiderland.com\/danahilliot\/faire-la-manche\/","url":"https:\/\/outsiderland.com\/danahilliot\/faire-la-manche\/","name":"Faire la manche - Outside Dana Hilliot","isPartOf":{"@id":"https:\/\/outsiderland.com\/danahilliot\/#website"},"primaryImageOfPage":{"@id":"https:\/\/outsiderland.com\/danahilliot\/faire-la-manche\/#primaryimage"},"image":{"@id":"https:\/\/outsiderland.com\/danahilliot\/faire-la-manche\/#primaryimage"},"thumbnailUrl":"https:\/\/outsiderland.com\/danahilliot\/wp-content\/uploads\/2022\/07\/Capture-decran_2022-07-05_18-51-42.png","datePublished":"2022-07-05T17:05:51+00:00","dateModified":"2025-10-12T09:46:08+00:00","breadcrumb":{"@id":"https:\/\/outsiderland.com\/danahilliot\/faire-la-manche\/#breadcrumb"},"inLanguage":"fr-FR","potentialAction":[{"@type":"ReadAction","target":["https:\/\/outsiderland.com\/danahilliot\/faire-la-manche\/"]}]},{"@type":"ImageObject","inLanguage":"fr-FR","@id":"https:\/\/outsiderland.com\/danahilliot\/faire-la-manche\/#primaryimage","url":"https:\/\/outsiderland.com\/danahilliot\/wp-content\/uploads\/2022\/07\/Capture-decran_2022-07-05_18-51-42.png","contentUrl":"https:\/\/outsiderland.com\/danahilliot\/wp-content\/uploads\/2022\/07\/Capture-decran_2022-07-05_18-51-42.png","width":1102,"height":842},{"@type":"BreadcrumbList","@id":"https:\/\/outsiderland.com\/danahilliot\/faire-la-manche\/#breadcrumb","itemListElement":[{"@type":"ListItem","position":1,"name":"Accueil","item":"https:\/\/outsiderland.com\/danahilliot\/"},{"@type":"ListItem","position":2,"name":"Faire la manche"}]},{"@type":"WebSite","@id":"https:\/\/outsiderland.com\/danahilliot\/#website","url":"https:\/\/outsiderland.com\/danahilliot\/","name":"Outside Dana Hilliot","description":". Archives . Activit\u00e9s . Projets .","publisher":{"@id":"https:\/\/outsiderland.com\/danahilliot\/#\/schema\/person\/201a1fef0f5c2897bd65e98bcf6b1179"},"potentialAction":[{"@type":"SearchAction","target":{"@type":"EntryPoint","urlTemplate":"https:\/\/outsiderland.com\/danahilliot\/?s={search_term_string}"},"query-input":{"@type":"PropertyValueSpecification","valueRequired":true,"valueName":"search_term_string"}}],"inLanguage":"fr-FR"},{"@type":["Person","Organization"],"@id":"https:\/\/outsiderland.com\/danahilliot\/#\/schema\/person\/201a1fef0f5c2897bd65e98bcf6b1179","name":"danahilliot","image":{"@type":"ImageObject","inLanguage":"fr-FR","@id":"https:\/\/outsiderland.com\/danahilliot\/#\/schema\/person\/image\/","url":"https:\/\/outsiderland.com\/danahilliot\/wp-content\/uploads\/2026\/02\/50801449407_a909f2c1ad_k.jpg","contentUrl":"https:\/\/outsiderland.com\/danahilliot\/wp-content\/uploads\/2026\/02\/50801449407_a909f2c1ad_k.jpg","width":2048,"height":1536,"caption":"danahilliot"},"logo":{"@id":"https:\/\/outsiderland.com\/danahilliot\/#\/schema\/person\/image\/"}}]}},"_links":{"self":[{"href":"https:\/\/outsiderland.com\/danahilliot\/wp-json\/wp\/v2\/pages\/4499","targetHints":{"allow":["GET"]}}],"collection":[{"href":"https:\/\/outsiderland.com\/danahilliot\/wp-json\/wp\/v2\/pages"}],"about":[{"href":"https:\/\/outsiderland.com\/danahilliot\/wp-json\/wp\/v2\/types\/page"}],"author":[{"embeddable":true,"href":"https:\/\/outsiderland.com\/danahilliot\/wp-json\/wp\/v2\/users\/1"}],"replies":[{"embeddable":true,"href":"https:\/\/outsiderland.com\/danahilliot\/wp-json\/wp\/v2\/comments?post=4499"}],"version-history":[{"count":6,"href":"https:\/\/outsiderland.com\/danahilliot\/wp-json\/wp\/v2\/pages\/4499\/revisions"}],"predecessor-version":[{"id":4507,"href":"https:\/\/outsiderland.com\/danahilliot\/wp-json\/wp\/v2\/pages\/4499\/revisions\/4507"}],"wp:featuredmedia":[{"embeddable":true,"href":"https:\/\/outsiderland.com\/danahilliot\/wp-json\/wp\/v2\/media\/4501"}],"wp:attachment":[{"href":"https:\/\/outsiderland.com\/danahilliot\/wp-json\/wp\/v2\/media?parent=4499"}],"wp:term":[{"taxonomy":"category","embeddable":true,"href":"https:\/\/outsiderland.com\/danahilliot\/wp-json\/wp\/v2\/categories?post=4499"},{"taxonomy":"post_tag","embeddable":true,"href":"https:\/\/outsiderland.com\/danahilliot\/wp-json\/wp\/v2\/tags?post=4499"}],"curies":[{"name":"wp","href":"https:\/\/api.w.org\/{rel}","templated":true}]}}