{"id":4494,"date":"2022-07-04T21:29:28","date_gmt":"2022-07-04T21:29:28","guid":{"rendered":"https:\/\/outsiderland.com\/danahilliot\/?page_id=4494"},"modified":"2025-10-12T09:46:08","modified_gmt":"2025-10-12T09:46:08","slug":"le-dernier-voyage-pressentiment","status":"publish","type":"page","link":"https:\/\/outsiderland.com\/danahilliot\/le-dernier-voyage-pressentiment\/","title":{"rendered":"Le dernier voyage (pressentiment)"},"content":{"rendered":"<p><span style=\"font-family: Adobe Caslon Pro;\">Depuis mon bureau et ma chambre \u00e0 coucher, ou en me promenant pr\u00e8s des \u00e9tangs, je m\u2019offre pour cette saison maudite un voyage en m\u00e9lancolie, comme le font ceux qui n\u2019ont pas le sou pour voyager d\u2019une autre fa\u00e7on.<\/span><\/p>\n<div id=\"tweet_2\" dir=\"ltr\">\n<p><span style=\"font-family: Adobe Caslon Pro;\">Je retourne \u00e0 Santander. Je suis all\u00e9 deux fois en l\u2019espace de quelques mois l\u00e0-bas, c\u2019\u00e9tait peu apr\u00e8s le d\u00e9but de ce mill\u00e9naire, il y a vingt ans. Il y a une p\u00e9riode de ma vie, l\u00e0, durant les quelques ann\u00e9es qui pr\u00e9c\u00e8dent et suivent le tournant du mill\u00e9naire, qui se pr\u00e9sente de mani\u00e8re extr\u00eamement confuse \u00e0 l\u2019esprit\u00a0: le souvenir d\u2019\u00e9v\u00e8nements intenses a occult\u00e9 la m\u00e9moire de ma vie d\u2019alors, emportant dans les limbes les dates, les chronologies, les motifs et les causalit\u00e9s.<\/span><\/p>\n<\/div>\n<div id=\"tweet_4\" dir=\"ltr\">\n<p><span style=\"font-family: Adobe Caslon Pro;\">Pour y voir plus clair, je m\u00e8ne une enqu\u00eate sur Internet et ressors des documents administratifs du carton o\u00f9 je les avais conserv\u00e9s, au cas o\u00f9 (et pourquoi pas pour un cas comme celui-l\u00e0\u00a0?)<\/span><\/p>\n<\/div>\n<div id=\"tweet_5\" dir=\"ltr\">\n<p><span style=\"font-family: Adobe Caslon Pro;\">La premi\u00e8re fois, c\u2019\u00e9tait en novembre 2002. J\u2019en trouve une trace ici, dans ce compte-rendu du festival <\/span><em><span style=\"font-family: Adobe Caslon Pro;\">Tanned Tin<\/span><\/em><span style=\"font-family: Adobe Caslon Pro;\">, qui s\u2019\u00e9tait tenu \u00e0 cette \u00e9poque, \u00e0 Santander donc, et c\u2019est l\u00e0 o\u00f9 nous nous sommes rencontr\u00e9s.<\/span><\/p>\n<\/div>\n<div id=\"tweet_6\" dir=\"ltr\">\n<p><span style=\"font-family: Adobe Caslon Pro;\">Au bar du festival, \u00e0 ma grande surprise, on vendait du Jack Daniels servi dans des gobelets en plastique. Je tournais exclusivement au Whisky dans la consommation duquel je dilapidais et mon ch\u00f4mage et ma sant\u00e9. \u00c7a m\u2019\u00e9tait \u00e9gal.<\/span><\/p>\n<\/div>\n<div id=\"tweet_7\" dir=\"ltr\">\n<p><span style=\"font-family: Adobe Caslon Pro;\">J\u2019\u00e9tais lanc\u00e9 dans une entreprise d\u00e9lib\u00e9r\u00e9e et syst\u00e9matique de destruction, \u00e0 commencer par la destruction de mon mariage, d\u2019une vie professionnelle de toute fa\u00e7on d\u00e9sastreuse, et de l\u2019avenir en g\u00e9n\u00e9ral. La fin de l\u2019histoire avec Agathe m\u2019avait d\u00e9vast\u00e9, un authentique \u00ab\u00a0amour impossible\u00a0\u00bb, j\u2019en voulais \u00e0 la terre enti\u00e8re, vivais \u00e0 droite et \u00e0 gauche, dans des campings le plus souvent.<\/span><\/p>\n<\/div>\n<div id=\"tweet_8\" dir=\"ltr\">\n<p><span style=\"font-family: Adobe Caslon Pro;\">Et \u00e0 Tanned Tin, je rencontrais Aparecida. \u00c0 la fin de la soir\u00e9e, nous \u00e9tions d\u00e9j\u00e0 ensemble, arpentant, en l\u00e9vitation, les rues incroyablement vivantes de Santander, et ainsi durant trois jours et trois nuits, nous \u00e9tions ensemble.<\/span><\/p>\n<\/div>\n<div id=\"tweet_9\" dir=\"ltr\">\n<p><span style=\"font-family: Adobe Caslon Pro;\">Et puis, il fallait rentrer en France \u2013 des choses attendaient d\u2019\u00eatre d\u00e9truites.<br \/>\nNous nous reverrions peut-\u00eatre. Ou pas.<\/span><\/p>\n<\/div>\n<div id=\"tweet_10\" dir=\"ltr\">\n<p><span style=\"font-family: Adobe Caslon Pro;\">S\u2019\u00e9coul\u00e8rent quelques mois de perdition. Un soir de f\u00e9vrier, j\u2019animais mon \u00e9mission de radio hebdomadaire sur une antenne locale. Au bout d\u2019une heure durant laquelle, contrairement \u00e0 mes habitudes, je me trouvais dans l\u2019incapacit\u00e9 absolue de prononcer le moindre mot, je quittais le studio pr\u00e9cipitamment, laissant pour la derni\u00e8re heure le programme automatique de la station prendre le relais. J\u2019\u00e9tais revenu au domicile conjugal pour une dur\u00e9e incertaine, Virginie \u00e9tait absente, j\u2019ai charg\u00e9 deux sacs dans ma 4L et suis reparti \u00e0 Santander traversant de nuit le sud-ouest de la France, puis, empruntant la fameuse route qui longe les corniches du Pays-Basque et de la Cantabrie jusqu\u2019\u00e0 Santander ma pierre pr\u00e9cieuse scintillante dans la nuit.<\/span><\/p>\n<\/div>\n<div id=\"tweet_13\" dir=\"ltr\">\n<p><span style=\"font-family: Adobe Caslon Pro;\">D\u00e9sormais priv\u00e9 de tout revenu, j\u2019allais devoir faire la manche pour survivre, c\u2019est-\u00e0-dire, boire, j\u2019\u00e9tais pass\u00e9 du whisky au mauvais vin de supermarch\u00e9, et, le lendemain, apr\u00e8s avoir cherch\u00e9 le sommeil dans la voiture sur le parking du port, j\u2019ai appel\u00e9 Aparecida.<\/span><\/p>\n<\/div>\n<div id=\"tweet_14\" dir=\"ltr\">\n<p><span style=\"font-family: Adobe Caslon Pro;\">J\u2019ai racont\u00e9 tout cela ailleurs, mes souvenirs les plus intenses, ceux qui effacent le reste, vous reviennent comme des coups de poignards ou des moments d\u2019extase. C\u2019\u00e9tait il y a vingt ans, et ce que j\u2019ai laiss\u00e9 l\u00e0-bas, dans cette histoire, m\u2019appelle aujourd\u2019hui, tandis que je suis \u00e0 nouveau dans le plus grand d\u00e9sarroi, comme si j\u2019avais \u00e0 le reprendre, ce quelque chose, cet inachev\u00e9 qui, je dois le dire, m\u2019a plong\u00e9 ces derniers jours, sans parler des nuits, dans une ind\u00e9racinable m\u00e9lancolie, et me tire des larmes \u00e0 tout bout de champ, sans raison apparente.<\/span><\/p>\n<\/div>\n<div id=\"tweet_16\" dir=\"ltr\">\n<p><span style=\"font-family: Adobe Caslon Pro;\">Pour \u00e9viter l\u2019effondrement pur et simple, je prends des notes, je fais mon Sebald de chambre \u00e0 coucher, j\u2019\u00e9tudie des cartes de g\u00e9ographie, je pr\u00e9pare un \u00e9ventuel voyage en chair et en os.<\/span><\/p>\n<\/div>\n<div id=\"tweet_17\" dir=\"ltr\">\n<p><span style=\"font-family: Adobe Caslon Pro;\">(avec ce sentiment irr\u00e9pressible que ce voyage sera le dernier \u2013 j\u2019ignore ce que cela signifie du reste, je sais juste cela, qu\u2019il sera le dernier)<\/span><\/p>\n<\/div>\n","protected":false},"excerpt":{"rendered":"<p>Depuis mon bureau et ma chambre \u00e0 coucher, ou en me promenant pr\u00e8s des \u00e9tangs, je m\u2019offre pour cette saison maudite un voyage en m\u00e9lancolie, comme le font ceux qui n\u2019ont pas le sou pour voyager d\u2019une autre fa\u00e7on. Je retourne \u00e0 Santander. Je suis all\u00e9 deux fois en l\u2019espace de quelques mois l\u00e0-bas, c\u2019\u00e9tait&hellip;<\/p>\n <a href=\"https:\/\/outsiderland.com\/danahilliot\/le-dernier-voyage-pressentiment\/\" title=\"Le dernier voyage (pressentiment)\" class=\"entry-more-link\"><span>Read More<\/span> <span class=\"screen-reader-text\">Le dernier voyage (pressentiment)<\/span><\/a>","protected":false},"author":1,"featured_media":0,"parent":0,"menu_order":0,"comment_status":"closed","ping_status":"closed","template":"","meta":{"Layout":"","footnotes":""},"categories":[120],"tags":[126],"class_list":["entry","author-danah","post-4494","page","type-page","status-publish","category-observation","tag-observation"],"yoast_head":"<!-- This site is optimized with the Yoast SEO plugin v27.0 - https:\/\/yoast.com\/product\/yoast-seo-wordpress\/ -->\n<title>Le dernier voyage (pressentiment) - Outside Dana Hilliot<\/title>\n<meta name=\"robots\" content=\"index, follow, max-snippet:-1, max-image-preview:large, max-video-preview:-1\" \/>\n<link rel=\"canonical\" href=\"https:\/\/outsiderland.com\/danahilliot\/le-dernier-voyage-pressentiment\/\" \/>\n<meta property=\"og:locale\" content=\"fr_FR\" \/>\n<meta property=\"og:type\" content=\"article\" \/>\n<meta property=\"og:title\" content=\"Le dernier voyage (pressentiment) - Outside Dana Hilliot\" \/>\n<meta property=\"og:description\" content=\"Depuis mon bureau et ma chambre \u00e0 coucher, ou en me promenant pr\u00e8s des \u00e9tangs, je m\u2019offre pour cette saison maudite un voyage en m\u00e9lancolie, comme le font ceux qui n\u2019ont pas le sou pour voyager d\u2019une autre fa\u00e7on. Je retourne \u00e0 Santander. Je suis all\u00e9 deux fois en l\u2019espace de quelques mois l\u00e0-bas, c\u2019\u00e9tait&hellip;\" \/>\n<meta property=\"og:url\" content=\"https:\/\/outsiderland.com\/danahilliot\/le-dernier-voyage-pressentiment\/\" \/>\n<meta property=\"og:site_name\" content=\"Outside Dana Hilliot\" \/>\n<meta property=\"article:modified_time\" content=\"2025-10-12T09:46:08+00:00\" \/>\n<meta name=\"twitter:card\" content=\"summary_large_image\" \/>\n<meta name=\"twitter:label1\" content=\"Dur\u00e9e de lecture estim\u00e9e\" \/>\n\t<meta name=\"twitter:data1\" content=\"4 minutes\" \/>\n<script type=\"application\/ld+json\" class=\"yoast-schema-graph\">{\"@context\":\"https:\/\/schema.org\",\"@graph\":[{\"@type\":\"WebPage\",\"@id\":\"https:\/\/outsiderland.com\/danahilliot\/le-dernier-voyage-pressentiment\/\",\"url\":\"https:\/\/outsiderland.com\/danahilliot\/le-dernier-voyage-pressentiment\/\",\"name\":\"Le dernier voyage (pressentiment) - Outside Dana Hilliot\",\"isPartOf\":{\"@id\":\"https:\/\/outsiderland.com\/danahilliot\/#website\"},\"datePublished\":\"2022-07-04T21:29:28+00:00\",\"dateModified\":\"2025-10-12T09:46:08+00:00\",\"breadcrumb\":{\"@id\":\"https:\/\/outsiderland.com\/danahilliot\/le-dernier-voyage-pressentiment\/#breadcrumb\"},\"inLanguage\":\"fr-FR\",\"potentialAction\":[{\"@type\":\"ReadAction\",\"target\":[\"https:\/\/outsiderland.com\/danahilliot\/le-dernier-voyage-pressentiment\/\"]}]},{\"@type\":\"BreadcrumbList\",\"@id\":\"https:\/\/outsiderland.com\/danahilliot\/le-dernier-voyage-pressentiment\/#breadcrumb\",\"itemListElement\":[{\"@type\":\"ListItem\",\"position\":1,\"name\":\"Accueil\",\"item\":\"https:\/\/outsiderland.com\/danahilliot\/\"},{\"@type\":\"ListItem\",\"position\":2,\"name\":\"Le dernier voyage (pressentiment)\"}]},{\"@type\":\"WebSite\",\"@id\":\"https:\/\/outsiderland.com\/danahilliot\/#website\",\"url\":\"https:\/\/outsiderland.com\/danahilliot\/\",\"name\":\"Outside Dana Hilliot\",\"description\":\". Archives . Activit\u00e9s . Projets .\",\"publisher\":{\"@id\":\"https:\/\/outsiderland.com\/danahilliot\/#\/schema\/person\/201a1fef0f5c2897bd65e98bcf6b1179\"},\"potentialAction\":[{\"@type\":\"SearchAction\",\"target\":{\"@type\":\"EntryPoint\",\"urlTemplate\":\"https:\/\/outsiderland.com\/danahilliot\/?s={search_term_string}\"},\"query-input\":{\"@type\":\"PropertyValueSpecification\",\"valueRequired\":true,\"valueName\":\"search_term_string\"}}],\"inLanguage\":\"fr-FR\"},{\"@type\":[\"Person\",\"Organization\"],\"@id\":\"https:\/\/outsiderland.com\/danahilliot\/#\/schema\/person\/201a1fef0f5c2897bd65e98bcf6b1179\",\"name\":\"danahilliot\",\"image\":{\"@type\":\"ImageObject\",\"inLanguage\":\"fr-FR\",\"@id\":\"https:\/\/outsiderland.com\/danahilliot\/#\/schema\/person\/image\/\",\"url\":\"https:\/\/outsiderland.com\/danahilliot\/wp-content\/uploads\/2026\/02\/50801449407_a909f2c1ad_k.jpg\",\"contentUrl\":\"https:\/\/outsiderland.com\/danahilliot\/wp-content\/uploads\/2026\/02\/50801449407_a909f2c1ad_k.jpg\",\"width\":2048,\"height\":1536,\"caption\":\"danahilliot\"},\"logo\":{\"@id\":\"https:\/\/outsiderland.com\/danahilliot\/#\/schema\/person\/image\/\"}}]}<\/script>\n<!-- \/ Yoast SEO plugin. -->","yoast_head_json":{"title":"Le dernier voyage (pressentiment) - Outside Dana Hilliot","robots":{"index":"index","follow":"follow","max-snippet":"max-snippet:-1","max-image-preview":"max-image-preview:large","max-video-preview":"max-video-preview:-1"},"canonical":"https:\/\/outsiderland.com\/danahilliot\/le-dernier-voyage-pressentiment\/","og_locale":"fr_FR","og_type":"article","og_title":"Le dernier voyage (pressentiment) - Outside Dana Hilliot","og_description":"Depuis mon bureau et ma chambre \u00e0 coucher, ou en me promenant pr\u00e8s des \u00e9tangs, je m\u2019offre pour cette saison maudite un voyage en m\u00e9lancolie, comme le font ceux qui n\u2019ont pas le sou pour voyager d\u2019une autre fa\u00e7on. Je retourne \u00e0 Santander. Je suis all\u00e9 deux fois en l\u2019espace de quelques mois l\u00e0-bas, c\u2019\u00e9tait&hellip;","og_url":"https:\/\/outsiderland.com\/danahilliot\/le-dernier-voyage-pressentiment\/","og_site_name":"Outside Dana Hilliot","article_modified_time":"2025-10-12T09:46:08+00:00","twitter_card":"summary_large_image","twitter_misc":{"Dur\u00e9e de lecture estim\u00e9e":"4 minutes"},"schema":{"@context":"https:\/\/schema.org","@graph":[{"@type":"WebPage","@id":"https:\/\/outsiderland.com\/danahilliot\/le-dernier-voyage-pressentiment\/","url":"https:\/\/outsiderland.com\/danahilliot\/le-dernier-voyage-pressentiment\/","name":"Le dernier voyage (pressentiment) - Outside Dana Hilliot","isPartOf":{"@id":"https:\/\/outsiderland.com\/danahilliot\/#website"},"datePublished":"2022-07-04T21:29:28+00:00","dateModified":"2025-10-12T09:46:08+00:00","breadcrumb":{"@id":"https:\/\/outsiderland.com\/danahilliot\/le-dernier-voyage-pressentiment\/#breadcrumb"},"inLanguage":"fr-FR","potentialAction":[{"@type":"ReadAction","target":["https:\/\/outsiderland.com\/danahilliot\/le-dernier-voyage-pressentiment\/"]}]},{"@type":"BreadcrumbList","@id":"https:\/\/outsiderland.com\/danahilliot\/le-dernier-voyage-pressentiment\/#breadcrumb","itemListElement":[{"@type":"ListItem","position":1,"name":"Accueil","item":"https:\/\/outsiderland.com\/danahilliot\/"},{"@type":"ListItem","position":2,"name":"Le dernier voyage (pressentiment)"}]},{"@type":"WebSite","@id":"https:\/\/outsiderland.com\/danahilliot\/#website","url":"https:\/\/outsiderland.com\/danahilliot\/","name":"Outside Dana Hilliot","description":". Archives . Activit\u00e9s . Projets .","publisher":{"@id":"https:\/\/outsiderland.com\/danahilliot\/#\/schema\/person\/201a1fef0f5c2897bd65e98bcf6b1179"},"potentialAction":[{"@type":"SearchAction","target":{"@type":"EntryPoint","urlTemplate":"https:\/\/outsiderland.com\/danahilliot\/?s={search_term_string}"},"query-input":{"@type":"PropertyValueSpecification","valueRequired":true,"valueName":"search_term_string"}}],"inLanguage":"fr-FR"},{"@type":["Person","Organization"],"@id":"https:\/\/outsiderland.com\/danahilliot\/#\/schema\/person\/201a1fef0f5c2897bd65e98bcf6b1179","name":"danahilliot","image":{"@type":"ImageObject","inLanguage":"fr-FR","@id":"https:\/\/outsiderland.com\/danahilliot\/#\/schema\/person\/image\/","url":"https:\/\/outsiderland.com\/danahilliot\/wp-content\/uploads\/2026\/02\/50801449407_a909f2c1ad_k.jpg","contentUrl":"https:\/\/outsiderland.com\/danahilliot\/wp-content\/uploads\/2026\/02\/50801449407_a909f2c1ad_k.jpg","width":2048,"height":1536,"caption":"danahilliot"},"logo":{"@id":"https:\/\/outsiderland.com\/danahilliot\/#\/schema\/person\/image\/"}}]}},"_links":{"self":[{"href":"https:\/\/outsiderland.com\/danahilliot\/wp-json\/wp\/v2\/pages\/4494","targetHints":{"allow":["GET"]}}],"collection":[{"href":"https:\/\/outsiderland.com\/danahilliot\/wp-json\/wp\/v2\/pages"}],"about":[{"href":"https:\/\/outsiderland.com\/danahilliot\/wp-json\/wp\/v2\/types\/page"}],"author":[{"embeddable":true,"href":"https:\/\/outsiderland.com\/danahilliot\/wp-json\/wp\/v2\/users\/1"}],"replies":[{"embeddable":true,"href":"https:\/\/outsiderland.com\/danahilliot\/wp-json\/wp\/v2\/comments?post=4494"}],"version-history":[{"count":3,"href":"https:\/\/outsiderland.com\/danahilliot\/wp-json\/wp\/v2\/pages\/4494\/revisions"}],"predecessor-version":[{"id":4508,"href":"https:\/\/outsiderland.com\/danahilliot\/wp-json\/wp\/v2\/pages\/4494\/revisions\/4508"}],"wp:attachment":[{"href":"https:\/\/outsiderland.com\/danahilliot\/wp-json\/wp\/v2\/media?parent=4494"}],"wp:term":[{"taxonomy":"category","embeddable":true,"href":"https:\/\/outsiderland.com\/danahilliot\/wp-json\/wp\/v2\/categories?post=4494"},{"taxonomy":"post_tag","embeddable":true,"href":"https:\/\/outsiderland.com\/danahilliot\/wp-json\/wp\/v2\/tags?post=4494"}],"curies":[{"name":"wp","href":"https:\/\/api.w.org\/{rel}","templated":true}]}}