{"id":3320,"date":"2019-12-28T20:41:02","date_gmt":"2019-12-28T20:41:02","guid":{"rendered":"https:\/\/outsiderland.com\/danahilliot\/?page_id=3320"},"modified":"2025-10-12T09:46:08","modified_gmt":"2025-10-12T09:46:08","slug":"nouvelles-visions","status":"publish","type":"page","link":"https:\/\/outsiderland.com\/danahilliot\/nouvelles-visions\/","title":{"rendered":"Nouvelles visions."},"content":{"rendered":"<div data-contents=\"true\">\n<div class=\"\" data-block=\"true\" data-editor=\"eajm1\" data-offset-key=\"7oc1j-0-0\">\n<div class=\"_1mf _1mj\" data-offset-key=\"7oc1j-0-0\"><span data-offset-key=\"7oc1j-0-0\">Nouvelles visions.<\/span><\/div>\n<\/div>\n<div class=\"\" data-block=\"true\" data-editor=\"eajm1\" data-offset-key=\"8bitr-0-0\">\n<div class=\"_1mf _1mj\" data-offset-key=\"8bitr-0-0\"><span data-offset-key=\"8bitr-0-0\">\u00a0<\/span><\/div>\n<\/div>\n<div class=\"\" data-block=\"true\" data-editor=\"eajm1\" data-offset-key=\"dqp7r-0-0\">\n<div class=\"_1mf _1mj\" data-offset-key=\"dqp7r-0-0\"><span data-offset-key=\"dqp7r-0-0\">Mon ami Bernard qui est photographe, randonneur, et fabrique des images incroyables, m&rsquo;a offert un tirage \u00e9patant d&rsquo;un paysage enneig\u00e9 de la haute vall\u00e9e du Siniq, en-dessous de Puy Gros, un bout du monde que nous aimons beaucoup lui et moi, des prairies de montagne dans lesquelles on ne voit gu\u00e8re d&rsquo;humains, mais pas mal de b\u00eates (je me suis empress\u00e9 de poser la photographie au mur \u00e0 gauche de mon bureau), ainsi qu&rsquo;un appareil photo dont il ne sert pas, autrement plus sophistiqu\u00e9 que le mien (et m\u00eame s&rsquo;il a bien neuf ans d&rsquo;\u00e2ge, il remplacera avantageusement mon compact de baroudeur, dont la vertu principale est de supporter (dixit le mode d&#8217;emploi) des chutes de deux m\u00e8tres, des s\u00e9jour prolong\u00e9s dans la neige \u00e9paisse et les meurtrissures des ronciers &#8211; je le garde tout de m\u00eame au fond d&rsquo;une poche au cas o\u00f9). Bon. Pas facile de trimbaler cet engin, quoiqu&rsquo;il y ait bien plus encombrant, c&rsquo;est pas un reflex haut de gamme non plus hein, mais tout de m\u00eame. J&rsquo;apprends donc la photographie (et, dans la foul\u00e9e, je compte r\u00e9cup\u00e9rer un argentique un de ces jours &#8211; \u00e7a me rappellera mes jeunes ann\u00e9es&#8230; Je re-apprends en r\u00e9alit\u00e9). Cet apr\u00e8s-midi en tous cas, n&rsquo;y tenant plus, j&rsquo;ai sorti l&rsquo;appareil photographique et, tant qu&rsquo;\u00e0 faire, le bonhomme et mademoiselle Iris, et nous sommes all\u00e9s crapahuter dans les bois autour de Fayet-le-Ch\u00e2teau &#8211; ce qui s&rsquo;appelle crapahuter, hors sentier la plupart du temps. \u00c9videmment, changer d&rsquo;appareil photographique, c&rsquo;est aussi changer de regard. D&rsquo;o\u00f9 le titre.<\/span><\/div>\n<\/div>\n<div class=\"\" data-block=\"true\" data-editor=\"eajm1\" data-offset-key=\"frnp5-0-0\">\n<div class=\"_1mf _1mj\" data-offset-key=\"frnp5-0-0\"><span data-offset-key=\"frnp5-0-0\">\u00a0<\/span><\/div>\n<\/div>\n<div class=\"\" data-block=\"true\" data-editor=\"eajm1\" data-offset-key=\"bkeq1-0-0\">\n<div class=\"_1mf _1mj\" data-offset-key=\"bkeq1-0-0\"><span data-offset-key=\"bkeq1-0-0\">Mais il y a autre chose (il y a toujours autre chose ! Jamais aucune exp\u00e9rience n&rsquo;est r\u00e9ellement isol\u00e9e du reste de la vie : il y a l&rsquo;arri\u00e8re-plan, et des associations d&rsquo;id\u00e9es bien s\u00fbr, mais aussi des connexions magiques et pour tout dire, des th\u00e8mes : or, vous allez le voir (ou le lire), la vision, c&rsquo;\u00e9tait le th\u00e8me !).<\/span><\/div>\n<\/div>\n<div class=\"\" data-block=\"true\" data-editor=\"eajm1\" data-offset-key=\"81asc-0-0\">\n<div class=\"_1mf _1mj\" data-offset-key=\"81asc-0-0\"><span data-offset-key=\"81asc-0-0\">\u00a0<\/span><\/div>\n<\/div>\n<div class=\"\" data-block=\"true\" data-editor=\"eajm1\" data-offset-key=\"5re4r-0-0\">\n<div class=\"_1mf _1mj\" data-offset-key=\"5re4r-0-0\"><span data-offset-key=\"5re4r-0-0\"> Car ce matin, au supermarch\u00e9 o\u00f9 j&rsquo;\u00e9tais all\u00e9, contraint et forc\u00e9 par une absurde n\u00e9cessit\u00e9 (se nourrir), faire quelques courses, j&rsquo;ai eu droit \u00e0 quelques alt\u00e9rations de la perception parfaitement extraordinaires. J&rsquo;\u00e9tais au rayon caf\u00e9\/th\u00e9\/&amp;c. Cherchant donc une bo\u00eete de caf\u00e9, une bo\u00eete de th\u00e9, une bo\u00eete de Ricor\u00e9. Je connais ce rayon par c\u0153ur, et l&#8217;emplacement des produits : je pourrais les retrouver \u00ab\u00a0les yeux ferm\u00e9s\u00a0\u00bb. Et puis, l\u00e0 soudain sans pr\u00e9venir, un grand bouleversement perceptif. Je regarde sans y penser les produits du rayonnage, m&rsquo;avance pour m&rsquo;en saisir, mais, au lieu de voir, je veux dire, de voir distinctement chacun des objets un par une, les couleurs (et dieu sait s&rsquo;il y en a des couleurs, criardes \u00e0 souhait) ont comme qui dirait bondi au-dehors du rayon et se sont pr\u00e9cipit\u00e9es sur mes yeux. Du rouge, du jaune, de l&rsquo;orang\u00e9, des t\u00e2ches noires, violettes. Je recule instinctivement, me frotte les paupi\u00e8res, y retourne, m&rsquo;avance \u00e0 nouveau : m\u00eame topo ! Pas moyen de distinguer quoi que ce soit, mais ces couleurs, ce d\u00e9ferlement de couleurs, ce tsunami de couleurs, agressives, comme si elles m&rsquo;en voulaient, comme si elles voulaient d\u00e9vorer mes yeux, des couleurs affam\u00e9es, voraces, des couleurs tueuses ! <\/span><\/div>\n<\/div>\n<div class=\"\" data-block=\"true\" data-editor=\"eajm1\" data-offset-key=\"40pb6-0-0\">\n<div class=\"_1mf _1mj\" data-offset-key=\"40pb6-0-0\"><span data-offset-key=\"40pb6-0-0\">\u00a0<\/span><\/div>\n<\/div>\n<div class=\"\" data-block=\"true\" data-editor=\"eajm1\" data-offset-key=\"2n83o-0-0\">\n<div class=\"_1mf _1mj\" data-offset-key=\"2n83o-0-0\"><span data-offset-key=\"2n83o-0-0\">J&rsquo;ai pens\u00e9, ma foi, voil\u00e0 que je fais un malaise. Un malaise perceptif. J&rsquo;ai pens\u00e9 \u00e0 Philippe K. Dick bien entendu, et aux petites perceptions de Leibniz &#8211; percevoir, c&rsquo;est trancher dans l&rsquo;infinit\u00e9 du perceptible (et du possible) en fonction de notre int\u00e9r\u00eat, c&rsquo;est d\u00e9couper un r\u00e9el insupportable afin de le plier aux exigences humaines &amp;c. Mais enfin bon. Sachant cela (ou ne le sachant pas) j&rsquo;\u00e9tais pas plus avanc\u00e9. Je me suis dit : c&rsquo;est la p\u00e9riode des f\u00eates, si \u00e7a se trouve, ils ont modifi\u00e9 l&rsquo;organisation des rayons, fait de la place pour le saumon fum\u00e9, pour les pintades. J&rsquo;ai fait l&rsquo;effort de me d\u00e9placer vers les rayons d&rsquo;\u00e0 c\u00f4t\u00e9. Apr\u00e8s tout j&rsquo;avais aussi besoin de jus de citron et de farine. Quel enfer l\u00e0-bas aussi ! Des couleurs encore plus criardes, de l&rsquo;indistinction, un chaos lumineux. <\/span><\/div>\n<\/div>\n<div class=\"\" data-block=\"true\" data-editor=\"eajm1\" data-offset-key=\"e1ac2-0-0\">\n<div class=\"_1mf _1mj\" data-offset-key=\"e1ac2-0-0\"><span data-offset-key=\"e1ac2-0-0\">\u00a0<\/span><\/div>\n<\/div>\n<div class=\"\" data-block=\"true\" data-editor=\"eajm1\" data-offset-key=\"etr54-0-0\">\n<div class=\"_1mf _1mj\" data-offset-key=\"etr54-0-0\"><span data-offset-key=\"etr54-0-0\">Je me suis dit : Vincent mon pote (j&rsquo;avais besoin d&rsquo;un ami \u00e0 ce moment-l\u00e0, or les gens passaient \u00e0 c\u00f4t\u00e9 de moi poussant leur caddie sans se rendre compte de mon \u00e9tat : ils souriaient, ou pas, mais ne semblaient pas du tout en peine au moment de se saisir des choses pour les ranger dans leur caddie), mon pote donc, me suis-je dit, tu fais un malaise, tu vas t&rsquo;effondrer d&rsquo;ici quelques secondes, sur le lino du rayon petit-d\u00e9jeuner, \u00e0 moins que ce soit le rayon saumon fum\u00e9, rien n&rsquo;est assur\u00e9 d\u00e9sormais en ce bas monde, ou cette infra-monde, tu vas te fracasser le cr\u00e2ne entre deux caddies, ta derni\u00e8re vision sera celle des roues grise et vaguement caoutchout\u00e9e d&rsquo;un caddie, toi qui esp\u00e9rais au moins une mort digne \u00e0 d\u00e9faut d&rsquo;une vie digne (si c&rsquo;est pas trop demander), te voil\u00e0 servi, crever l\u00e0, chez l&rsquo;ennemi, dans la gueule du monstre. <\/span><\/div>\n<\/div>\n<div class=\"\" data-block=\"true\" data-editor=\"eajm1\" data-offset-key=\"860h8-0-0\">\n<div class=\"_1mf _1mj\" data-offset-key=\"860h8-0-0\"><span data-offset-key=\"860h8-0-0\">\u00a0<\/span><\/div>\n<\/div>\n<div class=\"\" data-block=\"true\" data-editor=\"eajm1\" data-offset-key=\"dc3tp-0-0\">\n<div class=\"_1mf _1mj\" data-offset-key=\"dc3tp-0-0\"><span data-offset-key=\"dc3tp-0-0\">Bizarrement, ai-je pens\u00e9, l&rsquo;autre jour, avec Delphine, je n&rsquo;ai pas pu entrer dans le supermarch\u00e9 \u00e0 Lezoux. Je poussais le caddie, suivant mon amoureuse, et l\u00e0, je lui ai dit : non, je ne peux pas. Elle m&rsquo;a regard\u00e9 d&rsquo;un dr\u00f4le d&rsquo;air, et c&rsquo;est vrai qu&rsquo;il y avait beaucoup de monde, c&rsquo;\u00e9tait le surlendemain de No\u00ebl, elle sait que je n&rsquo;aime pas du tout me retrouver avec tout ce monde, cette promiscuit\u00e9 (parce que je suis n\u00e9 et j&rsquo;ai grandi dans un HLM d&rsquo;une cit\u00e9 populeuse, dans la plus grande promiscuit\u00e9 donc). Bref. Un signe avant-coureur. Je respire un bon coup. Tant pis pour le caf\u00e9, le th\u00e9 et tout ce tralala, me suis-je dit encore. Tu vas aller \u00e0 la caisse maintenant, tranquillement, payer les deux trois choses que tu as r\u00e9ussi \u00e0 percevoir et \u00e0 saisir avec tes mains. Et tu vas aller dehors, enlever ton manteau d\u00e9j\u00e0 &#8211; Dieu qu&rsquo;il fait chaud soudain dans ce supermarch\u00e9 honni ! &#8211; et happer goul\u00fbment un peu d&rsquo;air frais, t&rsquo;asseoir, inspirer, expirer, te masser les tempes, et rentrer \u00e0 la maison t&rsquo;allonger un petit peu.<\/span><\/div>\n<\/div>\n<div class=\"\" data-block=\"true\" data-editor=\"eajm1\" data-offset-key=\"fds5v-0-0\">\n<div class=\"_1mf _1mj\" data-offset-key=\"fds5v-0-0\"><span data-offset-key=\"fds5v-0-0\">\u00a0<\/span><\/div>\n<\/div>\n<div class=\"\" data-block=\"true\" data-editor=\"eajm1\" data-offset-key=\"4m9iv-0-0\">\n<div class=\"_1mf _1mj\" data-offset-key=\"4m9iv-0-0\"><span data-offset-key=\"4m9iv-0-0\">Ce que j&rsquo;ai r\u00e9ussi \u00e0 faire. Dans la voiture, je songeais \u00e0 ces alt\u00e9rations de la perception que nous avions coutumes d&rsquo;exp\u00e9rimenter quand nous \u00e9tions beaucoup plus jeunes. Mais je ne me souviens pas, bien qu&rsquo;ayant test\u00e9 conscienceusement toute une gamme de produits divers et vari\u00e9s, bien qu&rsquo;ayant souvent vu double, et m\u00eame une fois, triple (apr\u00e8s quoi je suis tomb\u00e9 dans un profond coma, me r\u00e9veillant seulement soixante-douze heures apr\u00e8s), je ne me souviens pas d&rsquo;une modification de ce genre : les couleurs qui se d\u00e9tachent des choses auxquelles elles semblent, dans les circonstances ordinaires, paisiblement, pour ainsi dire, li\u00e9es, d&rsquo;une mani\u00e8re qui nous para\u00eet essentielle &#8211; mais les philosophes n&rsquo;h\u00e9sitaient pas \u00e0 les d\u00e9tacher de l&rsquo;essence, au titre de qualit\u00e9s secondes, ce qui dit assez bien quelle sorte de dignit\u00e9 les philosophes accordent aux couleurs. Bref. J&rsquo;ai surv\u00e9cu. Retrouv\u00e9 une perception moins inconfortable. Un monde. <\/span><\/div>\n<\/div>\n<div class=\"\" data-block=\"true\" data-editor=\"eajm1\" data-offset-key=\"2gd8v-0-0\">\n<div class=\"_1mf _1mj\" data-offset-key=\"2gd8v-0-0\"><span data-offset-key=\"2gd8v-0-0\">\u00a0<\/span><\/div>\n<\/div>\n<div class=\"\" data-block=\"true\" data-editor=\"eajm1\" data-offset-key=\"3h5rp-0-0\">\n<div class=\"_1mf _1mj\" data-offset-key=\"3h5rp-0-0\"><span data-offset-key=\"3h5rp-0-0\">Et, la machine \u00e0 penser n&rsquo;\u00e9tant jamais en repos, j&rsquo;ai song\u00e9 \u00e0 tous ceux qui souffrent de probl\u00e8mes affectant la perception. J&rsquo;ai imagin\u00e9 ce que \u00e7a leur fait d&rsquo;entrer dans un endroit pareil, satur\u00e9 de couleurs, d&rsquo;intentions, projet\u00e9s sur nos pauvres esprits hagards tout autant qu&rsquo;h\u00e9b\u00e9t\u00e9s de consommateurs d\u00e9biles. Il faudrait, je ne sais pas, des boutiques spacieuses, en noir et blanc, comme les supermarch\u00e9s \u00e0 la mode \u00ab\u00a0sovi\u00e9tique\u00a0\u00bb des ann\u00e9es 70, quand j&rsquo;allais avec ma m\u00e8re faire les courses (le supermarch\u00e9 Bravo ! avec un point d&rsquo;exclamation si je me souviens bien, je passais tout le temps des courses assis par terre dans le rayon livre, et j&rsquo;y ai fait toute ma culture intellectuelle d&rsquo;enfant, lisant aussi vite que possible avant que maman m&rsquo;appelle pour aller aux caisses &#8211; on n&rsquo;avait pas les moyens d&rsquo;acheter un livre \u00e0 chaque fois). Ces supermarch\u00e9s o\u00f9 vous n&rsquo;aviez pour chaque produit qu&rsquo;une seule marque, o\u00f9 les pots de yogourts \u00e9taient moches, ternes, en noir et blanc. Il faudrait supprimer les couleurs de ces bouches de l&rsquo;enfer que sont les supermarch\u00e9s, c&rsquo;est ce que je pense vraiment !<\/span><\/div>\n<\/div>\n<div class=\"\" data-block=\"true\" data-editor=\"eajm1\" data-offset-key=\"fhl50-0-0\">\n<div class=\"_1mf _1mj\" data-offset-key=\"fhl50-0-0\"><\/div>\n<\/div>\n<\/div>\n","protected":false},"excerpt":{"rendered":"<p>Nouvelles visions. \u00a0 Mon ami Bernard qui est photographe, randonneur, et fabrique des images incroyables, m&rsquo;a offert un tirage \u00e9patant d&rsquo;un paysage enneig\u00e9 de la haute vall\u00e9e du Siniq, en-dessous de Puy Gros, un bout du monde que nous aimons beaucoup lui et moi, des prairies de montagne dans lesquelles on ne voit gu\u00e8re d&rsquo;humains,&hellip;<\/p>\n <a href=\"https:\/\/outsiderland.com\/danahilliot\/nouvelles-visions\/\" title=\"Nouvelles visions.\" class=\"entry-more-link\"><span>Read More<\/span> <span class=\"screen-reader-text\">Nouvelles visions.<\/span><\/a>","protected":false},"author":1,"featured_media":0,"parent":0,"menu_order":0,"comment_status":"closed","ping_status":"closed","template":"","meta":{"Layout":"","footnotes":""},"categories":[120],"tags":[126],"class_list":["entry","author-danah","post-3320","page","type-page","status-publish","category-observation","tag-observation"],"yoast_head":"<!-- This site is optimized with the Yoast SEO plugin v27.0 - https:\/\/yoast.com\/product\/yoast-seo-wordpress\/ -->\n<title>Nouvelles visions. - Outside Dana Hilliot<\/title>\n<meta name=\"robots\" content=\"index, follow, max-snippet:-1, max-image-preview:large, max-video-preview:-1\" \/>\n<link rel=\"canonical\" href=\"https:\/\/outsiderland.com\/danahilliot\/nouvelles-visions\/\" \/>\n<meta property=\"og:locale\" content=\"fr_FR\" \/>\n<meta property=\"og:type\" content=\"article\" \/>\n<meta property=\"og:title\" content=\"Nouvelles visions. - Outside Dana Hilliot\" \/>\n<meta property=\"og:description\" content=\"Nouvelles visions. \u00a0 Mon ami Bernard qui est photographe, randonneur, et fabrique des images incroyables, m&rsquo;a offert un tirage \u00e9patant d&rsquo;un paysage enneig\u00e9 de la haute vall\u00e9e du Siniq, en-dessous de Puy Gros, un bout du monde que nous aimons beaucoup lui et moi, des prairies de montagne dans lesquelles on ne voit gu\u00e8re d&rsquo;humains,&hellip;\" \/>\n<meta property=\"og:url\" content=\"https:\/\/outsiderland.com\/danahilliot\/nouvelles-visions\/\" \/>\n<meta property=\"og:site_name\" content=\"Outside Dana Hilliot\" \/>\n<meta property=\"article:modified_time\" content=\"2025-10-12T09:46:08+00:00\" \/>\n<meta name=\"twitter:card\" content=\"summary_large_image\" \/>\n<meta name=\"twitter:label1\" content=\"Dur\u00e9e de lecture estim\u00e9e\" \/>\n\t<meta name=\"twitter:data1\" content=\"7 minutes\" \/>\n<script type=\"application\/ld+json\" class=\"yoast-schema-graph\">{\"@context\":\"https:\/\/schema.org\",\"@graph\":[{\"@type\":\"WebPage\",\"@id\":\"https:\/\/outsiderland.com\/danahilliot\/nouvelles-visions\/\",\"url\":\"https:\/\/outsiderland.com\/danahilliot\/nouvelles-visions\/\",\"name\":\"Nouvelles visions. - Outside Dana Hilliot\",\"isPartOf\":{\"@id\":\"https:\/\/outsiderland.com\/danahilliot\/#website\"},\"datePublished\":\"2019-12-28T20:41:02+00:00\",\"dateModified\":\"2025-10-12T09:46:08+00:00\",\"breadcrumb\":{\"@id\":\"https:\/\/outsiderland.com\/danahilliot\/nouvelles-visions\/#breadcrumb\"},\"inLanguage\":\"fr-FR\",\"potentialAction\":[{\"@type\":\"ReadAction\",\"target\":[\"https:\/\/outsiderland.com\/danahilliot\/nouvelles-visions\/\"]}]},{\"@type\":\"BreadcrumbList\",\"@id\":\"https:\/\/outsiderland.com\/danahilliot\/nouvelles-visions\/#breadcrumb\",\"itemListElement\":[{\"@type\":\"ListItem\",\"position\":1,\"name\":\"Accueil\",\"item\":\"https:\/\/outsiderland.com\/danahilliot\/\"},{\"@type\":\"ListItem\",\"position\":2,\"name\":\"Nouvelles visions.\"}]},{\"@type\":\"WebSite\",\"@id\":\"https:\/\/outsiderland.com\/danahilliot\/#website\",\"url\":\"https:\/\/outsiderland.com\/danahilliot\/\",\"name\":\"Outside Dana Hilliot\",\"description\":\". Archives . Activit\u00e9s . Projets .\",\"publisher\":{\"@id\":\"https:\/\/outsiderland.com\/danahilliot\/#\/schema\/person\/201a1fef0f5c2897bd65e98bcf6b1179\"},\"potentialAction\":[{\"@type\":\"SearchAction\",\"target\":{\"@type\":\"EntryPoint\",\"urlTemplate\":\"https:\/\/outsiderland.com\/danahilliot\/?s={search_term_string}\"},\"query-input\":{\"@type\":\"PropertyValueSpecification\",\"valueRequired\":true,\"valueName\":\"search_term_string\"}}],\"inLanguage\":\"fr-FR\"},{\"@type\":[\"Person\",\"Organization\"],\"@id\":\"https:\/\/outsiderland.com\/danahilliot\/#\/schema\/person\/201a1fef0f5c2897bd65e98bcf6b1179\",\"name\":\"danahilliot\",\"image\":{\"@type\":\"ImageObject\",\"inLanguage\":\"fr-FR\",\"@id\":\"https:\/\/outsiderland.com\/danahilliot\/#\/schema\/person\/image\/\",\"url\":\"https:\/\/outsiderland.com\/danahilliot\/wp-content\/uploads\/2026\/02\/50801449407_a909f2c1ad_k.jpg\",\"contentUrl\":\"https:\/\/outsiderland.com\/danahilliot\/wp-content\/uploads\/2026\/02\/50801449407_a909f2c1ad_k.jpg\",\"width\":2048,\"height\":1536,\"caption\":\"danahilliot\"},\"logo\":{\"@id\":\"https:\/\/outsiderland.com\/danahilliot\/#\/schema\/person\/image\/\"}}]}<\/script>\n<!-- \/ Yoast SEO plugin. -->","yoast_head_json":{"title":"Nouvelles visions. - Outside Dana Hilliot","robots":{"index":"index","follow":"follow","max-snippet":"max-snippet:-1","max-image-preview":"max-image-preview:large","max-video-preview":"max-video-preview:-1"},"canonical":"https:\/\/outsiderland.com\/danahilliot\/nouvelles-visions\/","og_locale":"fr_FR","og_type":"article","og_title":"Nouvelles visions. - Outside Dana Hilliot","og_description":"Nouvelles visions. \u00a0 Mon ami Bernard qui est photographe, randonneur, et fabrique des images incroyables, m&rsquo;a offert un tirage \u00e9patant d&rsquo;un paysage enneig\u00e9 de la haute vall\u00e9e du Siniq, en-dessous de Puy Gros, un bout du monde que nous aimons beaucoup lui et moi, des prairies de montagne dans lesquelles on ne voit gu\u00e8re d&rsquo;humains,&hellip;","og_url":"https:\/\/outsiderland.com\/danahilliot\/nouvelles-visions\/","og_site_name":"Outside Dana Hilliot","article_modified_time":"2025-10-12T09:46:08+00:00","twitter_card":"summary_large_image","twitter_misc":{"Dur\u00e9e de lecture estim\u00e9e":"7 minutes"},"schema":{"@context":"https:\/\/schema.org","@graph":[{"@type":"WebPage","@id":"https:\/\/outsiderland.com\/danahilliot\/nouvelles-visions\/","url":"https:\/\/outsiderland.com\/danahilliot\/nouvelles-visions\/","name":"Nouvelles visions. - Outside Dana Hilliot","isPartOf":{"@id":"https:\/\/outsiderland.com\/danahilliot\/#website"},"datePublished":"2019-12-28T20:41:02+00:00","dateModified":"2025-10-12T09:46:08+00:00","breadcrumb":{"@id":"https:\/\/outsiderland.com\/danahilliot\/nouvelles-visions\/#breadcrumb"},"inLanguage":"fr-FR","potentialAction":[{"@type":"ReadAction","target":["https:\/\/outsiderland.com\/danahilliot\/nouvelles-visions\/"]}]},{"@type":"BreadcrumbList","@id":"https:\/\/outsiderland.com\/danahilliot\/nouvelles-visions\/#breadcrumb","itemListElement":[{"@type":"ListItem","position":1,"name":"Accueil","item":"https:\/\/outsiderland.com\/danahilliot\/"},{"@type":"ListItem","position":2,"name":"Nouvelles visions."}]},{"@type":"WebSite","@id":"https:\/\/outsiderland.com\/danahilliot\/#website","url":"https:\/\/outsiderland.com\/danahilliot\/","name":"Outside Dana Hilliot","description":". Archives . Activit\u00e9s . Projets .","publisher":{"@id":"https:\/\/outsiderland.com\/danahilliot\/#\/schema\/person\/201a1fef0f5c2897bd65e98bcf6b1179"},"potentialAction":[{"@type":"SearchAction","target":{"@type":"EntryPoint","urlTemplate":"https:\/\/outsiderland.com\/danahilliot\/?s={search_term_string}"},"query-input":{"@type":"PropertyValueSpecification","valueRequired":true,"valueName":"search_term_string"}}],"inLanguage":"fr-FR"},{"@type":["Person","Organization"],"@id":"https:\/\/outsiderland.com\/danahilliot\/#\/schema\/person\/201a1fef0f5c2897bd65e98bcf6b1179","name":"danahilliot","image":{"@type":"ImageObject","inLanguage":"fr-FR","@id":"https:\/\/outsiderland.com\/danahilliot\/#\/schema\/person\/image\/","url":"https:\/\/outsiderland.com\/danahilliot\/wp-content\/uploads\/2026\/02\/50801449407_a909f2c1ad_k.jpg","contentUrl":"https:\/\/outsiderland.com\/danahilliot\/wp-content\/uploads\/2026\/02\/50801449407_a909f2c1ad_k.jpg","width":2048,"height":1536,"caption":"danahilliot"},"logo":{"@id":"https:\/\/outsiderland.com\/danahilliot\/#\/schema\/person\/image\/"}}]}},"_links":{"self":[{"href":"https:\/\/outsiderland.com\/danahilliot\/wp-json\/wp\/v2\/pages\/3320","targetHints":{"allow":["GET"]}}],"collection":[{"href":"https:\/\/outsiderland.com\/danahilliot\/wp-json\/wp\/v2\/pages"}],"about":[{"href":"https:\/\/outsiderland.com\/danahilliot\/wp-json\/wp\/v2\/types\/page"}],"author":[{"embeddable":true,"href":"https:\/\/outsiderland.com\/danahilliot\/wp-json\/wp\/v2\/users\/1"}],"replies":[{"embeddable":true,"href":"https:\/\/outsiderland.com\/danahilliot\/wp-json\/wp\/v2\/comments?post=3320"}],"version-history":[{"count":2,"href":"https:\/\/outsiderland.com\/danahilliot\/wp-json\/wp\/v2\/pages\/3320\/revisions"}],"predecessor-version":[{"id":3323,"href":"https:\/\/outsiderland.com\/danahilliot\/wp-json\/wp\/v2\/pages\/3320\/revisions\/3323"}],"wp:attachment":[{"href":"https:\/\/outsiderland.com\/danahilliot\/wp-json\/wp\/v2\/media?parent=3320"}],"wp:term":[{"taxonomy":"category","embeddable":true,"href":"https:\/\/outsiderland.com\/danahilliot\/wp-json\/wp\/v2\/categories?post=3320"},{"taxonomy":"post_tag","embeddable":true,"href":"https:\/\/outsiderland.com\/danahilliot\/wp-json\/wp\/v2\/tags?post=3320"}],"curies":[{"name":"wp","href":"https:\/\/api.w.org\/{rel}","templated":true}]}}