{"id":2656,"date":"2018-10-11T09:23:30","date_gmt":"2018-10-11T09:23:30","guid":{"rendered":"https:\/\/outsiderland.com\/danahilliot\/?page_id=2656"},"modified":"2025-10-12T09:46:08","modified_gmt":"2025-10-12T09:46:08","slug":"el-santuario-de-nuestra-senora-de-la-bien-aparecida","status":"publish","type":"page","link":"https:\/\/outsiderland.com\/danahilliot\/el-santuario-de-nuestra-senora-de-la-bien-aparecida\/","title":{"rendered":"El Santuario de Nuestra Se\u00f1ora de La Bien Aparecida"},"content":{"rendered":"<p style=\"text-align: right;\"><em>(Santander, Espagne, 2002)<\/em><\/p>\n<p>\u00c0 ce moment-l\u00e0, elle a recul\u00e9 de quelques pas, relev\u00e9 sa jupe et s\u2019est accroupie pour pisser avec cet air d\u00e9cid\u00e9 et ce sourire inqui\u00e9tant comme lorsqu\u2019elle m\u2019avait saisi la main la premi\u00e8re fois et tir\u00e9 \u00e0 travers la ville par ses rues \u00e0 elle, sombres et douces, jusqu\u2019\u00e0 l\u2019h\u00f4tel o\u00f9 j\u2019avais pris une chambre.<\/p>\n<p>Ce soir-l\u00e0 je m\u2019\u00e9tais senti comme jamais, parfaitement \u00e0 mon aise, d\u00e9tach\u00e9 et pleinement heureux, le Jack Daniels circulait dans mes veines, me d\u00e9brouillant fort bien avec un anglais douteux et mon ignorance totale de la langue locale, et justement pour cette raison, \u00e9tant en quelque sorte priv\u00e9 de mots, je n\u2019avais plus qu\u2019\u00e0 me contenter d\u2019\u00eatre, extraordinairement librement \u00eatre, et en m\u00eame temps extr\u00eamement proche du n\u00e9ant et de l\u2019ab\u00eeme, ayant d\u00e9barqu\u00e9 dans cette ville la veille au soir pour de si vagues raisons, j\u2019aurais choisi au hasard un point sur la carte d\u2019Europe, et m\u2019y serais rendu par un moyen quelconque, \u00e7a n\u2019aurait fait aucune diff\u00e9rence, et c\u2019est l\u00e0 pr\u00e9cis\u00e9ment le genre de situation dans laquelle je me sens parfaitement bien, puis c\u2019\u00e9tait elle, et \u00e7a aurait tr\u00e8s bien pu \u00eatre une autre, je l\u2019avoue, et je l\u2019avoue d\u2019autant plus ais\u00e9ment qu\u2019elle l\u2019a toujours su, qu\u2019elle le savait d\u00e9j\u00e0, au premier regard, et c\u2019est pourquoi notre relation fut toujours teint\u00e9e d\u2019une sorte de tristesse, baignant dans une m\u00e9lancolie naissant de la proximit\u00e9 du vide, la menace d\u2019un effondrement, pressentiments avec lesquels on doit composer quand on s\u2019aventure \u00e0 demeurer quelques temps \u00e0 mes c\u00f4t\u00e9s. Demeurant \u00e0 mes c\u00f4t\u00e9s moi-m\u00eame la plupart du temps, je sais de quoi je parle, cette pr\u00e9carit\u00e9 constitutive, qu\u2019aggrave une pr\u00e9carit\u00e9 mat\u00e9rielle in\u00e9vitable, le sort n\u2019ayant pas fait de moi, et je le regrette, un rentier, j\u2019en suis familier m\u00eame s\u2019il n\u2019est pas facile pour autant d\u2019en parler.<\/p>\n<p>L\u00e0, c\u2019\u00e9tait notre premier soir, illumin\u00e9s tous deux dans la faune grouillante de Santander, chaude, populaire, musicale, sublim\u00e9e par l\u2019alcool, et, le dernier soir, notre dernier soir, c\u2019\u00e9tait toujours la nuit, et Santander aussi, dont les lumi\u00e8res brillaient au loin, du sommet de la colline qui surplombe le littoral, et, au sud, Secadura, le maigre village \u00e9parpill\u00e9 au pied de la cordill\u00e8re Cantabrienne, s\u2019\u00e9levant fi\u00e8rement vers les \u00e9toiles, la petite ferme au sud o\u00f9 elle vivait avec ses parents et ses s\u0153urs, une nuit tout aussi parfaite en somme que la premi\u00e8re, la ville au nord en contrebas \u00e9pousant l\u2019oc\u00e9an infini obscur et sans forme, et nous deux, pr\u00e8s de la chapelle, elle pissant doucement devant moi, \u00ab\u00a0je sais que c\u2019est fini\u00a0\u00bb a-t-elle dit ensuite en se relevant, en anglais bien s\u00fbr, parce qu\u2019aussi bien nous nous sommes connus en anglais, aim\u00e9s dans cette langue, nous devions \u00e9galement nous quitter en anglais, ce qui accentuait sans doute, j\u2019en ai conscience et elle le savait aussi, l\u2019atmosph\u00e8re de romance, de trag\u00e9die et l\u2019insoutenable m\u00e9lange de tristesse et de bonheur dont sont marqu\u00e9s \u00e0 jamais ceux qui ont v\u00e9cu au moins une fois une histoire lumineusement perdue d\u2019avance, dont on ne peut jouir \u00e0 vrai dire qu\u2019instant apr\u00e8s instant, comme par \u00e9clats, de fines parcelles de joie infinies, infiniment d\u00e9sesp\u00e9r\u00e9es, comme un dernier verre avant la mort, et ce soir-l\u00e0 il me fallait bien s\u00fbr retourner chez moi, mais o\u00f9 est-ce chez toi petit bonhomme ? Je ne sais pas, j\u2019ignore si je suis encore attendu, je n\u2019esp\u00e8re pas \u00eatre attendu, j\u2019esp\u00e8re qu\u2019on m\u2019aura oubli\u00e9, qu\u2019on aura tir\u00e9 un trait, c\u2019est juste que j\u2019ai besoin d\u2019argent, de r\u00e9cup\u00e9rer quelques affaires tu vois, r\u00e9gler deux ou trois d\u00e9tails tu comprends\u00a0? Tu penses vraiment revenir ici\u00a0? J\u2019aimerais bien, j\u2019aimerais tant. Tu ne reviendras pas. Non. Je ne reviendrais pas.<\/p>\n<p>Nous avions lou\u00e9, elle et moi, une chambre minable dans une pensione, sise \u00e0 la Calle de Miguel Artigas, ou plut\u00f4t elle avait pay\u00e9 pour nous deux, puisque de mon c\u00f4t\u00e9 je n\u2019avais plus un sou vaillant, une borne de retrait automatique ayant d\u00e9vor\u00e9 ma carte bancaire, pour la raison tout \u00e0 fait valable qu\u2019elle n\u2019\u00e9tait plus approvisionn\u00e9e plusieurs jours, et j\u2019en \u00e9tais r\u00e9duit pour survivre en ce bas monde \u00e0 jouer de la guitare, car je l\u2019avais apport\u00e9e dans le coffre de ma voiture, franchement d\u00e9labr\u00e9e celle-l\u00e0, mais coriace et endurante, quoique r\u00e9duite \u00e0 l\u2019immobilit\u00e9 faute de carburant, \u00e9grenant quelques accords et chantant \u00e0 plein poumons pour surmonter le vent qui soufflait gaiement et en toute impunit\u00e9 pr\u00e8s de l\u2019embarcad\u00e8re du ferry pour Plymouth, qu\u2019un sens de la strat\u00e9gie h\u00e9rit\u00e9 de maigres exp\u00e9riences ant\u00e9rieures de mendicit\u00e9, m\u2019avait conduit \u00e0 choisir comme lieu d\u2019exhibition\u00a0: Oh\u00a0! les passants passaient, certes, et ne manquaient pas, mais les chansons que j\u2019avais \u00e9crites \u00e0 cette \u00e9poque et que j\u2019interpr\u00e9tais pour ainsi dire en avant-premi\u00e8re ne semblaient pas rencontrer un succ\u00e8s notable, comme un coup d\u2019\u0153il anxieusement compulsif \u00e0 la bo\u00eete devant laquelle j\u2019exprimais musicalement mon mal-\u00eatre, dans un anglais il faut le dire redoutable, me le confirmait irr\u00e9futablement, quelques pi\u00e9cettes dor\u00e9es, de quoi acheter un litre de mauvais vin, mais certainement pas assez pour payer un lit pour la nuit et encore moins pour alimenter le r\u00e9servoir de mon automobile, mais puisque Aparecida s\u2019\u00e9tait d\u00e9vou\u00e9e pour endosser le costume d\u2019ange gardien, je finissais par d\u00e9penser ce pas grand chose en vin, plut\u00f4t que d\u2019\u00e9conomiser pour un futur de toute mani\u00e8re assez conjectural, et comme je buvais beaucoup en ce temps-l\u00e0, que boire constituait probablement l\u2019occupation la plus importante et la plus identifiable de mon emploi du temps, except\u00e9 marcher sans but et attendre qu\u2019elle revienne, apr\u00e8s quoi nous d\u00eenions et faisions l\u2019amour et parlions notre charabia amoureux, commen\u00e7ant m\u00eame \u00e0 boire de plus en plus t\u00f4t, ce qui est mauvais signe comme le savent bien tout ceux qui boivent, avan\u00e7ant chaque jour le moment de la premi\u00e8re gorg\u00e9e, j\u2019en \u00e9tais au milieu de l\u2019apr\u00e8s midi\u00a0: il me restait donc de la marge.<\/p>\n<p>On aurait dit la chambre d\u2019une personne disparue, l\u2019arri\u00e8re-grande tante demeur\u00e9e jusqu\u2019\u00e0 la fin c\u00e9libataire, l\u2019in\u00e9vitable immense crucifix tr\u00f4nant au dessus du lit, tout autour sentant l\u2019ennui et la bigoterie, et peut-\u00eatre quelques jouissances sp\u00e9ciales que de jeunes gens forc\u00e9ment ne peuvent qu\u2019ignorer. On en \u00e9tait tout g\u00ean\u00e9 alors de baiser ici, donc, on le faisait de pr\u00e9f\u00e9rence ailleurs, la veuve qui tenait la pensione nous ayant sans prof\u00e9rer un seul mot mais en lan\u00e7ant d\u00e8s notre arriv\u00e9e un coup d\u2019\u0153il accusateur, fait comprendre qu\u2019elle soup\u00e7onnait, et ma foi son soup\u00e7on \u00e9tait tout ce qu\u2019il y avait de fond\u00e9, qu\u2019il ne s\u2019agissait en rien d\u2019un voyage de noces ou d\u2019une promesse de fian\u00e7ailles, mais bien d\u2019une de ces passades, avec un \u00e9tranger qui plus est, que la moralit\u00e9 justement condamne, ce qui achevait de nous dissuader de nous \u00e9battre en ces lieux.<\/p>\n<p>&nbsp;<\/p>\n<p>Au petit d\u00e9jeuner, pris dans la cuisine, minuscule, autour de l\u2019unique table carr\u00e9e, un homme d\u2019un soixantaine d\u2019ann\u00e9es v\u00eent prendre place, silencieux, massif, du genre qu\u2019on n\u2019a pas bien envie de d\u00e9ranger quand on n\u2019a que trente ans. Il d\u00e9ploya sans se g\u00eaner son journal sur la moiti\u00e9 de la table, le Times de la veille, alluma sa pipe, tandis que la veuve versait le caf\u00e9. Puis il se leva, pronon\u00e7a quelques mots en espagnol \u00e0 l\u2019attention de son h\u00f4te et bient\u00f4t ses pas lourds r\u00e9sonn\u00e8rent dans l\u2019escalier craquant. Aparecida demanda \u00e0 la propri\u00e9taire des lieux si elle accueillait en ce moment d\u2019autres clients. Non, il n\u2019y avait que nous, et ce monsieur, mais c\u2019est un cas sp\u00e9cial. \u00ab L\u2019Anglais \u00bb qu\u2019elle l\u2019appelait. Il habitait ici depuis sept ans. Ma ch\u00e8re amie traduisit, je levai le sourcil de celui qui aimerait en savoir un peu plus et la vieille ne se fit pas prier : il \u00e9tait arriv\u00e9 l\u00e0 il y a sept ans, avec son \u00e9pouse, par le ferry, ils visitaient la c\u00f4te, une bien belle femme, grand et fine avec de beaux cheveux disait-elle, ajoutant dans un soupir : la pauvre, et de se signer sur le champ. Second sourcil troubl\u00e9 : un accident r\u00e9pondit-elle, et aussit\u00f4t de pr\u00e9ciser : elle s\u2019est noy\u00e9e \u00e0 Matalenas, c\u2019\u00e9tait il y a sept ans, ils logeaient ici, mais lui, il n\u2019est jamais parti, il est rest\u00e9 l\u00e0, paye sa chambre chaque semaine, avec la m\u00eame valise en cuir lourde, il n\u2019est jamais parti, depuis sept ans. Jamais, r\u00e9p\u00e9tait-elle d\u2019une voix presque chantante.<\/p>\n<p>&nbsp;<\/p>\n<p>Je note soudain que j\u2019ai oubli\u00e9 de signaler qu\u2019elle, mon amie de Santander, se pr\u00e9nommait, et j\u2019ose esp\u00e9rer qu\u2019elle se pr\u00e9nomme encore, mais le temps est pass\u00e9 et, malgr\u00e9 quelques path\u00e9tiques tentatives pour nous articuler d\u2019une mani\u00e8re ou d\u2019une autre \u00e0 nouveau, plus jamais je n\u2019eus de ses nouvelles, \u00ab\u00a0jamais\u00a0\u00bb comme disait la veuve, se pr\u00e9nomme donc Aparecida, qui signifie Apparition, pr\u00e9nom extr\u00eamement rare disait-elle et dont elle \u00e9tait fi\u00e8re, et c\u2019est plus tard, en recherchant les lieux de mes vies ant\u00e9rieures sur une carte de g\u00e9ographie que j\u2019ai d\u00e9couvert qu\u2019une vaste chapelle, El Santuario de Nuestra Se\u00f1ora de La Bien Aparecida, cette derni\u00e8re par ailleurs patronne de la Cantabrie, situ\u00e9e pas bien loin de chez elle, dans les montagnes, \u00e9tait r\u00e9put\u00e9e donc avoir comme on s\u2019en doute re\u00e7u la visite de la Vierge trois si\u00e8cles auparavant.<\/p>\n","protected":false},"excerpt":{"rendered":"<p>(Santander, Espagne, 2002) \u00c0 ce moment-l\u00e0, elle a recul\u00e9 de quelques pas, relev\u00e9 sa jupe et s\u2019est accroupie pour pisser avec cet air d\u00e9cid\u00e9 et ce sourire inqui\u00e9tant comme lorsqu\u2019elle m\u2019avait saisi la main la premi\u00e8re fois et tir\u00e9 \u00e0 travers la ville par ses rues \u00e0 elle, sombres et douces, jusqu\u2019\u00e0 l\u2019h\u00f4tel o\u00f9 j\u2019avais&hellip;<\/p>\n <a href=\"https:\/\/outsiderland.com\/danahilliot\/el-santuario-de-nuestra-senora-de-la-bien-aparecida\/\" title=\"El Santuario de Nuestra Se\u00f1ora de La Bien Aparecida\" class=\"entry-more-link\"><span>Read More<\/span> <span class=\"screen-reader-text\">El Santuario de Nuestra Se\u00f1ora de La Bien Aparecida<\/span><\/a>","protected":false},"author":1,"featured_media":0,"parent":0,"menu_order":0,"comment_status":"closed","ping_status":"closed","template":"","meta":{"Layout":"","footnotes":""},"categories":[120],"tags":[126],"class_list":["entry","author-danah","post-2656","page","type-page","status-publish","category-observation","tag-observation"],"yoast_head":"<!-- This site is optimized with the Yoast SEO plugin v27.0 - https:\/\/yoast.com\/product\/yoast-seo-wordpress\/ -->\n<title>El Santuario de Nuestra Se\u00f1ora de La Bien Aparecida - Outside Dana Hilliot<\/title>\n<meta name=\"robots\" content=\"index, follow, max-snippet:-1, max-image-preview:large, max-video-preview:-1\" \/>\n<link rel=\"canonical\" href=\"https:\/\/outsiderland.com\/danahilliot\/el-santuario-de-nuestra-senora-de-la-bien-aparecida\/\" \/>\n<meta property=\"og:locale\" content=\"fr_FR\" \/>\n<meta property=\"og:type\" content=\"article\" \/>\n<meta property=\"og:title\" content=\"El Santuario de Nuestra Se\u00f1ora de La Bien Aparecida - Outside Dana Hilliot\" \/>\n<meta property=\"og:description\" content=\"(Santander, Espagne, 2002) \u00c0 ce moment-l\u00e0, elle a recul\u00e9 de quelques pas, relev\u00e9 sa jupe et s\u2019est accroupie pour pisser avec cet air d\u00e9cid\u00e9 et ce sourire inqui\u00e9tant comme lorsqu\u2019elle m\u2019avait saisi la main la premi\u00e8re fois et tir\u00e9 \u00e0 travers la ville par ses rues \u00e0 elle, sombres et douces, jusqu\u2019\u00e0 l\u2019h\u00f4tel o\u00f9 j\u2019avais&hellip;\" \/>\n<meta property=\"og:url\" content=\"https:\/\/outsiderland.com\/danahilliot\/el-santuario-de-nuestra-senora-de-la-bien-aparecida\/\" \/>\n<meta property=\"og:site_name\" content=\"Outside Dana Hilliot\" \/>\n<meta property=\"article:modified_time\" content=\"2025-10-12T09:46:08+00:00\" \/>\n<meta name=\"twitter:card\" content=\"summary_large_image\" \/>\n<meta name=\"twitter:label1\" content=\"Dur\u00e9e de lecture estim\u00e9e\" \/>\n\t<meta name=\"twitter:data1\" content=\"9 minutes\" \/>\n<script type=\"application\/ld+json\" class=\"yoast-schema-graph\">{\"@context\":\"https:\/\/schema.org\",\"@graph\":[{\"@type\":\"WebPage\",\"@id\":\"https:\/\/outsiderland.com\/danahilliot\/el-santuario-de-nuestra-senora-de-la-bien-aparecida\/\",\"url\":\"https:\/\/outsiderland.com\/danahilliot\/el-santuario-de-nuestra-senora-de-la-bien-aparecida\/\",\"name\":\"El Santuario de Nuestra Se\u00f1ora de La Bien Aparecida - Outside Dana Hilliot\",\"isPartOf\":{\"@id\":\"https:\/\/outsiderland.com\/danahilliot\/#website\"},\"datePublished\":\"2018-10-11T09:23:30+00:00\",\"dateModified\":\"2025-10-12T09:46:08+00:00\",\"breadcrumb\":{\"@id\":\"https:\/\/outsiderland.com\/danahilliot\/el-santuario-de-nuestra-senora-de-la-bien-aparecida\/#breadcrumb\"},\"inLanguage\":\"fr-FR\",\"potentialAction\":[{\"@type\":\"ReadAction\",\"target\":[\"https:\/\/outsiderland.com\/danahilliot\/el-santuario-de-nuestra-senora-de-la-bien-aparecida\/\"]}]},{\"@type\":\"BreadcrumbList\",\"@id\":\"https:\/\/outsiderland.com\/danahilliot\/el-santuario-de-nuestra-senora-de-la-bien-aparecida\/#breadcrumb\",\"itemListElement\":[{\"@type\":\"ListItem\",\"position\":1,\"name\":\"Accueil\",\"item\":\"https:\/\/outsiderland.com\/danahilliot\/\"},{\"@type\":\"ListItem\",\"position\":2,\"name\":\"El Santuario de Nuestra Se\u00f1ora de La Bien Aparecida\"}]},{\"@type\":\"WebSite\",\"@id\":\"https:\/\/outsiderland.com\/danahilliot\/#website\",\"url\":\"https:\/\/outsiderland.com\/danahilliot\/\",\"name\":\"Outside Dana Hilliot\",\"description\":\". Archives . Activit\u00e9s . Projets .\",\"publisher\":{\"@id\":\"https:\/\/outsiderland.com\/danahilliot\/#\/schema\/person\/201a1fef0f5c2897bd65e98bcf6b1179\"},\"potentialAction\":[{\"@type\":\"SearchAction\",\"target\":{\"@type\":\"EntryPoint\",\"urlTemplate\":\"https:\/\/outsiderland.com\/danahilliot\/?s={search_term_string}\"},\"query-input\":{\"@type\":\"PropertyValueSpecification\",\"valueRequired\":true,\"valueName\":\"search_term_string\"}}],\"inLanguage\":\"fr-FR\"},{\"@type\":[\"Person\",\"Organization\"],\"@id\":\"https:\/\/outsiderland.com\/danahilliot\/#\/schema\/person\/201a1fef0f5c2897bd65e98bcf6b1179\",\"name\":\"danahilliot\",\"image\":{\"@type\":\"ImageObject\",\"inLanguage\":\"fr-FR\",\"@id\":\"https:\/\/outsiderland.com\/danahilliot\/#\/schema\/person\/image\/\",\"url\":\"https:\/\/outsiderland.com\/danahilliot\/wp-content\/uploads\/2026\/02\/50801449407_a909f2c1ad_k.jpg\",\"contentUrl\":\"https:\/\/outsiderland.com\/danahilliot\/wp-content\/uploads\/2026\/02\/50801449407_a909f2c1ad_k.jpg\",\"width\":2048,\"height\":1536,\"caption\":\"danahilliot\"},\"logo\":{\"@id\":\"https:\/\/outsiderland.com\/danahilliot\/#\/schema\/person\/image\/\"}}]}<\/script>\n<!-- \/ Yoast SEO plugin. -->","yoast_head_json":{"title":"El Santuario de Nuestra Se\u00f1ora de La Bien Aparecida - Outside Dana Hilliot","robots":{"index":"index","follow":"follow","max-snippet":"max-snippet:-1","max-image-preview":"max-image-preview:large","max-video-preview":"max-video-preview:-1"},"canonical":"https:\/\/outsiderland.com\/danahilliot\/el-santuario-de-nuestra-senora-de-la-bien-aparecida\/","og_locale":"fr_FR","og_type":"article","og_title":"El Santuario de Nuestra Se\u00f1ora de La Bien Aparecida - Outside Dana Hilliot","og_description":"(Santander, Espagne, 2002) \u00c0 ce moment-l\u00e0, elle a recul\u00e9 de quelques pas, relev\u00e9 sa jupe et s\u2019est accroupie pour pisser avec cet air d\u00e9cid\u00e9 et ce sourire inqui\u00e9tant comme lorsqu\u2019elle m\u2019avait saisi la main la premi\u00e8re fois et tir\u00e9 \u00e0 travers la ville par ses rues \u00e0 elle, sombres et douces, jusqu\u2019\u00e0 l\u2019h\u00f4tel o\u00f9 j\u2019avais&hellip;","og_url":"https:\/\/outsiderland.com\/danahilliot\/el-santuario-de-nuestra-senora-de-la-bien-aparecida\/","og_site_name":"Outside Dana Hilliot","article_modified_time":"2025-10-12T09:46:08+00:00","twitter_card":"summary_large_image","twitter_misc":{"Dur\u00e9e de lecture estim\u00e9e":"9 minutes"},"schema":{"@context":"https:\/\/schema.org","@graph":[{"@type":"WebPage","@id":"https:\/\/outsiderland.com\/danahilliot\/el-santuario-de-nuestra-senora-de-la-bien-aparecida\/","url":"https:\/\/outsiderland.com\/danahilliot\/el-santuario-de-nuestra-senora-de-la-bien-aparecida\/","name":"El Santuario de Nuestra Se\u00f1ora de La Bien Aparecida - Outside Dana Hilliot","isPartOf":{"@id":"https:\/\/outsiderland.com\/danahilliot\/#website"},"datePublished":"2018-10-11T09:23:30+00:00","dateModified":"2025-10-12T09:46:08+00:00","breadcrumb":{"@id":"https:\/\/outsiderland.com\/danahilliot\/el-santuario-de-nuestra-senora-de-la-bien-aparecida\/#breadcrumb"},"inLanguage":"fr-FR","potentialAction":[{"@type":"ReadAction","target":["https:\/\/outsiderland.com\/danahilliot\/el-santuario-de-nuestra-senora-de-la-bien-aparecida\/"]}]},{"@type":"BreadcrumbList","@id":"https:\/\/outsiderland.com\/danahilliot\/el-santuario-de-nuestra-senora-de-la-bien-aparecida\/#breadcrumb","itemListElement":[{"@type":"ListItem","position":1,"name":"Accueil","item":"https:\/\/outsiderland.com\/danahilliot\/"},{"@type":"ListItem","position":2,"name":"El Santuario de Nuestra Se\u00f1ora de La Bien Aparecida"}]},{"@type":"WebSite","@id":"https:\/\/outsiderland.com\/danahilliot\/#website","url":"https:\/\/outsiderland.com\/danahilliot\/","name":"Outside Dana Hilliot","description":". Archives . Activit\u00e9s . Projets .","publisher":{"@id":"https:\/\/outsiderland.com\/danahilliot\/#\/schema\/person\/201a1fef0f5c2897bd65e98bcf6b1179"},"potentialAction":[{"@type":"SearchAction","target":{"@type":"EntryPoint","urlTemplate":"https:\/\/outsiderland.com\/danahilliot\/?s={search_term_string}"},"query-input":{"@type":"PropertyValueSpecification","valueRequired":true,"valueName":"search_term_string"}}],"inLanguage":"fr-FR"},{"@type":["Person","Organization"],"@id":"https:\/\/outsiderland.com\/danahilliot\/#\/schema\/person\/201a1fef0f5c2897bd65e98bcf6b1179","name":"danahilliot","image":{"@type":"ImageObject","inLanguage":"fr-FR","@id":"https:\/\/outsiderland.com\/danahilliot\/#\/schema\/person\/image\/","url":"https:\/\/outsiderland.com\/danahilliot\/wp-content\/uploads\/2026\/02\/50801449407_a909f2c1ad_k.jpg","contentUrl":"https:\/\/outsiderland.com\/danahilliot\/wp-content\/uploads\/2026\/02\/50801449407_a909f2c1ad_k.jpg","width":2048,"height":1536,"caption":"danahilliot"},"logo":{"@id":"https:\/\/outsiderland.com\/danahilliot\/#\/schema\/person\/image\/"}}]}},"_links":{"self":[{"href":"https:\/\/outsiderland.com\/danahilliot\/wp-json\/wp\/v2\/pages\/2656","targetHints":{"allow":["GET"]}}],"collection":[{"href":"https:\/\/outsiderland.com\/danahilliot\/wp-json\/wp\/v2\/pages"}],"about":[{"href":"https:\/\/outsiderland.com\/danahilliot\/wp-json\/wp\/v2\/types\/page"}],"author":[{"embeddable":true,"href":"https:\/\/outsiderland.com\/danahilliot\/wp-json\/wp\/v2\/users\/1"}],"replies":[{"embeddable":true,"href":"https:\/\/outsiderland.com\/danahilliot\/wp-json\/wp\/v2\/comments?post=2656"}],"version-history":[{"count":3,"href":"https:\/\/outsiderland.com\/danahilliot\/wp-json\/wp\/v2\/pages\/2656\/revisions"}],"predecessor-version":[{"id":4513,"href":"https:\/\/outsiderland.com\/danahilliot\/wp-json\/wp\/v2\/pages\/2656\/revisions\/4513"}],"wp:attachment":[{"href":"https:\/\/outsiderland.com\/danahilliot\/wp-json\/wp\/v2\/media?parent=2656"}],"wp:term":[{"taxonomy":"category","embeddable":true,"href":"https:\/\/outsiderland.com\/danahilliot\/wp-json\/wp\/v2\/categories?post=2656"},{"taxonomy":"post_tag","embeddable":true,"href":"https:\/\/outsiderland.com\/danahilliot\/wp-json\/wp\/v2\/tags?post=2656"}],"curies":[{"name":"wp","href":"https:\/\/api.w.org\/{rel}","templated":true}]}}