{"id":2584,"date":"2018-10-07T22:04:16","date_gmt":"2018-10-07T22:04:16","guid":{"rendered":"https:\/\/outsiderland.com\/danahilliot\/?page_id=2584"},"modified":"2025-10-12T09:46:09","modified_gmt":"2025-10-12T09:46:09","slug":"la-pensee","status":"publish","type":"page","link":"https:\/\/outsiderland.com\/danahilliot\/la-pensee\/","title":{"rendered":"La Pens\u00e9e"},"content":{"rendered":"<p>Montant lentement, p\u00e9niblement, comme il se doit quand on est malade \u2014 une salet\u00e9 ! des milliers de minuscules rongeurs aux griffes a\u00e9r\u00e9s qui vous raclent l&rsquo;int\u00e9rieur des genoux, les tumultueux flots de douleurs s&rsquo;\u00e9lan\u00e7ant \u00e0 partir de l\u00e0 jusqu&rsquo;\u00e0 la nuque, suivant m\u00e9ticuleusement chaque millim\u00e8tre de nerfs dont le Bon Dieu cr\u00fbt bon de nous doter \u2014 atroce \u2014 Mais si j&rsquo;arr\u00eate de marcher, se r\u00e9p\u00e9tait-il tout en marchant sur ce sentier de douleurs, je finirai par ne plus marcher du tout. Alors : le fauteuil mont\u00e9 sur roulettes pouss\u00e9 par une donzelle compatissante, puis, l&rsquo;inexorable d\u00e9fil\u00e9 des cons\u00e9quences hautement pr\u00e9visibles : l&rsquo;asile de vieux \u2014 quand-t&rsquo;y pourra plus aller aux toilettes l&rsquo;ancien ! \u2014, antichambre de l&rsquo;asile de fous \u2014 quand il saura plus combien font 4 + 3 et l&rsquo;nom du pr\u00e9sident en activit\u00e9 \u2014, antichambre de la demeure ultime o\u00f9 cesseront les souffrances, o\u00f9 vous n&rsquo;aurez plus jamais mal. Vaudrait mieux r\u00e9soudre le probl\u00e8me d\u00e8s maintenant. Trouver une grange pour s&rsquo;y pendre : pas ce qui manque ici les granges. En attendant \u2014 remettez \u00e0 demain ce qu&rsquo;apr\u00e8s tout rien ne vous emp\u00eache vraiment de faire le jour m\u00eame \u2014 \u00e7a vaut bien la peine de s&rsquo;infliger cette ascension de torture, aller d\u00e9fier l&rsquo;autre enfarin\u00e9, empl\u00e2tr\u00e9 (au sens litt\u00e9ral), clou\u00e9 l\u00e0-haut jusqu&rsquo;\u00e0 nouvel ordre sur sa planche, condamn\u00e9 \u00e0 contempler du haut de sa magnificence compatissante, les alentours \u2014\u00a0du proche au lointain : le terrain de rugby municipal, les b\u00e2timents refaits \u00e0 neuf de la gendarmerie nationale, la quartier du Haut-Roueyre, qui s&rsquo;\u00e9tend et se construit en d\u00e9pit du bon sens sur les pentes de la colline en face, cette manie qu&rsquo;ont les jeunes couples de s&rsquo;agglutiner les uns aux autres, alors qu&rsquo;\u00e0 la campagne l&rsquo;espace tout de m\u00eame, c&rsquo;est pas ce qui manque, l&rsquo;ensemble surplomb\u00e9 par les prairies d&rsquo;\u00e9oliennes, quatre g\u00e9ants donquichottesques lesquels \u00e0 leur tour furent condamn\u00e9s par les hommes \u00e0 contempler, la m\u00eame chose en fait, mais \u00e0 l&rsquo;envers, et ce bonhomme de pl\u00e2tre blanc, juste v\u00eatu d&rsquo;un pagne, les contemplant plaintivement, et ainsi de suite \u2014.<\/p>\n<p>Il lui venait ma foi encore une id\u00e9e par jour, et c&rsquo;\u00e9tait l&rsquo;autre raison pour laquelle il se contraignait \u00e0 cette mont\u00e9e au calvaire. Ce n&rsquo;\u00e9tait pas toujours une bonne id\u00e9e. Certains jours, apr\u00e8s qu&rsquo;une fois descendu de son rocher, il s&rsquo;asseyait dans le fauteuil en repensant \u00e0 l&rsquo;id\u00e9e qu&rsquo;il avait eu, il pr\u00e9f\u00e9rait l&rsquo;oublier aussit\u00f4t tant elle \u00e9tait mauvaise. Certaines id\u00e9es toutefois valaient la peine qu&rsquo;on se donne tant d&rsquo;efforts, parce qu&rsquo;elles lui donnaient \u00e0 penser. Comme la plupart des hommes de son \u00e2ge et de sa condition, il avait beaucoup travaill\u00e9, et c&rsquo;est seulement quand l&rsquo;heure de la retraite e\u00fbt sonn\u00e9 qu&rsquo;il s&rsquo;\u00e9tait mis \u00e0 pr\u00eater attention \u00e0 ses pens\u00e9es.\u00a0Non pas que des pens\u00e9es, auparavant, il n&rsquo;en ait jamais eu, mais simplement, il ne leur accordait en g\u00e9n\u00e9ral qu&rsquo;un int\u00e9r\u00eat limit\u00e9 : il avait toujours \u00e0 faire, vivre lui prenait tout son temps, gagner sa pitance \u00e9puisait toute son \u00e9nergie. Par exemple, il se souvenait d&rsquo;avoir \u00e9t\u00e9 travers\u00e9 bien des fois par une pens\u00e9e comme quoi il aurait mieux valu vivre seul, mais il n&rsquo;avait rien fait qui puisse r\u00e9aliser en quelque sorte cette pens\u00e9e, si bien que le jour o\u00f9 son \u00e9pouse, peu de temps apr\u00e8s son d\u00e9part \u00e0 la retraite, lui avait propos\u00e9 le divorce, il fut pris de cours, n&rsquo;ayant pas pris la peine de penser s\u00e9rieusement \u00e0 cette possibilit\u00e9. Ce n&rsquo;est qu&rsquo;apr\u00e8s son d\u00e9part, quelques mois plus tard, qu&rsquo;il se mit \u00e0 d\u00e9sirer pour lui-m\u00eame la solitude \u00e0 laquelle le sort l&rsquo;avait de toutes fa\u00e7ons condamn\u00e9. L&rsquo;id\u00e9e qui lui v\u00eent alors concernait la libert\u00e9. Il se dit, en s&rsquo;allongeant dans l&rsquo;herbe fra\u00eeche au pied de la croix \u2014 on \u00e9tait au d\u00e9but du printemps, p\u00e9riode propice \u00e0 l&rsquo;\u00e9closion d&rsquo;id\u00e9es nouvelles \u2014, qu&rsquo;on pouvait se sentir libre apr\u00e8s coup, et que c&rsquo;\u00e9tait l\u00e0 peut-\u00eatre la v\u00e9ritable libert\u00e9, celle qui seule m\u00e9ritait ce nom : il suffisait non seulement d&rsquo;accepter, mais aussi de vouloir, les choses telles qu&rsquo;elles s&rsquo;\u00e9taient pass\u00e9es. L&rsquo;id\u00e9e lui parut d&rsquo;abord il est vrai un peu tordue. Il se dit aussi que c&rsquo;est le genre d&rsquo;id\u00e9e que des hommes comme lui sont capables de se donner en guise de consolation, des hommes qui finalement n&rsquo;ont que rarement eu le choix, ne se sont que rarement confront\u00e9s \u00e0 une situation o\u00f9 ils auraient pu avoir \u00e0 choisir, pas seulement du fait de leur condition, mais peut-\u00eatre aussi parce qu&rsquo;ils s&rsquo;\u00e9taient d\u00e9brouill\u00e9s pour ne pas avoir \u00e0 choisir. Si la fortune avait \u00e9t\u00e9 plus cl\u00e9mente avec lui, peut-\u00eatre aurait-il \u00e9t\u00e9 confront\u00e9 \u00e0 ces choix redoutables auxquels d&rsquo;autres sont confront\u00e9s : le choix de carri\u00e8re (il avait repris la ferme du p\u00e8re qui lui-m\u00eame l&rsquo;avait h\u00e9rit\u00e9e de son p\u00e8re), le choix d&rsquo;une \u00e9pouse (il avait mari\u00e9 une fille du hameau d&rsquo;en dessous : quand on pense au nombre de femmes qui peuplent la terre, quelle probabilit\u00e9 y&rsquo;avait-il que sa voisine fut pr\u00e9cis\u00e9ment la femme de sa vie ?), le choix d&rsquo;une religion (la question ne s&rsquo;\u00e9tait \u00e0 vrai dire jamais pos\u00e9e). L&rsquo;id\u00e9e donc, bien qu&rsquo;un peu tordue l&rsquo;avait aid\u00e9 pendant les longues journ\u00e9es de solitude qui se pr\u00e9cipitaient lentement tout autour de lui.<\/p>\n<p>Il e\u00fbt \u00e9galement de nombreuses pens\u00e9es au sujet de Dieu et du Christ. Le contexte l&rsquo;y invitait \u00e9videmment. Il se mit \u00e0 lire \u2014 il savait lire mais n&rsquo;en avait jusqu&rsquo;\u00e0 pr\u00e9sent pour ainsi dire pas l&rsquo;usage. Il fit les choses dans l&rsquo;ordre, achetant chez le bouquiniste du coin un exemplaire du Coran, Confucius et Tchouang Tseu, les Oracles Chalda\u00efques et le Rig-Veda (la Bible il l&rsquo;avait d\u00e9j\u00e0 en triple exemplaire, legs involontaire de son \u00e9pouse, autrefois fort d\u00e9vote avant de d\u00e9couvrir sur le tard les joies d&rsquo;une existence passablement plus d\u00e9voy\u00e9e \u2014 elle passait l&rsquo;essentiel de son temps en croisi\u00e8re avec son nouveau Jules, un ancien m\u00e9decin qui, bien qu&rsquo;il e\u00fbt atteint un \u00e2ge respectable, ne r\u00e9pugnait pas \u00e0 prendre la vie du bon c\u00f4t\u00e9 \u2014, qui les avait oubli\u00e9es, les trois volumes nerveusement \u00e9corn\u00e9s par ses doigts d&rsquo;ex-la\u00efque attach\u00e9e au service de notre bonne m\u00e8re l&rsquo;\u00c9glise). Il se posa notamment des questions au sujet de la providence, et, une fois qu&rsquo;il ait r\u00e9fl\u00e9chi calmement au probl\u00e8me, il tendit \u00e0 consid\u00e9rer que Dieu, apr\u00e8s avoir cr\u00e9\u00e9 le monde, s&rsquo;en \u00e9tait probablement retir\u00e9, peut-\u00eatre pour en cr\u00e9er un autre, et d&rsquo;autres encore et ainsi \u00e0 l&rsquo;infini apr\u00e8s cela. Il lui semblait assez mesquin d&rsquo;imaginer qu&rsquo;un Dieu, s&rsquo;il m\u00e9ritait ce nom, s&rsquo;abaiss\u00e2t \u00e0 r\u00e9pondre aux innombrables pri\u00e8res que de vieilles filles agripp\u00e9es \u00e0 un chapelet passaient leur temps \u00e0 lui adresser \u00e0 tout instant. Quelques jours plus tard, il en vint m\u00eame \u00e0 penser que Dieu n&rsquo;avait rien cr\u00e9\u00e9 du tout, qu&rsquo;il avait juste donn\u00e9 quelques consignes \u2014 et d\u00e8s lors il e\u00fbt cette id\u00e9e assez angoissante, du moins au d\u00e9but, mais il s&rsquo;y habitua finalement sans trop de peine, qu&rsquo;on pouvait tout aussi bien se passer de Dieu, dans la mesure o\u00f9 il paraissait probable qu&rsquo;il se d\u00e9sint\u00e9ressait tout autant de nous, ce qui revenait \u00e0 dire, pour parler plus clairement, que Dieu n&rsquo;existait pas, que toute cette litt\u00e9rature n&rsquo;\u00e9tait que du foin qu&rsquo;on donnait \u00e0 manger au troupeau pour qu&rsquo;il se tienne calme le temps qu&rsquo;on pr\u00e9pare les machines pour tirer le lait.<\/p>\n<p>Dans un monde o\u00f9 Dieu s&rsquo;\u00e9tait absent\u00e9, il \u00e9tait d\u00e9sormais plus facile de poser les probl\u00e8mes politiques sur la table \u2014 la table en question, envahie de quelques quotidiens dat\u00e9s du jour, et de magazines de vulgarisation scientifique auxquels il s&rsquo;\u00e9tait abonn\u00e9, n&rsquo;\u00e9tant bien s\u00fbr qu&rsquo;une simple table de cuisine, mais il l&rsquo;avait en quelque sorte \u00e9lev\u00e9e au rang de centre de documentation, notamment quand le mauvais temps le condamnait \u00e0 rester au sec \u00e0 la maison. Il ne s&rsquo;\u00e9tait jamais inqui\u00e9t\u00e9 jusqu&rsquo;ici de politique, n&rsquo;avait jamais adh\u00e9r\u00e9 \u00e0 aucun parti, ni aucun syndicat \u2014 les dits syndicats ne s&rsquo;\u00e9taient pas manifest\u00e9s non plus pour aller le qu\u00e9rir dans sa ferme, laquelle vivotait plut\u00f4t mal que bien au demeurant \u2014, et, quand il votait, c&rsquo;\u00e9tait plut\u00f4t \u00e0 droite, comme tout le monde au pays, c&rsquo;est-\u00e0-dire, en faveur des quelques h\u00e9ritiers qui gouvernaient le canton depuis des lustres, cantons dont ils \u00e9taient en partie propri\u00e9taires. Il ne s&rsquo;\u00e9tait jamais vraiment souci\u00e9 du malheur des autres, ni de leur bonheur non plus, except\u00e9 quand \u00e7a le touchait de pr\u00e8s, non pas qu&rsquo;il f\u00fbt sp\u00e9cialement \u00e9go\u00efste, mais il avait d\u00e9j\u00e0 assez \u00e0 faire avec la vie quotidienne et ne se sentait pas autoris\u00e9 \u00e0 donner des le\u00e7ons \u00e0 quiconque, sa connaissance du monde lui semblant trop limit\u00e9e. Il\u00a0en allait diff\u00e9remment aujourd&rsquo;hui, et, bien qu&rsquo;il n&rsquo;e\u00fbt quasiment jamais voyag\u00e9, except\u00e9es de rares excursions sur la c\u00f4te d&rsquo;Azur et \u00e0 Paris, o\u00f9 son \u00e9pouse avait de la famille, par ses lectures et ses r\u00e9flexions, il portait un regard neuf sur le monde, la nation, et son pays en particulier. Il pensa par exemple que \u00e7a n&rsquo;allait pas de soi \u2014 expression qu&rsquo;il avait lu dans l&rsquo;interview d&rsquo;un philosophe moderne, \u00ab \u00c7a ne va pas de soi \u00bb, expression qui lui plaisait beaucoup \u2014 cette r\u00e8gle implicite selon laquelle les plus savants, qui sont aussi, en g\u00e9n\u00e9ral, les plus riches, d\u00e9terminent pour tous les autres, les ignorants, qui sont aussi, en g\u00e9n\u00e9ral, les plus pauvres, le bien commun. Que ce bien commun \u00e0\u00a0bien y r\u00e9fl\u00e9chir, n&rsquo;\u00e9tait que poudre aux yeux, et dissimulait bien souvent, pour pas dire toujours, un programme d\u00e9fendant en r\u00e9alit\u00e9 des int\u00e9r\u00eats particuliers, \u00e0 commencer par ceux de la caste dirigeante, programme saupoudr\u00e9 de quelques mesurettes charitables pour les pauvres, lesquels ont appris \u00e0 se satisfaire de peu, et s&rsquo;en satisfont effectivement tant qu&rsquo;ils gardent l&rsquo;impression que leur voisin le plus proche n&rsquo;est pas trop avantag\u00e9. Bref, toutes les politiques lui semblaient, pour cette raison que seuls les propri\u00e9taires et les nantis gouvernent, et qu&rsquo;on ne voyait pas comment un ch\u00f4meur ou un pauvre paysan comme lui aurait pu acc\u00e9der au pouvoir, essentiellement conservatrices. Il se d\u00e9couvrir des tendances communistes et lut Marx, ce qui lui valut un l\u00e9ger sentiment de culpabilit\u00e9, d\u00fb au fait qu&rsquo;on avait toujours consid\u00e9r\u00e9 dans son pays le communisme comme une cr\u00e9ation du diable, mais ce fut comme son abandon de la religion du Christ : il s&rsquo;en remis finalement assez vite. Si bien qu&rsquo;aux \u00e9lections qui eurent lieu au printemps suivant, il vota, pour la premi\u00e8re fois de sa vie, \u00e0 gauche, et m\u00eame tr\u00e8s \u00e0 gauche (quoique, s&rsquo;avoua-t-il \u00e0 lui-m\u00eame, sans illusion).<\/p>\n<p>Arriv\u00e9 \u00e0 ce point, il sut qu&rsquo;il lui restait encore l&rsquo;histoire, puis la physique et les sciences naturelles, sans oublier la litt\u00e9rature et les arts, et c&rsquo;est la raison pour laquelle, contemplant tout ce qui lui restait \u00e0 explorer, il continuait de gravir chaque jour le calvaire derri\u00e8re chez lui, parce que ce n&rsquo;\u00e9tait pas le moment de fl\u00e9chir, de se rel\u00e2cher, parce que s&rsquo;il abandonnait maintenant, il perdrait non seulement la sant\u00e9 mais aussi ces pens\u00e9es pr\u00e9cieuses qui le reliait au monde, quand bien m\u00eame le monde se fichait bien de savoir qu&rsquo;il existait un homme tel que lui, qui se pr\u00e9occupait du monde, sans rien en attendre en retour.<\/p>\n","protected":false},"excerpt":{"rendered":"<p>Montant lentement, p\u00e9niblement, comme il se doit quand on est malade \u2014 une salet\u00e9 ! des milliers de minuscules rongeurs aux griffes a\u00e9r\u00e9s qui vous raclent l&rsquo;int\u00e9rieur des genoux, les tumultueux flots de douleurs s&rsquo;\u00e9lan\u00e7ant \u00e0 partir de l\u00e0 jusqu&rsquo;\u00e0 la nuque, suivant m\u00e9ticuleusement chaque millim\u00e8tre de nerfs dont le Bon Dieu cr\u00fbt bon de&hellip;<\/p>\n <a href=\"https:\/\/outsiderland.com\/danahilliot\/la-pensee\/\" title=\"La Pens\u00e9e\" class=\"entry-more-link\"><span>Read More<\/span> <span class=\"screen-reader-text\">La Pens\u00e9e<\/span><\/a>","protected":false},"author":1,"featured_media":0,"parent":0,"menu_order":0,"comment_status":"closed","ping_status":"closed","template":"","meta":{"Layout":"","footnotes":""},"categories":[120],"tags":[126],"class_list":["entry","author-danah","post-2584","page","type-page","status-publish","category-observation","tag-observation"],"yoast_head":"<!-- This site is optimized with the Yoast SEO plugin v27.0 - https:\/\/yoast.com\/product\/yoast-seo-wordpress\/ -->\n<title>La Pens\u00e9e - Outside Dana Hilliot<\/title>\n<meta name=\"robots\" content=\"index, follow, max-snippet:-1, max-image-preview:large, max-video-preview:-1\" \/>\n<link rel=\"canonical\" href=\"https:\/\/outsiderland.com\/danahilliot\/la-pensee\/\" \/>\n<meta property=\"og:locale\" content=\"fr_FR\" \/>\n<meta property=\"og:type\" content=\"article\" \/>\n<meta property=\"og:title\" content=\"La Pens\u00e9e - Outside Dana Hilliot\" \/>\n<meta property=\"og:description\" content=\"Montant lentement, p\u00e9niblement, comme il se doit quand on est malade \u2014 une salet\u00e9 ! des milliers de minuscules rongeurs aux griffes a\u00e9r\u00e9s qui vous raclent l&rsquo;int\u00e9rieur des genoux, les tumultueux flots de douleurs s&rsquo;\u00e9lan\u00e7ant \u00e0 partir de l\u00e0 jusqu&rsquo;\u00e0 la nuque, suivant m\u00e9ticuleusement chaque millim\u00e8tre de nerfs dont le Bon Dieu cr\u00fbt bon de&hellip;\" \/>\n<meta property=\"og:url\" content=\"https:\/\/outsiderland.com\/danahilliot\/la-pensee\/\" \/>\n<meta property=\"og:site_name\" content=\"Outside Dana Hilliot\" \/>\n<meta property=\"article:modified_time\" content=\"2025-10-12T09:46:09+00:00\" \/>\n<meta name=\"twitter:card\" content=\"summary_large_image\" \/>\n<meta name=\"twitter:label1\" content=\"Dur\u00e9e de lecture estim\u00e9e\" \/>\n\t<meta name=\"twitter:data1\" content=\"10 minutes\" \/>\n<script type=\"application\/ld+json\" class=\"yoast-schema-graph\">{\"@context\":\"https:\/\/schema.org\",\"@graph\":[{\"@type\":\"WebPage\",\"@id\":\"https:\/\/outsiderland.com\/danahilliot\/la-pensee\/\",\"url\":\"https:\/\/outsiderland.com\/danahilliot\/la-pensee\/\",\"name\":\"La Pens\u00e9e - Outside Dana Hilliot\",\"isPartOf\":{\"@id\":\"https:\/\/outsiderland.com\/danahilliot\/#website\"},\"datePublished\":\"2018-10-07T22:04:16+00:00\",\"dateModified\":\"2025-10-12T09:46:09+00:00\",\"breadcrumb\":{\"@id\":\"https:\/\/outsiderland.com\/danahilliot\/la-pensee\/#breadcrumb\"},\"inLanguage\":\"fr-FR\",\"potentialAction\":[{\"@type\":\"ReadAction\",\"target\":[\"https:\/\/outsiderland.com\/danahilliot\/la-pensee\/\"]}]},{\"@type\":\"BreadcrumbList\",\"@id\":\"https:\/\/outsiderland.com\/danahilliot\/la-pensee\/#breadcrumb\",\"itemListElement\":[{\"@type\":\"ListItem\",\"position\":1,\"name\":\"Accueil\",\"item\":\"https:\/\/outsiderland.com\/danahilliot\/\"},{\"@type\":\"ListItem\",\"position\":2,\"name\":\"La Pens\u00e9e\"}]},{\"@type\":\"WebSite\",\"@id\":\"https:\/\/outsiderland.com\/danahilliot\/#website\",\"url\":\"https:\/\/outsiderland.com\/danahilliot\/\",\"name\":\"Outside Dana Hilliot\",\"description\":\". Archives . Activit\u00e9s . Projets .\",\"publisher\":{\"@id\":\"https:\/\/outsiderland.com\/danahilliot\/#\/schema\/person\/201a1fef0f5c2897bd65e98bcf6b1179\"},\"potentialAction\":[{\"@type\":\"SearchAction\",\"target\":{\"@type\":\"EntryPoint\",\"urlTemplate\":\"https:\/\/outsiderland.com\/danahilliot\/?s={search_term_string}\"},\"query-input\":{\"@type\":\"PropertyValueSpecification\",\"valueRequired\":true,\"valueName\":\"search_term_string\"}}],\"inLanguage\":\"fr-FR\"},{\"@type\":[\"Person\",\"Organization\"],\"@id\":\"https:\/\/outsiderland.com\/danahilliot\/#\/schema\/person\/201a1fef0f5c2897bd65e98bcf6b1179\",\"name\":\"danahilliot\",\"image\":{\"@type\":\"ImageObject\",\"inLanguage\":\"fr-FR\",\"@id\":\"https:\/\/outsiderland.com\/danahilliot\/#\/schema\/person\/image\/\",\"url\":\"https:\/\/outsiderland.com\/danahilliot\/wp-content\/uploads\/2026\/02\/50801449407_a909f2c1ad_k.jpg\",\"contentUrl\":\"https:\/\/outsiderland.com\/danahilliot\/wp-content\/uploads\/2026\/02\/50801449407_a909f2c1ad_k.jpg\",\"width\":2048,\"height\":1536,\"caption\":\"danahilliot\"},\"logo\":{\"@id\":\"https:\/\/outsiderland.com\/danahilliot\/#\/schema\/person\/image\/\"}}]}<\/script>\n<!-- \/ Yoast SEO plugin. -->","yoast_head_json":{"title":"La Pens\u00e9e - Outside Dana Hilliot","robots":{"index":"index","follow":"follow","max-snippet":"max-snippet:-1","max-image-preview":"max-image-preview:large","max-video-preview":"max-video-preview:-1"},"canonical":"https:\/\/outsiderland.com\/danahilliot\/la-pensee\/","og_locale":"fr_FR","og_type":"article","og_title":"La Pens\u00e9e - Outside Dana Hilliot","og_description":"Montant lentement, p\u00e9niblement, comme il se doit quand on est malade \u2014 une salet\u00e9 ! des milliers de minuscules rongeurs aux griffes a\u00e9r\u00e9s qui vous raclent l&rsquo;int\u00e9rieur des genoux, les tumultueux flots de douleurs s&rsquo;\u00e9lan\u00e7ant \u00e0 partir de l\u00e0 jusqu&rsquo;\u00e0 la nuque, suivant m\u00e9ticuleusement chaque millim\u00e8tre de nerfs dont le Bon Dieu cr\u00fbt bon de&hellip;","og_url":"https:\/\/outsiderland.com\/danahilliot\/la-pensee\/","og_site_name":"Outside Dana Hilliot","article_modified_time":"2025-10-12T09:46:09+00:00","twitter_card":"summary_large_image","twitter_misc":{"Dur\u00e9e de lecture estim\u00e9e":"10 minutes"},"schema":{"@context":"https:\/\/schema.org","@graph":[{"@type":"WebPage","@id":"https:\/\/outsiderland.com\/danahilliot\/la-pensee\/","url":"https:\/\/outsiderland.com\/danahilliot\/la-pensee\/","name":"La Pens\u00e9e - Outside Dana Hilliot","isPartOf":{"@id":"https:\/\/outsiderland.com\/danahilliot\/#website"},"datePublished":"2018-10-07T22:04:16+00:00","dateModified":"2025-10-12T09:46:09+00:00","breadcrumb":{"@id":"https:\/\/outsiderland.com\/danahilliot\/la-pensee\/#breadcrumb"},"inLanguage":"fr-FR","potentialAction":[{"@type":"ReadAction","target":["https:\/\/outsiderland.com\/danahilliot\/la-pensee\/"]}]},{"@type":"BreadcrumbList","@id":"https:\/\/outsiderland.com\/danahilliot\/la-pensee\/#breadcrumb","itemListElement":[{"@type":"ListItem","position":1,"name":"Accueil","item":"https:\/\/outsiderland.com\/danahilliot\/"},{"@type":"ListItem","position":2,"name":"La Pens\u00e9e"}]},{"@type":"WebSite","@id":"https:\/\/outsiderland.com\/danahilliot\/#website","url":"https:\/\/outsiderland.com\/danahilliot\/","name":"Outside Dana Hilliot","description":". Archives . Activit\u00e9s . Projets .","publisher":{"@id":"https:\/\/outsiderland.com\/danahilliot\/#\/schema\/person\/201a1fef0f5c2897bd65e98bcf6b1179"},"potentialAction":[{"@type":"SearchAction","target":{"@type":"EntryPoint","urlTemplate":"https:\/\/outsiderland.com\/danahilliot\/?s={search_term_string}"},"query-input":{"@type":"PropertyValueSpecification","valueRequired":true,"valueName":"search_term_string"}}],"inLanguage":"fr-FR"},{"@type":["Person","Organization"],"@id":"https:\/\/outsiderland.com\/danahilliot\/#\/schema\/person\/201a1fef0f5c2897bd65e98bcf6b1179","name":"danahilliot","image":{"@type":"ImageObject","inLanguage":"fr-FR","@id":"https:\/\/outsiderland.com\/danahilliot\/#\/schema\/person\/image\/","url":"https:\/\/outsiderland.com\/danahilliot\/wp-content\/uploads\/2026\/02\/50801449407_a909f2c1ad_k.jpg","contentUrl":"https:\/\/outsiderland.com\/danahilliot\/wp-content\/uploads\/2026\/02\/50801449407_a909f2c1ad_k.jpg","width":2048,"height":1536,"caption":"danahilliot"},"logo":{"@id":"https:\/\/outsiderland.com\/danahilliot\/#\/schema\/person\/image\/"}}]}},"_links":{"self":[{"href":"https:\/\/outsiderland.com\/danahilliot\/wp-json\/wp\/v2\/pages\/2584","targetHints":{"allow":["GET"]}}],"collection":[{"href":"https:\/\/outsiderland.com\/danahilliot\/wp-json\/wp\/v2\/pages"}],"about":[{"href":"https:\/\/outsiderland.com\/danahilliot\/wp-json\/wp\/v2\/types\/page"}],"author":[{"embeddable":true,"href":"https:\/\/outsiderland.com\/danahilliot\/wp-json\/wp\/v2\/users\/1"}],"replies":[{"embeddable":true,"href":"https:\/\/outsiderland.com\/danahilliot\/wp-json\/wp\/v2\/comments?post=2584"}],"version-history":[{"count":1,"href":"https:\/\/outsiderland.com\/danahilliot\/wp-json\/wp\/v2\/pages\/2584\/revisions"}],"predecessor-version":[{"id":2585,"href":"https:\/\/outsiderland.com\/danahilliot\/wp-json\/wp\/v2\/pages\/2584\/revisions\/2585"}],"wp:attachment":[{"href":"https:\/\/outsiderland.com\/danahilliot\/wp-json\/wp\/v2\/media?parent=2584"}],"wp:term":[{"taxonomy":"category","embeddable":true,"href":"https:\/\/outsiderland.com\/danahilliot\/wp-json\/wp\/v2\/categories?post=2584"},{"taxonomy":"post_tag","embeddable":true,"href":"https:\/\/outsiderland.com\/danahilliot\/wp-json\/wp\/v2\/tags?post=2584"}],"curies":[{"name":"wp","href":"https:\/\/api.w.org\/{rel}","templated":true}]}}