{"id":2508,"date":"2018-10-05T18:45:49","date_gmt":"2018-10-05T18:45:49","guid":{"rendered":"https:\/\/outsiderland.com\/danahilliot\/?page_id=2508"},"modified":"2019-04-15T21:12:42","modified_gmt":"2019-04-15T21:12:42","slug":"nous-vivions-comme-si-la-fin-du-monde-etait-imminente","status":"publish","type":"page","link":"https:\/\/outsiderland.com\/danahilliot\/nous-vivions-comme-si-la-fin-du-monde-etait-imminente\/","title":{"rendered":"*NOUS VIVIONS COMME SI LA FIN DU MONDE \u00c9TAIT IMMINENTE*"},"content":{"rendered":"<p><img decoding=\"async\" class=\"alignnone wp-image-2509 size-medium\" src=\"https:\/\/outsiderland.com\/danahilliot\/wp-content\/uploads\/2018\/10\/NOUSVIVIONS-207x300.png\" alt=\"\" width=\"207\" height=\"300\" srcset=\"https:\/\/outsiderland.com\/danahilliot\/wp-content\/uploads\/2018\/10\/NOUSVIVIONS-207x300.png 207w, https:\/\/outsiderland.com\/danahilliot\/wp-content\/uploads\/2018\/10\/NOUSVIVIONS.png 473w\" sizes=\"(max-width: 207px) 100vw, 207px\" \/><\/p>\n<p><strong>Table des mati\u00e8res<\/strong><br \/>\nLily<br \/>\nEl Santuario de Nuestra Se\u00f1ora de La Bien Aparecida<br \/>\nBayonne<br \/>\nSouvenirs de l\u2019\u00eele d\u2019Yeu<br \/>\nAfter Hours<br \/>\nLes Distributeurs automatiques de billets de banque<br \/>\nLes Sacrifi\u00e9s<br \/>\nNous vivions somme toute comme si la fin du monde \u00e9tait imminente<br \/>\nL\u2019homme \u00e0 la moustiquaire<br \/>\nNocturne<br \/>\nL\u2019Ascension du Puy de Sancy<br \/>\nLe Torrent<br \/>\nQuelques paire de chaussures<br \/>\nHommes \u00e9gar\u00e9s dans le brouillard<br \/>\nUne chute<br \/>\n4 octobre 2018<\/p>\n<p>\u00c0 PARA\u00ceTRE<\/p>\n","protected":false},"excerpt":{"rendered":"<p>Table des mati\u00e8res Lily El Santuario de Nuestra Se\u00f1ora de La Bien Aparecida Bayonne Souvenirs de l\u2019\u00eele d\u2019Yeu After Hours Les Distributeurs automatiques de billets de banque Les Sacrifi\u00e9s Nous vivions somme toute comme si la fin du monde \u00e9tait imminente L\u2019homme \u00e0 la moustiquaire Nocturne L\u2019Ascension du Puy de Sancy Le Torrent Quelques paire&hellip;<\/p>\n <a href=\"https:\/\/outsiderland.com\/danahilliot\/nous-vivions-comme-si-la-fin-du-monde-etait-imminente\/\" title=\"*NOUS VIVIONS COMME SI LA FIN DU MONDE \u00c9TAIT IMMINENTE*\" class=\"entry-more-link\"><span>Read More<\/span> <span class=\"screen-reader-text\">*NOUS VIVIONS COMME SI LA FIN DU MONDE \u00c9TAIT IMMINENTE*<\/span><\/a>","protected":false},"author":1,"featured_media":0,"parent":0,"menu_order":0,"comment_status":"closed","ping_status":"closed","template":"","meta":{"Layout":"","footnotes":""},"categories":[],"tags":[],"class_list":["entry","author-danah","post-2508","page","type-page","status-publish"],"yoast_head":"<!-- This site is optimized with the Yoast SEO plugin v27.0 - https:\/\/yoast.com\/product\/yoast-seo-wordpress\/ -->\n<title>*NOUS VIVIONS COMME SI LA FIN DU MONDE \u00c9TAIT IMMINENTE* - Outside Dana Hilliot<\/title>\n<meta name=\"robots\" content=\"index, follow, max-snippet:-1, max-image-preview:large, max-video-preview:-1\" \/>\n<link rel=\"canonical\" href=\"https:\/\/outsiderland.com\/danahilliot\/nous-vivions-comme-si-la-fin-du-monde-etait-imminente\/\" \/>\n<meta property=\"og:locale\" content=\"fr_FR\" \/>\n<meta property=\"og:type\" content=\"article\" \/>\n<meta property=\"og:title\" content=\"*NOUS VIVIONS COMME SI LA FIN DU MONDE \u00c9TAIT IMMINENTE* - Outside Dana Hilliot\" \/>\n<meta property=\"og:description\" content=\"Table des mati\u00e8res Lily El Santuario de Nuestra Se\u00f1ora de La Bien Aparecida Bayonne Souvenirs de l\u2019\u00eele d\u2019Yeu After Hours Les Distributeurs automatiques de billets de banque Les Sacrifi\u00e9s Nous vivions somme toute comme si la fin du monde \u00e9tait imminente L\u2019homme \u00e0 la moustiquaire Nocturne L\u2019Ascension du Puy de Sancy Le Torrent Quelques paire&hellip;\" \/>\n<meta property=\"og:url\" content=\"https:\/\/outsiderland.com\/danahilliot\/nous-vivions-comme-si-la-fin-du-monde-etait-imminente\/\" \/>\n<meta property=\"og:site_name\" content=\"Outside Dana Hilliot\" \/>\n<meta property=\"article:modified_time\" content=\"2019-04-15T21:12:42+00:00\" \/>\n<meta property=\"og:image\" content=\"https:\/\/outsiderland.com\/danahilliot\/wp-content\/uploads\/2018\/10\/NOUSVIVIONS.png\" \/>\n\t<meta property=\"og:image:width\" content=\"473\" \/>\n\t<meta property=\"og:image:height\" content=\"686\" \/>\n\t<meta property=\"og:image:type\" content=\"image\/png\" \/>\n<meta name=\"twitter:card\" content=\"summary_large_image\" \/>\n<script type=\"application\/ld+json\" class=\"yoast-schema-graph\">{\"@context\":\"https:\/\/schema.org\",\"@graph\":[{\"@type\":\"WebPage\",\"@id\":\"https:\/\/outsiderland.com\/danahilliot\/nous-vivions-comme-si-la-fin-du-monde-etait-imminente\/\",\"url\":\"https:\/\/outsiderland.com\/danahilliot\/nous-vivions-comme-si-la-fin-du-monde-etait-imminente\/\",\"name\":\"*NOUS VIVIONS COMME SI LA FIN DU MONDE \u00c9TAIT IMMINENTE* - Outside Dana Hilliot\",\"isPartOf\":{\"@id\":\"https:\/\/outsiderland.com\/danahilliot\/#website\"},\"primaryImageOfPage\":{\"@id\":\"https:\/\/outsiderland.com\/danahilliot\/nous-vivions-comme-si-la-fin-du-monde-etait-imminente\/#primaryimage\"},\"image\":{\"@id\":\"https:\/\/outsiderland.com\/danahilliot\/nous-vivions-comme-si-la-fin-du-monde-etait-imminente\/#primaryimage\"},\"thumbnailUrl\":\"https:\/\/outsiderland.com\/danahilliot\/wp-content\/uploads\/2018\/10\/NOUSVIVIONS-207x300.png\",\"datePublished\":\"2018-10-05T18:45:49+00:00\",\"dateModified\":\"2019-04-15T21:12:42+00:00\",\"breadcrumb\":{\"@id\":\"https:\/\/outsiderland.com\/danahilliot\/nous-vivions-comme-si-la-fin-du-monde-etait-imminente\/#breadcrumb\"},\"inLanguage\":\"fr-FR\",\"potentialAction\":[{\"@type\":\"ReadAction\",\"target\":[\"https:\/\/outsiderland.com\/danahilliot\/nous-vivions-comme-si-la-fin-du-monde-etait-imminente\/\"]}]},{\"@type\":\"ImageObject\",\"inLanguage\":\"fr-FR\",\"@id\":\"https:\/\/outsiderland.com\/danahilliot\/nous-vivions-comme-si-la-fin-du-monde-etait-imminente\/#primaryimage\",\"url\":\"https:\/\/outsiderland.com\/danahilliot\/wp-content\/uploads\/2018\/10\/NOUSVIVIONS.png\",\"contentUrl\":\"https:\/\/outsiderland.com\/danahilliot\/wp-content\/uploads\/2018\/10\/NOUSVIVIONS.png\",\"width\":473,\"height\":686},{\"@type\":\"BreadcrumbList\",\"@id\":\"https:\/\/outsiderland.com\/danahilliot\/nous-vivions-comme-si-la-fin-du-monde-etait-imminente\/#breadcrumb\",\"itemListElement\":[{\"@type\":\"ListItem\",\"position\":1,\"name\":\"Accueil\",\"item\":\"https:\/\/outsiderland.com\/danahilliot\/\"},{\"@type\":\"ListItem\",\"position\":2,\"name\":\"*NOUS VIVIONS COMME SI LA FIN DU MONDE \u00c9TAIT IMMINENTE*\"}]},{\"@type\":\"WebSite\",\"@id\":\"https:\/\/outsiderland.com\/danahilliot\/#website\",\"url\":\"https:\/\/outsiderland.com\/danahilliot\/\",\"name\":\"Outside Dana Hilliot\",\"description\":\". Archives . Activit\u00e9s . Projets .\",\"publisher\":{\"@id\":\"https:\/\/outsiderland.com\/danahilliot\/#\/schema\/person\/201a1fef0f5c2897bd65e98bcf6b1179\"},\"potentialAction\":[{\"@type\":\"SearchAction\",\"target\":{\"@type\":\"EntryPoint\",\"urlTemplate\":\"https:\/\/outsiderland.com\/danahilliot\/?s={search_term_string}\"},\"query-input\":{\"@type\":\"PropertyValueSpecification\",\"valueRequired\":true,\"valueName\":\"search_term_string\"}}],\"inLanguage\":\"fr-FR\"},{\"@type\":[\"Person\",\"Organization\"],\"@id\":\"https:\/\/outsiderland.com\/danahilliot\/#\/schema\/person\/201a1fef0f5c2897bd65e98bcf6b1179\",\"name\":\"danahilliot\",\"image\":{\"@type\":\"ImageObject\",\"inLanguage\":\"fr-FR\",\"@id\":\"https:\/\/outsiderland.com\/danahilliot\/#\/schema\/person\/image\/\",\"url\":\"https:\/\/outsiderland.com\/danahilliot\/wp-content\/uploads\/2026\/02\/50801449407_a909f2c1ad_k.jpg\",\"contentUrl\":\"https:\/\/outsiderland.com\/danahilliot\/wp-content\/uploads\/2026\/02\/50801449407_a909f2c1ad_k.jpg\",\"width\":2048,\"height\":1536,\"caption\":\"danahilliot\"},\"logo\":{\"@id\":\"https:\/\/outsiderland.com\/danahilliot\/#\/schema\/person\/image\/\"}}]}<\/script>\n<!-- \/ Yoast SEO plugin. -->","yoast_head_json":{"title":"*NOUS VIVIONS COMME SI LA FIN DU MONDE \u00c9TAIT IMMINENTE* - Outside Dana Hilliot","robots":{"index":"index","follow":"follow","max-snippet":"max-snippet:-1","max-image-preview":"max-image-preview:large","max-video-preview":"max-video-preview:-1"},"canonical":"https:\/\/outsiderland.com\/danahilliot\/nous-vivions-comme-si-la-fin-du-monde-etait-imminente\/","og_locale":"fr_FR","og_type":"article","og_title":"*NOUS VIVIONS COMME SI LA FIN DU MONDE \u00c9TAIT IMMINENTE* - Outside Dana Hilliot","og_description":"Table des mati\u00e8res Lily El Santuario de Nuestra Se\u00f1ora de La Bien Aparecida Bayonne Souvenirs de l\u2019\u00eele d\u2019Yeu After Hours Les Distributeurs automatiques de billets de banque Les Sacrifi\u00e9s Nous vivions somme toute comme si la fin du monde \u00e9tait imminente L\u2019homme \u00e0 la moustiquaire Nocturne L\u2019Ascension du Puy de Sancy Le Torrent Quelques paire&hellip;","og_url":"https:\/\/outsiderland.com\/danahilliot\/nous-vivions-comme-si-la-fin-du-monde-etait-imminente\/","og_site_name":"Outside Dana Hilliot","article_modified_time":"2019-04-15T21:12:42+00:00","og_image":[{"width":473,"height":686,"url":"https:\/\/outsiderland.com\/danahilliot\/wp-content\/uploads\/2018\/10\/NOUSVIVIONS.png","type":"image\/png"}],"twitter_card":"summary_large_image","schema":{"@context":"https:\/\/schema.org","@graph":[{"@type":"WebPage","@id":"https:\/\/outsiderland.com\/danahilliot\/nous-vivions-comme-si-la-fin-du-monde-etait-imminente\/","url":"https:\/\/outsiderland.com\/danahilliot\/nous-vivions-comme-si-la-fin-du-monde-etait-imminente\/","name":"*NOUS VIVIONS COMME SI LA FIN DU MONDE \u00c9TAIT IMMINENTE* - Outside Dana Hilliot","isPartOf":{"@id":"https:\/\/outsiderland.com\/danahilliot\/#website"},"primaryImageOfPage":{"@id":"https:\/\/outsiderland.com\/danahilliot\/nous-vivions-comme-si-la-fin-du-monde-etait-imminente\/#primaryimage"},"image":{"@id":"https:\/\/outsiderland.com\/danahilliot\/nous-vivions-comme-si-la-fin-du-monde-etait-imminente\/#primaryimage"},"thumbnailUrl":"https:\/\/outsiderland.com\/danahilliot\/wp-content\/uploads\/2018\/10\/NOUSVIVIONS-207x300.png","datePublished":"2018-10-05T18:45:49+00:00","dateModified":"2019-04-15T21:12:42+00:00","breadcrumb":{"@id":"https:\/\/outsiderland.com\/danahilliot\/nous-vivions-comme-si-la-fin-du-monde-etait-imminente\/#breadcrumb"},"inLanguage":"fr-FR","potentialAction":[{"@type":"ReadAction","target":["https:\/\/outsiderland.com\/danahilliot\/nous-vivions-comme-si-la-fin-du-monde-etait-imminente\/"]}]},{"@type":"ImageObject","inLanguage":"fr-FR","@id":"https:\/\/outsiderland.com\/danahilliot\/nous-vivions-comme-si-la-fin-du-monde-etait-imminente\/#primaryimage","url":"https:\/\/outsiderland.com\/danahilliot\/wp-content\/uploads\/2018\/10\/NOUSVIVIONS.png","contentUrl":"https:\/\/outsiderland.com\/danahilliot\/wp-content\/uploads\/2018\/10\/NOUSVIVIONS.png","width":473,"height":686},{"@type":"BreadcrumbList","@id":"https:\/\/outsiderland.com\/danahilliot\/nous-vivions-comme-si-la-fin-du-monde-etait-imminente\/#breadcrumb","itemListElement":[{"@type":"ListItem","position":1,"name":"Accueil","item":"https:\/\/outsiderland.com\/danahilliot\/"},{"@type":"ListItem","position":2,"name":"*NOUS VIVIONS COMME SI LA FIN DU MONDE \u00c9TAIT IMMINENTE*"}]},{"@type":"WebSite","@id":"https:\/\/outsiderland.com\/danahilliot\/#website","url":"https:\/\/outsiderland.com\/danahilliot\/","name":"Outside Dana Hilliot","description":". Archives . Activit\u00e9s . Projets .","publisher":{"@id":"https:\/\/outsiderland.com\/danahilliot\/#\/schema\/person\/201a1fef0f5c2897bd65e98bcf6b1179"},"potentialAction":[{"@type":"SearchAction","target":{"@type":"EntryPoint","urlTemplate":"https:\/\/outsiderland.com\/danahilliot\/?s={search_term_string}"},"query-input":{"@type":"PropertyValueSpecification","valueRequired":true,"valueName":"search_term_string"}}],"inLanguage":"fr-FR"},{"@type":["Person","Organization"],"@id":"https:\/\/outsiderland.com\/danahilliot\/#\/schema\/person\/201a1fef0f5c2897bd65e98bcf6b1179","name":"danahilliot","image":{"@type":"ImageObject","inLanguage":"fr-FR","@id":"https:\/\/outsiderland.com\/danahilliot\/#\/schema\/person\/image\/","url":"https:\/\/outsiderland.com\/danahilliot\/wp-content\/uploads\/2026\/02\/50801449407_a909f2c1ad_k.jpg","contentUrl":"https:\/\/outsiderland.com\/danahilliot\/wp-content\/uploads\/2026\/02\/50801449407_a909f2c1ad_k.jpg","width":2048,"height":1536,"caption":"danahilliot"},"logo":{"@id":"https:\/\/outsiderland.com\/danahilliot\/#\/schema\/person\/image\/"}}]}},"_links":{"self":[{"href":"https:\/\/outsiderland.com\/danahilliot\/wp-json\/wp\/v2\/pages\/2508","targetHints":{"allow":["GET"]}}],"collection":[{"href":"https:\/\/outsiderland.com\/danahilliot\/wp-json\/wp\/v2\/pages"}],"about":[{"href":"https:\/\/outsiderland.com\/danahilliot\/wp-json\/wp\/v2\/types\/page"}],"author":[{"embeddable":true,"href":"https:\/\/outsiderland.com\/danahilliot\/wp-json\/wp\/v2\/users\/1"}],"replies":[{"embeddable":true,"href":"https:\/\/outsiderland.com\/danahilliot\/wp-json\/wp\/v2\/comments?post=2508"}],"version-history":[{"count":3,"href":"https:\/\/outsiderland.com\/danahilliot\/wp-json\/wp\/v2\/pages\/2508\/revisions"}],"predecessor-version":[{"id":2755,"href":"https:\/\/outsiderland.com\/danahilliot\/wp-json\/wp\/v2\/pages\/2508\/revisions\/2755"}],"wp:attachment":[{"href":"https:\/\/outsiderland.com\/danahilliot\/wp-json\/wp\/v2\/media?parent=2508"}],"wp:term":[{"taxonomy":"category","embeddable":true,"href":"https:\/\/outsiderland.com\/danahilliot\/wp-json\/wp\/v2\/categories?post=2508"},{"taxonomy":"post_tag","embeddable":true,"href":"https:\/\/outsiderland.com\/danahilliot\/wp-json\/wp\/v2\/tags?post=2508"}],"curies":[{"name":"wp","href":"https:\/\/api.w.org\/{rel}","templated":true}]}}