{"id":3398,"date":"2020-05-03T11:27:29","date_gmt":"2020-05-03T11:27:29","guid":{"rendered":"https:\/\/outsiderland.com\/Roger-Delcros\/?page_id=3398"},"modified":"2026-02-11T12:42:35","modified_gmt":"2026-02-11T12:42:35","slug":"col-de-prat-de-bouc-tour-de-france","status":"publish","type":"page","link":"https:\/\/outsiderland.com\/Roger-Delcros\/?page_id=3398","title":{"rendered":"Col de Prat de Bouc \/ Tour de France"},"content":{"rendered":"<p><strong>Le col de Prat de Bouc \/ Plomb du Cantal\u00a0 est un col de 2 \u00e8me cat\u00e9gorie situ\u00e9 sur la commune d&rsquo;Albepierre Bredons .\u00a0<\/strong><\/p>\n<p><img loading=\"lazy\" decoding=\"async\" class=\"alignnone size-medium wp-image-3528\" src=\"https:\/\/outsiderland.com\/Roger-Delcros\/wp-content\/uploads\/2020\/08\/20200808_201613-263x300.jpg\" alt=\"\" width=\"263\" height=\"300\" srcset=\"https:\/\/outsiderland.com\/Roger-Delcros\/wp-content\/uploads\/2020\/08\/20200808_201613-263x300.jpg 263w, https:\/\/outsiderland.com\/Roger-Delcros\/wp-content\/uploads\/2020\/08\/20200808_201613-768x876.jpg 768w, https:\/\/outsiderland.com\/Roger-Delcros\/wp-content\/uploads\/2020\/08\/20200808_201613-898x1024.jpg 898w, https:\/\/outsiderland.com\/Roger-Delcros\/wp-content\/uploads\/2020\/08\/20200808_201613-720x821.jpg 720w, https:\/\/outsiderland.com\/Roger-Delcros\/wp-content\/uploads\/2020\/08\/20200808_201613-196x224.jpg 196w, https:\/\/outsiderland.com\/Roger-Delcros\/wp-content\/uploads\/2020\/08\/20200808_201613-456x520.jpg 456w, https:\/\/outsiderland.com\/Roger-Delcros\/wp-content\/uploads\/2020\/08\/20200808_201613-1140x1300.jpg 1140w\" sizes=\"auto, (max-width: 263px) 100vw, 263px\" \/><\/p>\n<p>Le Tour de France est pass\u00e9 au col pour la premi\u00e8re fois en 1975 . Lors de l&rsquo;\u00e9tape, Albi &#8211; Super Lioran. Le premier coureur \u00e0 franchir le col f\u00fbt le Belge , Eddy Merckx . L&rsquo;\u00e9tape\u00a0 est remport\u00e9e ,\u00a0 par le Belge Michel Pollentier.<\/p>\n<p>Le 14 juillet 2004 , l&rsquo;\u00e9tape Limoges &#8211; St Flour emprunte\u00a0 les routes de la commune d&rsquo;Albepierre Bredons et le Col de Prat de Bouc . Une foule immense entre Albepierre et Prat de Bouc a vu l&rsquo;\u00e9chapp\u00e9e victorieuse\u00a0 de Richard Virenque.<\/p>\n<figure style=\"width: 444px\" class=\"wp-caption alignnone\"><img loading=\"lazy\" decoding=\"async\" class=\"wp-image-3407 size-medium\" src=\"https:\/\/outsiderland.com\/Roger-Delcros\/wp-content\/uploads\/2020\/05\/20200502_225448-444x300.jpg\" alt=\"\" width=\"444\" height=\"300\" srcset=\"https:\/\/outsiderland.com\/Roger-Delcros\/wp-content\/uploads\/2020\/05\/20200502_225448-444x300.jpg 444w, https:\/\/outsiderland.com\/Roger-Delcros\/wp-content\/uploads\/2020\/05\/20200502_225448-768x519.jpg 768w, https:\/\/outsiderland.com\/Roger-Delcros\/wp-content\/uploads\/2020\/05\/20200502_225448-1024x692.jpg 1024w, https:\/\/outsiderland.com\/Roger-Delcros\/wp-content\/uploads\/2020\/05\/20200502_225448-720x487.jpg 720w, https:\/\/outsiderland.com\/Roger-Delcros\/wp-content\/uploads\/2020\/05\/20200502_225448-224x151.jpg 224w, https:\/\/outsiderland.com\/Roger-Delcros\/wp-content\/uploads\/2020\/05\/20200502_225448-769x520.jpg 769w, https:\/\/outsiderland.com\/Roger-Delcros\/wp-content\/uploads\/2020\/05\/20200502_225448-1140x771.jpg 1140w\" sizes=\"auto, (max-width: 444px) 100vw, 444px\" \/><figcaption class=\"wp-caption-text\">Le peloton a la poursuite de Richard Virenque.<\/figcaption><\/figure>\n<figure id=\"attachment_3408\" aria-describedby=\"caption-attachment-3408\" style=\"width: 438px\" class=\"wp-caption alignnone\"><img loading=\"lazy\" decoding=\"async\" class=\"wp-image-3408 size-medium\" src=\"https:\/\/outsiderland.com\/Roger-Delcros\/wp-content\/uploads\/2020\/05\/20200502_225559-438x300.jpg\" alt=\"\" width=\"438\" height=\"300\" srcset=\"https:\/\/outsiderland.com\/Roger-Delcros\/wp-content\/uploads\/2020\/05\/20200502_225559-438x300.jpg 438w, https:\/\/outsiderland.com\/Roger-Delcros\/wp-content\/uploads\/2020\/05\/20200502_225559-768x526.jpg 768w, https:\/\/outsiderland.com\/Roger-Delcros\/wp-content\/uploads\/2020\/05\/20200502_225559-1024x702.jpg 1024w, https:\/\/outsiderland.com\/Roger-Delcros\/wp-content\/uploads\/2020\/05\/20200502_225559-720x493.jpg 720w, https:\/\/outsiderland.com\/Roger-Delcros\/wp-content\/uploads\/2020\/05\/20200502_225559-224x154.jpg 224w, https:\/\/outsiderland.com\/Roger-Delcros\/wp-content\/uploads\/2020\/05\/20200502_225559-759x520.jpg 759w, https:\/\/outsiderland.com\/Roger-Delcros\/wp-content\/uploads\/2020\/05\/20200502_225559-1140x781.jpg 1140w\" sizes=\"auto, (max-width: 438px) 100vw, 438px\" \/><figcaption id=\"caption-attachment-3408\" class=\"wp-caption-text\">Les coureurs du Tour de France , dans la mont\u00e9e du col de Prat de Bouc.<\/figcaption><\/figure>\n<figure id=\"attachment_3409\" aria-describedby=\"caption-attachment-3409\" style=\"width: 450px\" class=\"wp-caption alignnone\"><img loading=\"lazy\" decoding=\"async\" class=\"wp-image-3409 size-medium\" src=\"https:\/\/outsiderland.com\/Roger-Delcros\/wp-content\/uploads\/2020\/05\/20200502_225311-450x300.jpg\" alt=\"\" width=\"450\" height=\"300\" srcset=\"https:\/\/outsiderland.com\/Roger-Delcros\/wp-content\/uploads\/2020\/05\/20200502_225311-450x300.jpg 450w, https:\/\/outsiderland.com\/Roger-Delcros\/wp-content\/uploads\/2020\/05\/20200502_225311-768x512.jpg 768w, https:\/\/outsiderland.com\/Roger-Delcros\/wp-content\/uploads\/2020\/05\/20200502_225311-1024x682.jpg 1024w, https:\/\/outsiderland.com\/Roger-Delcros\/wp-content\/uploads\/2020\/05\/20200502_225311-720x480.jpg 720w, https:\/\/outsiderland.com\/Roger-Delcros\/wp-content\/uploads\/2020\/05\/20200502_225311-224x149.jpg 224w, https:\/\/outsiderland.com\/Roger-Delcros\/wp-content\/uploads\/2020\/05\/20200502_225311-780x520.jpg 780w, https:\/\/outsiderland.com\/Roger-Delcros\/wp-content\/uploads\/2020\/05\/20200502_225311-1140x760.jpg 1140w\" sizes=\"auto, (max-width: 450px) 100vw, 450px\" \/><figcaption id=\"caption-attachment-3409\" class=\"wp-caption-text\">Les coureurs dans la ligne droite du Joaniol .<\/figcaption><\/figure>\n<p>En 2011 lors de l&rsquo;\u00e9tape , Issoire- St Flour. C&rsquo;est Johnny Hoogerland ( Pays-Bas ) qui passera\u00a0 le col en premier.<\/p>\n<figure style=\"width: 554px\" class=\"wp-caption alignnone\"><img loading=\"lazy\" decoding=\"async\" class=\"wp-image-3376 size-medium\" src=\"https:\/\/outsiderland.com\/Roger-Delcros\/wp-content\/uploads\/2020\/04\/20200411_161315-554x300.jpg\" alt=\"\" width=\"554\" height=\"300\" srcset=\"https:\/\/outsiderland.com\/Roger-Delcros\/wp-content\/uploads\/2020\/04\/20200411_161315-554x300.jpg 554w, https:\/\/outsiderland.com\/Roger-Delcros\/wp-content\/uploads\/2020\/04\/20200411_161315-768x416.jpg 768w, https:\/\/outsiderland.com\/Roger-Delcros\/wp-content\/uploads\/2020\/04\/20200411_161315-1024x554.jpg 1024w, https:\/\/outsiderland.com\/Roger-Delcros\/wp-content\/uploads\/2020\/04\/20200411_161315-720x390.jpg 720w, https:\/\/outsiderland.com\/Roger-Delcros\/wp-content\/uploads\/2020\/04\/20200411_161315-224x121.jpg 224w, https:\/\/outsiderland.com\/Roger-Delcros\/wp-content\/uploads\/2020\/04\/20200411_161315-961x520.jpg 961w, https:\/\/outsiderland.com\/Roger-Delcros\/wp-content\/uploads\/2020\/04\/20200411_161315-1140x617.jpg 1140w\" sizes=\"auto, (max-width: 554px) 100vw, 554px\" \/><figcaption class=\"wp-caption-text\">Les coureurs \u00e0 Albepierre.<\/figcaption><\/figure>\n<figure id=\"attachment_3374\" aria-describedby=\"caption-attachment-3374\" style=\"width: 479px\" class=\"wp-caption alignnone\"><img loading=\"lazy\" decoding=\"async\" class=\"wp-image-3374 size-medium\" src=\"https:\/\/outsiderland.com\/Roger-Delcros\/wp-content\/uploads\/2020\/04\/20200411_161119-479x300.jpg\" alt=\"\" width=\"479\" height=\"300\" srcset=\"https:\/\/outsiderland.com\/Roger-Delcros\/wp-content\/uploads\/2020\/04\/20200411_161119-479x300.jpg 479w, https:\/\/outsiderland.com\/Roger-Delcros\/wp-content\/uploads\/2020\/04\/20200411_161119-768x481.jpg 768w, https:\/\/outsiderland.com\/Roger-Delcros\/wp-content\/uploads\/2020\/04\/20200411_161119-1024x642.jpg 1024w, https:\/\/outsiderland.com\/Roger-Delcros\/wp-content\/uploads\/2020\/04\/20200411_161119-720x451.jpg 720w, https:\/\/outsiderland.com\/Roger-Delcros\/wp-content\/uploads\/2020\/04\/20200411_161119-224x140.jpg 224w, https:\/\/outsiderland.com\/Roger-Delcros\/wp-content\/uploads\/2020\/04\/20200411_161119-830x520.jpg 830w, https:\/\/outsiderland.com\/Roger-Delcros\/wp-content\/uploads\/2020\/04\/20200411_161119-1140x714.jpg 1140w\" sizes=\"auto, (max-width: 479px) 100vw, 479px\" \/><figcaption id=\"caption-attachment-3374\" class=\"wp-caption-text\">Thomas Voeckler le futur maillot jaune \u00e0 St Flour.<\/figcaption><\/figure>\n<p>Chaque ann\u00e9e, les coureurs de l&rsquo; Etape Sanfloraine empruntent les routes de la commune d&rsquo;Albepierre Bredons. Le col de Prat de Bouc , Albepierre , vall\u00e9e du Lagnon&#8230;<\/p>\n<p><img loading=\"lazy\" decoding=\"async\" class=\"alignnone size-medium wp-image-2009\" src=\"https:\/\/outsiderland.com\/Roger-Delcros\/wp-content\/uploads\/2015\/12\/parcours-355x300.jpg\" alt=\"\" width=\"355\" height=\"300\" srcset=\"https:\/\/outsiderland.com\/Roger-Delcros\/wp-content\/uploads\/2015\/12\/parcours-355x300.jpg 355w, https:\/\/outsiderland.com\/Roger-Delcros\/wp-content\/uploads\/2015\/12\/parcours-224x189.jpg 224w, https:\/\/outsiderland.com\/Roger-Delcros\/wp-content\/uploads\/2015\/12\/parcours.jpg 600w\" sizes=\"auto, (max-width: 355px) 100vw, 355px\" \/><\/p>\n<p>La Grimpette de Prat de Bouc\u00a0 ( course v\u00e9lo , Troph\u00e9e des grimpeurs\u00a0 ) , le 6 septembre 2020 .<\/p>\n<p>Contre la montre individuel .D\u00e9part de Pignou avec une arriv\u00e9e au col de Prat de Bouc \/ Plomb du Cantal<\/p>\n<p>Les coureurs du Tour de France passeront au col de Prat-de-Bouc\u00a0 , le 14 juillet 2026 .<\/p>\n","protected":false},"excerpt":{"rendered":"<p>Le col de Prat de Bouc \/ Plomb du Cantal\u00a0 est un col de 2 \u00e8me cat\u00e9gorie situ\u00e9 sur la commune d&rsquo;Albepierre Bredons .\u00a0 Le Tour de France est pass\u00e9 au col pour la premi\u00e8re fois en 1975 . Lors de l&rsquo;\u00e9tape, Albi &#8211; Super Lioran. Le premier coureur \u00e0 franchir le col f\u00fbt le [&hellip;]<\/p>\n","protected":false},"author":2,"featured_media":0,"parent":0,"menu_order":0,"comment_status":"closed","ping_status":"closed","template":"","meta":{"footnotes":""},"class_list":["post-3398","page","type-page","status-publish","hentry"],"_links":{"self":[{"href":"https:\/\/outsiderland.com\/Roger-Delcros\/index.php?rest_route=\/wp\/v2\/pages\/3398","targetHints":{"allow":["GET"]}}],"collection":[{"href":"https:\/\/outsiderland.com\/Roger-Delcros\/index.php?rest_route=\/wp\/v2\/pages"}],"about":[{"href":"https:\/\/outsiderland.com\/Roger-Delcros\/index.php?rest_route=\/wp\/v2\/types\/page"}],"author":[{"embeddable":true,"href":"https:\/\/outsiderland.com\/Roger-Delcros\/index.php?rest_route=\/wp\/v2\/users\/2"}],"replies":[{"embeddable":true,"href":"https:\/\/outsiderland.com\/Roger-Delcros\/index.php?rest_route=%2Fwp%2Fv2%2Fcomments&post=3398"}],"version-history":[{"count":18,"href":"https:\/\/outsiderland.com\/Roger-Delcros\/index.php?rest_route=\/wp\/v2\/pages\/3398\/revisions"}],"predecessor-version":[{"id":4855,"href":"https:\/\/outsiderland.com\/Roger-Delcros\/index.php?rest_route=\/wp\/v2\/pages\/3398\/revisions\/4855"}],"wp:attachment":[{"href":"https:\/\/outsiderland.com\/Roger-Delcros\/index.php?rest_route=%2Fwp%2Fv2%2Fmedia&parent=3398"}],"curies":[{"name":"wp","href":"https:\/\/api.w.org\/{rel}","templated":true}]}}

<p><strong>Le col de Prat de Bouc / Plomb du Cantal  est un col de 2 ème catégorie situé sur la commune d&rsquo;Albepierre Bredons . </strong></p>
<p><img loading="lazy" decoding="async" class="alignnone size-medium wp-image-3528" src="https://outsiderland.com/Roger-Delcros/wp-content/uploads/2020/08/20200808_201613-263x300.jpg" alt="" width="263" height="300" srcset="https://outsiderland.com/Roger-Delcros/wp-content/uploads/2020/08/20200808_201613-263x300.jpg 263w, https://outsiderland.com/Roger-Delcros/wp-content/uploads/2020/08/20200808_201613-768x876.jpg 768w, https://outsiderland.com/Roger-Delcros/wp-content/uploads/2020/08/20200808_201613-898x1024.jpg 898w, https://outsiderland.com/Roger-Delcros/wp-content/uploads/2020/08/20200808_201613-720x821.jpg 720w, https://outsiderland.com/Roger-Delcros/wp-content/uploads/2020/08/20200808_201613-196x224.jpg 196w, https://outsiderland.com/Roger-Delcros/wp-content/uploads/2020/08/20200808_201613-456x520.jpg 456w, https://outsiderland.com/Roger-Delcros/wp-content/uploads/2020/08/20200808_201613-1140x1300.jpg 1140w" sizes="auto, (max-width: 263px) 100vw, 263px" /></p>
<p>Le Tour de France est passé au col pour la première fois en 1975 . Lors de l&rsquo;étape, Albi &#8211; Super Lioran. Le premier coureur à franchir le col fût le Belge , Eddy Merckx . L&rsquo;étape  est remportée ,  par le Belge Michel Pollentier.</p>
<p>Le 14 juillet 2004 , l&rsquo;étape Limoges &#8211; St Flour emprunte  les routes de la commune d&rsquo;Albepierre Bredons et le Col de Prat de Bouc . Une foule immense entre Albepierre et Prat de Bouc a vu l&rsquo;échappée victorieuse  de Richard Virenque.</p>
<figure style="width: 444px" class="wp-caption alignnone"><img loading="lazy" decoding="async" class="wp-image-3407 size-medium" src="https://outsiderland.com/Roger-Delcros/wp-content/uploads/2020/05/20200502_225448-444x300.jpg" alt="" width="444" height="300" srcset="https://outsiderland.com/Roger-Delcros/wp-content/uploads/2020/05/20200502_225448-444x300.jpg 444w, https://outsiderland.com/Roger-Delcros/wp-content/uploads/2020/05/20200502_225448-768x519.jpg 768w, https://outsiderland.com/Roger-Delcros/wp-content/uploads/2020/05/20200502_225448-1024x692.jpg 1024w, https://outsiderland.com/Roger-Delcros/wp-content/uploads/2020/05/20200502_225448-720x487.jpg 720w, https://outsiderland.com/Roger-Delcros/wp-content/uploads/2020/05/20200502_225448-224x151.jpg 224w, https://outsiderland.com/Roger-Delcros/wp-content/uploads/2020/05/20200502_225448-769x520.jpg 769w, https://outsiderland.com/Roger-Delcros/wp-content/uploads/2020/05/20200502_225448-1140x771.jpg 1140w" sizes="auto, (max-width: 444px) 100vw, 444px" /><figcaption class="wp-caption-text">Le peloton a la poursuite de Richard Virenque.</figcaption></figure>
<figure id="attachment_3408" aria-describedby="caption-attachment-3408" style="width: 438px" class="wp-caption alignnone"><img loading="lazy" decoding="async" class="wp-image-3408 size-medium" src="https://outsiderland.com/Roger-Delcros/wp-content/uploads/2020/05/20200502_225559-438x300.jpg" alt="" width="438" height="300" srcset="https://outsiderland.com/Roger-Delcros/wp-content/uploads/2020/05/20200502_225559-438x300.jpg 438w, https://outsiderland.com/Roger-Delcros/wp-content/uploads/2020/05/20200502_225559-768x526.jpg 768w, https://outsiderland.com/Roger-Delcros/wp-content/uploads/2020/05/20200502_225559-1024x702.jpg 1024w, https://outsiderland.com/Roger-Delcros/wp-content/uploads/2020/05/20200502_225559-720x493.jpg 720w, https://outsiderland.com/Roger-Delcros/wp-content/uploads/2020/05/20200502_225559-224x154.jpg 224w, https://outsiderland.com/Roger-Delcros/wp-content/uploads/2020/05/20200502_225559-759x520.jpg 759w, https://outsiderland.com/Roger-Delcros/wp-content/uploads/2020/05/20200502_225559-1140x781.jpg 1140w" sizes="auto, (max-width: 438px) 100vw, 438px" /><figcaption id="caption-attachment-3408" class="wp-caption-text">Les coureurs du Tour de France , dans la montée du col de Prat de Bouc.</figcaption></figure>
<figure id="attachment_3409" aria-describedby="caption-attachment-3409" style="width: 450px" class="wp-caption alignnone"><img loading="lazy" decoding="async" class="wp-image-3409 size-medium" src="https://outsiderland.com/Roger-Delcros/wp-content/uploads/2020/05/20200502_225311-450x300.jpg" alt="" width="450" height="300" srcset="https://outsiderland.com/Roger-Delcros/wp-content/uploads/2020/05/20200502_225311-450x300.jpg 450w, https://outsiderland.com/Roger-Delcros/wp-content/uploads/2020/05/20200502_225311-768x512.jpg 768w, https://outsiderland.com/Roger-Delcros/wp-content/uploads/2020/05/20200502_225311-1024x682.jpg 1024w, https://outsiderland.com/Roger-Delcros/wp-content/uploads/2020/05/20200502_225311-720x480.jpg 720w, https://outsiderland.com/Roger-Delcros/wp-content/uploads/2020/05/20200502_225311-224x149.jpg 224w, https://outsiderland.com/Roger-Delcros/wp-content/uploads/2020/05/20200502_225311-780x520.jpg 780w, https://outsiderland.com/Roger-Delcros/wp-content/uploads/2020/05/20200502_225311-1140x760.jpg 1140w" sizes="auto, (max-width: 450px) 100vw, 450px" /><figcaption id="caption-attachment-3409" class="wp-caption-text">Les coureurs dans la ligne droite du Joaniol .</figcaption></figure>
<p>En 2011 lors de l&rsquo;étape , Issoire- St Flour. C&rsquo;est Johnny Hoogerland ( Pays-Bas ) qui passera  le col en premier.</p>
<figure style="width: 554px" class="wp-caption alignnone"><img loading="lazy" decoding="async" class="wp-image-3376 size-medium" src="https://outsiderland.com/Roger-Delcros/wp-content/uploads/2020/04/20200411_161315-554x300.jpg" alt="" width="554" height="300" srcset="https://outsiderland.com/Roger-Delcros/wp-content/uploads/2020/04/20200411_161315-554x300.jpg 554w, https://outsiderland.com/Roger-Delcros/wp-content/uploads/2020/04/20200411_161315-768x416.jpg 768w, https://outsiderland.com/Roger-Delcros/wp-content/uploads/2020/04/20200411_161315-1024x554.jpg 1024w, https://outsiderland.com/Roger-Delcros/wp-content/uploads/2020/04/20200411_161315-720x390.jpg 720w, https://outsiderland.com/Roger-Delcros/wp-content/uploads/2020/04/20200411_161315-224x121.jpg 224w, https://outsiderland.com/Roger-Delcros/wp-content/uploads/2020/04/20200411_161315-961x520.jpg 961w, https://outsiderland.com/Roger-Delcros/wp-content/uploads/2020/04/20200411_161315-1140x617.jpg 1140w" sizes="auto, (max-width: 554px) 100vw, 554px" /><figcaption class="wp-caption-text">Les coureurs à Albepierre.</figcaption></figure>
<figure id="attachment_3374" aria-describedby="caption-attachment-3374" style="width: 479px" class="wp-caption alignnone"><img loading="lazy" decoding="async" class="wp-image-3374 size-medium" src="https://outsiderland.com/Roger-Delcros/wp-content/uploads/2020/04/20200411_161119-479x300.jpg" alt="" width="479" height="300" srcset="https://outsiderland.com/Roger-Delcros/wp-content/uploads/2020/04/20200411_161119-479x300.jpg 479w, https://outsiderland.com/Roger-Delcros/wp-content/uploads/2020/04/20200411_161119-768x481.jpg 768w, https://outsiderland.com/Roger-Delcros/wp-content/uploads/2020/04/20200411_161119-1024x642.jpg 1024w, https://outsiderland.com/Roger-Delcros/wp-content/uploads/2020/04/20200411_161119-720x451.jpg 720w, https://outsiderland.com/Roger-Delcros/wp-content/uploads/2020/04/20200411_161119-224x140.jpg 224w, https://outsiderland.com/Roger-Delcros/wp-content/uploads/2020/04/20200411_161119-830x520.jpg 830w, https://outsiderland.com/Roger-Delcros/wp-content/uploads/2020/04/20200411_161119-1140x714.jpg 1140w" sizes="auto, (max-width: 479px) 100vw, 479px" /><figcaption id="caption-attachment-3374" class="wp-caption-text">Thomas Voeckler le futur maillot jaune à St Flour.</figcaption></figure>
<p>Chaque année, les coureurs de l&rsquo; Etape Sanfloraine empruntent les routes de la commune d&rsquo;Albepierre Bredons. Le col de Prat de Bouc , Albepierre , vallée du Lagnon&#8230;</p>
<p><img loading="lazy" decoding="async" class="alignnone size-medium wp-image-2009" src="https://outsiderland.com/Roger-Delcros/wp-content/uploads/2015/12/parcours-355x300.jpg" alt="" width="355" height="300" srcset="https://outsiderland.com/Roger-Delcros/wp-content/uploads/2015/12/parcours-355x300.jpg 355w, https://outsiderland.com/Roger-Delcros/wp-content/uploads/2015/12/parcours-224x189.jpg 224w, https://outsiderland.com/Roger-Delcros/wp-content/uploads/2015/12/parcours.jpg 600w" sizes="auto, (max-width: 355px) 100vw, 355px" /></p>
<p>La Grimpette de Prat de Bouc  ( course vélo , Trophée des grimpeurs  ) , le 6 septembre 2020 .</p>
<p>Contre la montre individuel .Départ de Pignou avec une arrivée au col de Prat de Bouc / Plomb du Cantal</p>
<p>Les coureurs du Tour de France passeront au col de Prat-de-Bouc  , le 14 juillet 2026 .</p>

<p>Le col de Prat de Bouc / Plomb du Cantal  est un col de 2 ème catégorie situé sur la commune d&rsquo;Albepierre Bredons .  Le Tour de France est passé au col pour la première fois en 1975 . Lors de l&rsquo;étape, Albi &#8211; Super Lioran. Le premier coureur à franchir le col fût le [&hellip;]</p>
