{"id":699,"date":"2014-05-11T23:00:50","date_gmt":"2014-05-11T22:00:50","guid":{"rendered":"http:\/\/outsiderland.com\/outside\/?page_id=699"},"modified":"2014-05-11T23:00:50","modified_gmt":"2014-05-11T22:00:50","slug":"psychanalyse-contre-methode-transcendantale","status":"publish","type":"page","link":"http:\/\/outsiderland.com\/exercices_psychanalytiques\/psychanalyse-contre-methode-transcendantale\/","title":{"rendered":"Psychanalyse contre m\u00e9thode transcendantale"},"content":{"rendered":"<p class=\"western\">(P)<\/p>\n<p class=\"western\">\u00ab\u00a0<i>Monsieur, <\/i><\/p>\n<p class=\"western\"><i>Vous n&rsquo;\u00eates pas sans savoir \u00e0 quel point je suis \u00e9prise de v\u00e9rit\u00e9. Je vous suis gr\u00e9 des efforts que vous avez fait, quand je suis venue vous voir afin de me redonner l\u2019espoir et la joie de vivre que j\u2019avais perdus. Vous m\u2019avez pr\u00eat\u00e9 une oreille attentive, avez pris la peine de m&rsquo;\u00e9couter et de m\u2019aider \u00e0 prendre la mesure du caract\u00e8re pathog\u00e8ne de mon environnement. Avant de vous rencontrer, je crois bien que je tenais par principe tous les \u00eatres humains pour bons. J\u2019envisage maintenant qu\u2019il s\u2019en puisse trouver quelques-uns de cruels, mais je doute encore qu\u2019ils puissent l&rsquo;\u00eatre volontairement. <\/i><\/p>\n<p class=\"western\"><i>Malgr\u00e9 tout, pour aller de l\u2019avant, il faut s\u2019efforcer de tuer le n\u00e9gatif en soi et raffermir le positif sans s\u2019appesantir sur le pass\u00e9 ! Le pass\u00e9 est pass\u00e9, et nous n\u2019avons pas d\u2019autre choix que de continuer \u00e0 partir de l\u00e0 o\u00f9 nous sommes pr\u00e9sentement, qui est toujours le point z\u00e9ro.<\/i><\/p>\n<p class=\"western\"><i>Je suis au regret de vous dire que la derni\u00e8re s\u00e9ance m\u2019a fait plus de mal que de bien en m\u2019entra\u00eenant inutilement sur les traces d\u2019un pass\u00e9 r\u00e9volu. Je soup\u00e7onne que vous ayez pr\u00e9cis\u00e9ment agi de la sorte pour me pousser \u00e0 agir.<\/i><\/p>\n<p class=\"western\"><i>En cons\u00e9quence, la prochaine s\u00e9ance sera aussi la derni\u00e8re. <\/i><\/p>\n<p class=\"western\"><i>Il faut mettre une fin \u00e0 cette histoire si l\u2019on veut continuer \u00e0 \u00e9voluer dans un univers transcendantal, et non pas demeurer emp\u00eatr\u00e9 dans ses vulgaires ressentiments, ses peurs sans fondement et ses \u00e9checs futiles.<\/i><\/p>\n<p class=\"western\"><i>D\u00e9sormais, je ne veux plus me plaindre mais je serais \u00e0 l&rsquo;\u00e9coute de vos conseils. Vous me connaissez maintenant de mani\u00e8re objective, bien qu\u2019ext\u00e9rieurement plus que spirituellement : ce qui m\u2019est interdit puisque je demeure irr\u00e9vocablement \u00e0 l\u2019int\u00e9rieur de moi-m\u00eame. Je vous demande donc \u00e0 votre tour de la franchise, et de m\u2019indiquer clairement ce qui vous para\u00eet dysfonctionner chez moi, et la mani\u00e8re de r\u00e9soudre mes probl\u00e8mes relationnels et professionnels. Pour ce qui est de mon p\u00e8re, nous en avons bien assez dit et je pense pouvoir m\u2019en sortir sans votre aide. Mes coll\u00e8gues, c\u2019est une autre affaire. <\/i><\/p>\n<p class=\"western\"><i>Je crains pourtant que cette demande ne corresponde pas \u00e0 votre m\u00e9tier. Cette lettre a donc pour vocation de vous pr\u00e9parer \u00e0 adopter l\u2019attitude qui conviendra ou \u00e0 annuler la s\u00e9ance s\u2019il vous semble impossible de satisfaire ma requ\u00eate.<\/i><\/p>\n<p class=\"western\"><i>Salutations etc.\u00a0<\/i>\u00bb<\/p>\n<p class=\"western\">\n<p class=\"western\">Cette lettre (compl\u00e8tement r\u00e9\u00e9crite par mes soins) fut envoy\u00e9e apr\u00e8s la troisi\u00e8me s\u00e9ance. Contrairement \u00e0 ce qu\u2019elle pr\u00e9voyait, il n\u2019y e\u00fbt pas d\u2019autre s\u00e9ance. J\u2019essayais de la contacter deux ou trois fois par la suite, en vain. Quelques mois plus tard, un femme d\u2019un certain \u00e2ge me laisse un message sur le r\u00e9pondeur t\u00e9l\u00e9phonique : \u00ab\u00a0<i>Qu\u2019avez vous donc fait \u00e0 ma fille ? Depuis qu\u2019elle est venue vous voir, elle ne fait que raconter des mensonges.<\/i>\u00a0\u00bb (comparer avec les premi\u00e8res d\u00e9clarations de la lettre).<\/p>\n<p class=\"western\">Passons sous silence le mat\u00e9riau qui, dans cette lettre, peut int\u00e9resser l\u2019analyste qui a re\u00e7u, m\u00eame bri\u00e8vement, son auteur (Il arrive que malgr\u00e9 la bri\u00e8vet\u00e9 de la rencontre, certaines s\u00e9ances vous laissent une impression tenace, persistante. L\u2019impression par exemple d\u2019avoir \u00e9t\u00e9 per\u00e7u durant quelques heures comme une sorte de d\u00e9mon tentateur, ou un dangereux satyre.) Cette lettre m\u2019int\u00e9resse ici en tant qu\u2019elle constitue une manifestation explicite du mod\u00e8le que j\u2019ai dessin\u00e9, la rivalit\u00e9 des m\u00e9thodes (voir notamment le point 2, et probablement 3, si j\u2019en crois l\u2019impression que la patiente m\u2019a laiss\u00e9e). La m\u00e9thode rivale de l\u2019analyse est pr\u00e9sent\u00e9e de mani\u00e8re claire \u2013 elle la caract\u00e9rise elle-m\u00eame comme \u00e0 la fois \u00ab\u00a0positive\u00a0\u00bb et \u00ab\u00a0transcendantale\u00a0\u00bb \u2013 elle rel\u00e8ve d\u2019une th\u00e9rapeutique spiritualiste et m\u00eame, dans le cas pr\u00e9sent, mystique, qui, contrairement \u00e0 ce qu\u2019on pourrait penser, n\u2019est pas si rare, si j\u2019en crois du moins les cas qu\u2019il m\u2019a \u00e9t\u00e9 donn\u00e9 de traiter ces derni\u00e8res ann\u00e9es (peut-\u00eatre le fait que j\u2019exerce en milieu rural explique en partie cette r\u00e9currence). Le point int\u00e9ressant, c\u2019est que la patiente a tout \u00e0 fait pressenti \u00e0 quel point sa m\u00e9thode se heurte de front \u00e0 la m\u00e9thode psychanalytique, malgr\u00e9 que je sois, si mes souvenirs sont bons, demeur\u00e9 assez \u00e9vasif sur ce dont il s\u2019agissait dans nos s\u00e9ances. Le fait est que la patiente avait, malgr\u00e9 ses efforts pour continuer de penser que \u00ab\u00a0toutes les cr\u00e9atures de Dieu sont par essence bonnes\u00a0\u00bb, \u00e9t\u00e9 amen\u00e9e \u00e0 exprimer \u00e0 n\u2019en pas douter de la col\u00e8re, du d\u00e9go\u00fbt, voire m\u00eame du m\u00e9pris envers quelques-unes de ces cr\u00e9atures, et, plus particuli\u00e8rement, envers son p\u00e8re biologique (qui n\u2019est pas le p\u00e8re spirituel \u00e9videmment). De mani\u00e8re assez surprenante (je ne m\u2019y attendais pas si t\u00f4t dans son cas, mais en r\u00e9alit\u00e9, chez les mystiques, le th\u00e8me de la sexualit\u00e9 surgit assez vite dans les s\u00e9ances \u2014 je crois que Lacan n\u2019a pas manqu\u00e9 de disserter l\u00e0 dessus notamment dans le s\u00e9minaire <i>Encore<\/i>), je me souviens qu\u2019il avait m\u00eame \u00e9t\u00e9 question de sa sexualit\u00e9, ou plut\u00f4t de son abstinence \u00e0 peu pr\u00e8s compl\u00e8te \u00e0 ce niveau \u2014 le \u00ab\u00a0\u00e0 peu pr\u00e8s\u00a0\u00bb faisant alors une immense diff\u00e9rence.<\/p>\n<p class=\"western\">Bref, comme en t\u00e9moigne le dernier paragraphe de la lettre, elle en savait assez sur le processus analytique pour proposer l\u2019alternative suivante\u00a0: ou bien vous (l\u2019analyste) c\u00e9dez sur votre m\u00e9thode et vous contentez de conseils terrestres (renforcer mon moi positif par exemple, afin de lib\u00e9rer celui qui avance selon la m\u00e9thode transcendantale), ou bien vous ne c\u00e9dez pas et annulez la s\u00e9ance. Mais ne me parlez surtout plus de mon p\u00e8re ni de sexe !<\/p>\n<p class=\"western\">Il faut toutefois rappeler que, m\u00eame quand le patient qui arrive n\u2019est pas dispos\u00e9 \u00e0 l\u00e2cher sa m\u00e9thode, il vient tout de m\u00eame dans la mesure o\u00f9 ladite m\u00e9thode a connu quelques rat\u00e9s (et parfois : le monde familier est devenu soudainement \u00e9tranger et s\u2019effondre sous ses pas). Pour ce qui est de l\u2019analyste en tant que rival, j\u2019avoue que le temps m\u2019a manqu\u00e9 pour engager le combat, et il me semble m&rsquo;\u00eatre content\u00e9 de faire \u00e0 peu pr\u00e8s ce que je fais d\u2019habitude, ce qui suffit manifestement \u00e0 dresser le cadre d\u2019un conflit possible (malheureusement laiss\u00e9 en plan faute de combattants).<\/p>\n","protected":false},"excerpt":{"rendered":"<p>(P) \u00ab\u00a0Monsieur, Vous n&rsquo;\u00eates pas sans savoir \u00e0 quel point je suis \u00e9prise de v\u00e9rit\u00e9. Je vous suis gr\u00e9 des efforts que vous avez fait, quand je suis venue vous voir afin de me redonner l\u2019espoir et la joie de vivre que j\u2019avais perdus. Vous m\u2019avez pr\u00eat\u00e9 une oreille attentive, avez pris la peine de [&hellip;]<\/p>\n","protected":false},"author":1,"featured_media":0,"parent":0,"menu_order":0,"comment_status":"closed","ping_status":"open","template":"","meta":{"footnotes":""},"class_list":["post-699","page","type-page","status-publish","hentry"],"_links":{"self":[{"href":"http:\/\/outsiderland.com\/exercices_psychanalytiques\/wp-json\/wp\/v2\/pages\/699","targetHints":{"allow":["GET"]}}],"collection":[{"href":"http:\/\/outsiderland.com\/exercices_psychanalytiques\/wp-json\/wp\/v2\/pages"}],"about":[{"href":"http:\/\/outsiderland.com\/exercices_psychanalytiques\/wp-json\/wp\/v2\/types\/page"}],"author":[{"embeddable":true,"href":"http:\/\/outsiderland.com\/exercices_psychanalytiques\/wp-json\/wp\/v2\/users\/1"}],"replies":[{"embeddable":true,"href":"http:\/\/outsiderland.com\/exercices_psychanalytiques\/wp-json\/wp\/v2\/comments?post=699"}],"version-history":[{"count":0,"href":"http:\/\/outsiderland.com\/exercices_psychanalytiques\/wp-json\/wp\/v2\/pages\/699\/revisions"}],"wp:attachment":[{"href":"http:\/\/outsiderland.com\/exercices_psychanalytiques\/wp-json\/wp\/v2\/media?parent=699"}],"curies":[{"name":"wp","href":"https:\/\/api.w.org\/{rel}","templated":true}]}}