{"id":2652,"date":"2025-10-13T18:12:28","date_gmt":"2025-10-13T18:12:28","guid":{"rendered":"https:\/\/outsiderland.com\/exercices_psychanalytiques\/?page_id=2652"},"modified":"2025-10-13T18:12:28","modified_gmt":"2025-10-13T18:12:28","slug":"tempete-de-neige","status":"publish","type":"page","link":"http:\/\/outsiderland.com\/exercices_psychanalytiques\/tempete-de-neige\/","title":{"rendered":"Temp\u00eate de neige"},"content":{"rendered":"<div class=\"entry-content\">\n<p>En me promenant tant\u00f4t je me suis : il me faudrait un bonne temp\u00eate de neige.<\/p>\n<p>Histoire de remettre les pendules \u00e0 l\u2019heure. Trier le bon grain de l\u2019ivraie.<\/p>\n<p>Quand j\u2019habitais en montagne, je m\u2019offrais chaque ann\u00e9e le luxe d\u2019une temp\u00eate de neige.<\/p>\n<p>D\u00e8s que le temps se g\u00e2tait, je sortais, une paire de skis aux pieds, un petit sac \u00e0 dos sur l\u2019\u00e9paule, et j\u2019allais me mesurer \u00e0 cette fureur blanche.<\/p>\n<p>Quand tout est blanc, qu\u2019en apprendre ? Quand les cl\u00f4tures dans la prairie enneig\u00e9e \u00e9mergent \u00e0 peine, qu\u2019un mur blanc invisibilise inlassablement toute chose qu\u2019on voyait d\u2019habitude : ce bosquet de gen\u00eats, l\u2019amas de rochers gris, le toit du buron en bas de la cr\u00eate, la lisi\u00e8re de la for\u00eat en contrebas. Plus rien.<\/p>\n<p>Ou plut\u00f4t si : ce qui demeure, c\u2019est votre propre corps, le bras qu\u2019on allonge devant soi, la main gant\u00e9e qui fouille dans le sac \u00e0 la recherche de la boussole, le bout des spatules enfonc\u00e9 dans la neige.<\/p>\n<p>Cette relation minimale \u00e0 soi-m\u00eame. Presque abstraite, d\u2019o\u00f9 l\u2019on tire un r\u00e9confort incertain.<\/p>\n<p>Voil\u00e0 ce qu\u2019enseigne la temp\u00eate de neige. Qu\u2019on a encore malgr\u00e9 toutes les peines envie de persister dans l\u2019\u00eatre un peu plus longtemps. Une dose de non-\u00eatre pour \u00eatre encore un peu. Alors qu\u2019il serait si facile de.<\/p>\n<p>Voil\u00e0 ce qu\u2019elle enseigne si tant est qu\u2019on lui survive.<\/p>\n<p>Werner Kofler a \u00e9crit, dans <em>Am Schreibtisch<\/em>, <em>Derri\u00e8re mon bureau<\/em> : \u00ab\u00a0Le\u00a0 but n\u2019est rien, le chemin n\u2019est rien. Lointain est le but, p\u00e9nible est le chemin. Et pourtant, on continue, vers le brouillard, jusqu\u2019aux silhouettes fantomatiques. Qui marche a aussi compris. \u00c9crire, c\u2019est marcher en montagne dans sa t\u00eate. Qui a compris et ne\u00a0\u00bb (Trad. Bernard Banoun, Ed. Absalon)<\/p>\n<p>Je ne m\u2019enracine gu\u00e8re. Je ne suis gu\u00e8re enracin\u00e9. Mais l\u2019exp\u00e9rience de la temp\u00eate de neige, et quelques autres o\u00f9 j\u2019ai fr\u00f4l\u00e9 la mort,\u00a0 tiennent lieu de commencements. Il me faut toujours quelque chose de plus intense. D\u2019o\u00f9 repartir.<\/p>\n<\/div>\n","protected":false},"excerpt":{"rendered":"<p>En me promenant tant\u00f4t je me suis : il me faudrait un bonne temp\u00eate de neige. Histoire de remettre les pendules \u00e0 l\u2019heure. Trier le bon grain de l\u2019ivraie. Quand j\u2019habitais en montagne, je m\u2019offrais chaque ann\u00e9e le luxe d\u2019une temp\u00eate de neige. D\u00e8s que le temps se g\u00e2tait, je sortais, une paire de skis [&hellip;]<\/p>\n","protected":false},"author":1,"featured_media":0,"parent":0,"menu_order":0,"comment_status":"closed","ping_status":"closed","template":"","meta":{"footnotes":""},"class_list":["post-2652","page","type-page","status-publish","hentry"],"_links":{"self":[{"href":"http:\/\/outsiderland.com\/exercices_psychanalytiques\/wp-json\/wp\/v2\/pages\/2652","targetHints":{"allow":["GET"]}}],"collection":[{"href":"http:\/\/outsiderland.com\/exercices_psychanalytiques\/wp-json\/wp\/v2\/pages"}],"about":[{"href":"http:\/\/outsiderland.com\/exercices_psychanalytiques\/wp-json\/wp\/v2\/types\/page"}],"author":[{"embeddable":true,"href":"http:\/\/outsiderland.com\/exercices_psychanalytiques\/wp-json\/wp\/v2\/users\/1"}],"replies":[{"embeddable":true,"href":"http:\/\/outsiderland.com\/exercices_psychanalytiques\/wp-json\/wp\/v2\/comments?post=2652"}],"version-history":[{"count":1,"href":"http:\/\/outsiderland.com\/exercices_psychanalytiques\/wp-json\/wp\/v2\/pages\/2652\/revisions"}],"predecessor-version":[{"id":2653,"href":"http:\/\/outsiderland.com\/exercices_psychanalytiques\/wp-json\/wp\/v2\/pages\/2652\/revisions\/2653"}],"wp:attachment":[{"href":"http:\/\/outsiderland.com\/exercices_psychanalytiques\/wp-json\/wp\/v2\/media?parent=2652"}],"curies":[{"name":"wp","href":"https:\/\/api.w.org\/{rel}","templated":true}]}}